{"id":328123,"date":"2021-08-20T00:00:00","date_gmt":"2021-08-19T21:00:00","guid":{"rendered":"https:\/\/www.kolibrifestivaali.org\/event\/ska-vi-ge-den-en-mustasch\/"},"modified":"2025-08-15T12:32:48","modified_gmt":"2025-08-15T09:32:48","slug":"ska-vi-ge-den-en-mustasch","status":"publish","type":"event","link":"https:\/\/www.kolibrifestivaali.org\/sv\/event\/ska-vi-ge-den-en-mustasch\/","title":{"rendered":"Ska vi ge den en mustasch?"},"content":{"rendered":"<p>Ska vi ge den h\u00e4r figuren en mustasch? Med tv\u00e5 fina rosetter g\u00f6r vi armarna!<br \/>\nV\u00e4lkommen till en interaktiv sagostund med s\u00e5ng tillsammans med Mar Benegas (Spanien), g\u00e4startist p\u00e5 Kolibr\u00ed 2025. Hon kommer att sjunga \u201c\u00bfLe pondremos un bigote?\u201d (fr\u00e5n serien La Cereza, utgiven av f\u00f6rlaget Combel). <\/p>\n<p>Illustrationer, musik, lekar och massor av roliga rim som v\u00e4cker barnens nyfikenhet f\u00f6r b\u00f6cker och stimulerar deras spr\u00e5kutveckling. Och ja \u2013 vuxna kommer ocks\u00e5 att ha kul!   <\/p>\n<p>Mar Benegas deltagande i Kolibr\u00ed Festivaali \u00e4r tack vare <a href=\"https:\/\/www.cultura.gob.es\/cultura\/libro-bibliotecas.html\" target=\"_blank\"  rel=\"noopener\">Direcci\u00f3n General del Libro, del C\u00f3mic y de la Lectura av Ministerio de Cultura y Deportes i Spanien.<\/a><\/p>\n","protected":false},"featured_media":0,"template":"","activity_categories":[493],"ages":[1099,1094],"languages":[51],"class_list":["post-328123","event","type-event","status-publish","hentry","activity_categories-inbjuden-artist","ages-1-ar","ages-2-ar","languages-b-es-sv"],"acf":[],"yoast_head":"<!-- This site is optimized with the Yoast SEO plugin v27.4 - https:\/\/yoast.com\/product\/yoast-seo-wordpress\/ -->\n<title>Ska vi ge den en mustasch? - Kolibri Festivaali<\/title>\n<meta name=\"robots\" content=\"index, follow, max-snippet:-1, max-image-preview:large, max-video-preview:-1\" \/>\n<link rel=\"canonical\" href=\"https:\/\/www.kolibrifestivaali.org\/sv\/event\/ska-vi-ge-den-en-mustasch\/\" \/>\n<meta property=\"og:locale\" content=\"sv_SE\" \/>\n<meta property=\"og:type\" content=\"article\" \/>\n<meta property=\"og:title\" content=\"Ska vi ge den en mustasch? - Kolibri Festivaali\" \/>\n<meta property=\"og:description\" content=\"Ska vi ge den h\u00e4r figuren en mustasch? Med tv\u00e5 fina rosetter g\u00f6r vi armarna! V\u00e4lkommen till en interaktiv sagostund [\u2026] Lue lis\u00e4\u00e4 &raquo;\" \/>\n<meta property=\"og:url\" content=\"https:\/\/www.kolibrifestivaali.org\/sv\/event\/ska-vi-ge-den-en-mustasch\/\" \/>\n<meta property=\"og:site_name\" content=\"Kolibri Festivaali\" \/>\n<meta property=\"article:modified_time\" content=\"2025-08-15T09:32:48+00:00\" \/>\n<meta name=\"twitter:card\" content=\"summary_large_image\" \/>\n<meta name=\"twitter:label1\" content=\"Ber\u00e4knad l\u00e4stid\" \/>\n\t<meta name=\"twitter:data1\" content=\"1 minut\" \/>\n<script type=\"application\/ld+json\" class=\"yoast-schema-graph\">{\"@context\":\"https:\\\/\\\/schema.org\",\"@graph\":[{\"@type\":\"WebPage\",\"@id\":\"https:\\\/\\\/www.kolibrifestivaali.org\\\/sv\\\/event\\\/ska-vi-ge-den-en-mustasch\\\/\",\"url\":\"https:\\\/\\\/www.kolibrifestivaali.org\\\/sv\\\/event\\\/ska-vi-ge-den-en-mustasch\\\/\",\"name\":\"Ska vi ge den en mustasch? - Kolibri Festivaali\",\"isPartOf\":{\"@id\":\"https:\\\/\\\/www.kolibrifestivaali.org\\\/sv\\\/#website\"},\"datePublished\":\"2021-08-19T21:00:00+00:00\",\"dateModified\":\"2025-08-15T09:32:48+00:00\",\"breadcrumb\":{\"@id\":\"https:\\\/\\\/www.kolibrifestivaali.org\\\/sv\\\/event\\\/ska-vi-ge-den-en-mustasch\\\/#breadcrumb\"},\"inLanguage\":\"sv-SE\",\"potentialAction\":[{\"@type\":\"ReadAction\",\"target\":[\"https:\\\/\\\/www.kolibrifestivaali.org\\\/sv\\\/event\\\/ska-vi-ge-den-en-mustasch\\\/\"]}]},{\"@type\":\"BreadcrumbList\",\"@id\":\"https:\\\/\\\/www.kolibrifestivaali.org\\\/sv\\\/event\\\/ska-vi-ge-den-en-mustasch\\\/#breadcrumb\",\"itemListElement\":[{\"@type\":\"ListItem\",\"position\":1,\"name\":\"Home\",\"item\":\"https:\\\/\\\/www.kolibrifestivaali.org\\\/sv\\\/\"},{\"@type\":\"ListItem\",\"position\":2,\"name\":\"Ska vi ge den en mustasch?\"}]},{\"@type\":\"WebSite\",\"@id\":\"https:\\\/\\\/www.kolibrifestivaali.org\\\/sv\\\/#website\",\"url\":\"https:\\\/\\\/www.kolibrifestivaali.org\\\/sv\\\/\",\"name\":\"Kolibri Festivaali\",\"description\":\"Kolibri\u0301 is a unique multicultural, free and open art festival for children and their families.\",\"inLanguage\":\"sv-SE\"}]}<\/script>\n<!-- \/ Yoast SEO plugin. -->","yoast_head_json":{"title":"Ska vi ge den en mustasch? - Kolibri Festivaali","robots":{"index":"index","follow":"follow","max-snippet":"max-snippet:-1","max-image-preview":"max-image-preview:large","max-video-preview":"max-video-preview:-1"},"canonical":"https:\/\/www.kolibrifestivaali.org\/sv\/event\/ska-vi-ge-den-en-mustasch\/","og_locale":"sv_SE","og_type":"article","og_title":"Ska vi ge den en mustasch? - Kolibri Festivaali","og_description":"Ska vi ge den h\u00e4r figuren en mustasch? Med tv\u00e5 fina rosetter g\u00f6r vi armarna! V\u00e4lkommen till en interaktiv sagostund [\u2026] Lue lis\u00e4\u00e4 &raquo;","og_url":"https:\/\/www.kolibrifestivaali.org\/sv\/event\/ska-vi-ge-den-en-mustasch\/","og_site_name":"Kolibri Festivaali","article_modified_time":"2025-08-15T09:32:48+00:00","twitter_card":"summary_large_image","twitter_misc":{"Ber\u00e4knad l\u00e4stid":"1 minut"},"schema":{"@context":"https:\/\/schema.org","@graph":[{"@type":"WebPage","@id":"https:\/\/www.kolibrifestivaali.org\/sv\/event\/ska-vi-ge-den-en-mustasch\/","url":"https:\/\/www.kolibrifestivaali.org\/sv\/event\/ska-vi-ge-den-en-mustasch\/","name":"Ska vi ge den en mustasch? - Kolibri Festivaali","isPartOf":{"@id":"https:\/\/www.kolibrifestivaali.org\/sv\/#website"},"datePublished":"2021-08-19T21:00:00+00:00","dateModified":"2025-08-15T09:32:48+00:00","breadcrumb":{"@id":"https:\/\/www.kolibrifestivaali.org\/sv\/event\/ska-vi-ge-den-en-mustasch\/#breadcrumb"},"inLanguage":"sv-SE","potentialAction":[{"@type":"ReadAction","target":["https:\/\/www.kolibrifestivaali.org\/sv\/event\/ska-vi-ge-den-en-mustasch\/"]}]},{"@type":"BreadcrumbList","@id":"https:\/\/www.kolibrifestivaali.org\/sv\/event\/ska-vi-ge-den-en-mustasch\/#breadcrumb","itemListElement":[{"@type":"ListItem","position":1,"name":"Home","item":"https:\/\/www.kolibrifestivaali.org\/sv\/"},{"@type":"ListItem","position":2,"name":"Ska vi ge den en mustasch?"}]},{"@type":"WebSite","@id":"https:\/\/www.kolibrifestivaali.org\/sv\/#website","url":"https:\/\/www.kolibrifestivaali.org\/sv\/","name":"Kolibri Festivaali","description":"Kolibri\u0301 is a unique multicultural, free and open art festival for children and their families.","inLanguage":"sv-SE"}]}},"_links":{"self":[{"href":"https:\/\/www.kolibrifestivaali.org\/sv\/wp-json\/wp\/v2\/event\/328123","targetHints":{"allow":["GET"]}}],"collection":[{"href":"https:\/\/www.kolibrifestivaali.org\/sv\/wp-json\/wp\/v2\/event"}],"about":[{"href":"https:\/\/www.kolibrifestivaali.org\/sv\/wp-json\/wp\/v2\/types\/event"}],"wp:attachment":[{"href":"https:\/\/www.kolibrifestivaali.org\/sv\/wp-json\/wp\/v2\/media?parent=328123"}],"wp:term":[{"taxonomy":"activity_categories","embeddable":true,"href":"https:\/\/www.kolibrifestivaali.org\/sv\/wp-json\/wp\/v2\/activity_categories?post=328123"},{"taxonomy":"ages","embeddable":true,"href":"https:\/\/www.kolibrifestivaali.org\/sv\/wp-json\/wp\/v2\/ages?post=328123"},{"taxonomy":"languages","embeddable":true,"href":"https:\/\/www.kolibrifestivaali.org\/sv\/wp-json\/wp\/v2\/languages?post=328123"}],"curies":[{"name":"wp","href":"https:\/\/api.w.org\/{rel}","templated":true}]}}

<p>Ska vi ge den här figuren en mustasch? Med två fina rosetter gör vi armarna!<br />
Välkommen till en interaktiv sagostund med sång tillsammans med Mar Benegas (Spanien), gästartist på Kolibrí 2025. Hon kommer att sjunga “¿Le pondremos un bigote?” (från serien La Cereza, utgiven av förlaget Combel). </p>
<p>Illustrationer, musik, lekar och massor av roliga rim som väcker barnens nyfikenhet för böcker och stimulerar deras språkutveckling. Och ja – vuxna kommer också att ha kul!   </p>
<p>Mar Benegas deltagande i Kolibrí Festivaali är tack vare <a href="https://www.cultura.gob.es/cultura/libro-bibliotecas.html" target="_blank"  rel="noopener">Dirección General del Libro, del Cómic y de la Lectura av Ministerio de Cultura y Deportes i Spanien.</a></p>

<!-- This site is optimized with the Yoast SEO plugin v27.4 - https://yoast.com/product/yoast-seo-wordpress/ -->
<title>Ska vi ge den en mustasch? - Kolibri Festivaali</title>
<meta name="robots" content="index, follow, max-snippet:-1, max-image-preview:large, max-video-preview:-1" />
<link rel="canonical" href="https://www.kolibrifestivaali.org/sv/event/ska-vi-ge-den-en-mustasch/" />
<meta property="og:locale" content="sv_SE" />
<meta property="og:type" content="article" />
<meta property="og:title" content="Ska vi ge den en mustasch? - Kolibri Festivaali" />
<meta property="og:description" content="Ska vi ge den här figuren en mustasch? Med två fina rosetter gör vi armarna! Välkommen till en interaktiv sagostund […] Lue lisää &raquo;" />
<meta property="og:url" content="https://www.kolibrifestivaali.org/sv/event/ska-vi-ge-den-en-mustasch/" />
<meta property="og:site_name" content="Kolibri Festivaali" />
<meta property="article:modified_time" content="2025-08-15T09:32:48+00:00" />
<meta name="twitter:card" content="summary_large_image" />
<meta name="twitter:label1" content="Beräknad lästid" />
	<meta name="twitter:data1" content="1 minut" />
<script type="application/ld+json" class="yoast-schema-graph">{"@context":"https:\/\/schema.org","@graph":[{"@type":"WebPage","@id":"https:\/\/www.kolibrifestivaali.org\/sv\/event\/ska-vi-ge-den-en-mustasch\/","url":"https:\/\/www.kolibrifestivaali.org\/sv\/event\/ska-vi-ge-den-en-mustasch\/","name":"Ska vi ge den en mustasch? - Kolibri Festivaali","isPartOf":{"@id":"https:\/\/www.kolibrifestivaali.org\/sv\/#website"},"datePublished":"2021-08-19T21:00:00+00:00","dateModified":"2025-08-15T09:32:48+00:00","breadcrumb":{"@id":"https:\/\/www.kolibrifestivaali.org\/sv\/event\/ska-vi-ge-den-en-mustasch\/#breadcrumb"},"inLanguage":"sv-SE","potentialAction":[{"@type":"ReadAction","target":["https:\/\/www.kolibrifestivaali.org\/sv\/event\/ska-vi-ge-den-en-mustasch\/"]}]},{"@type":"BreadcrumbList","@id":"https:\/\/www.kolibrifestivaali.org\/sv\/event\/ska-vi-ge-den-en-mustasch\/#breadcrumb","itemListElement":[{"@type":"ListItem","position":1,"name":"Home","item":"https:\/\/www.kolibrifestivaali.org\/sv\/"},{"@type":"ListItem","position":2,"name":"Ska vi ge den en mustasch?"}]},{"@type":"WebSite","@id":"https:\/\/www.kolibrifestivaali.org\/sv\/#website","url":"https:\/\/www.kolibrifestivaali.org\/sv\/","name":"Kolibri Festivaali","description":"Kolibrí is a unique multicultural, free and open art festival for children and their families.","inLanguage":"sv-SE"}]}</script>
<!-- / Yoast SEO plugin. -->

Ska vi ge den här figuren en mustasch? Med två fina rosetter gör vi armarna! Välkommen till en interaktiv sagostund […] Lue lisää &raquo;
