{"id":328112,"date":"2021-08-20T00:00:00","date_gmt":"2021-08-19T21:00:00","guid":{"rendered":"https:\/\/www.kolibrifestivaali.org\/event\/sma-fotter-stort-rorelse-i\/"},"modified":"2025-08-15T12:32:44","modified_gmt":"2025-08-15T09:32:44","slug":"sma-fotter-stort-rorelse-i","status":"publish","type":"event","link":"https:\/\/www.kolibrifestivaali.org\/sv\/event\/sma-fotter-stort-rorelse-i\/","title":{"rendered":"Sm\u00e5 f\u00f6tter, stort r\u00f6relse! I"},"content":{"rendered":"<p>Kolibr\u00ed dyker in i indisk kultur f\u00f6r andra g\u00e5ngen med denna dynamiska och engagerande verkstad, skapad f\u00f6r barn i alla \u00e5ldrar. Ett roligt tillf\u00e4lle att uppt\u00e4cka traditionella indiska rytmer med dina sm\u00e5 och att l\u00e4ra sig att dansa som de fantastiska Bollywood-sk\u00e5despelarna!  <\/p>\n<p>Du f\u00e5r ocks\u00e5 chansen att dansa med traditionella dr\u00e4kter och plagg!  <\/p>\n<p>Sl\u00e4pp loss din kreativitet och ditt sj\u00e4lvf\u00f6rtroende och f\u00f6rdjupa dig i denna unika workshop, var vi l\u00e4r oss att uttrycka alla typer av k\u00e4nslor genom vacker indisk dans.  <\/p>\n<p>  R\u00e5d: <\/p>\n<p>&#8211; Perfekt f\u00f6r v\u00e5rdgivare och upp till 12 m\u00e5nader gamla bebisar (icke-g\u00e5ende). Det rekommenderas att anv\u00e4nda en b\u00e4rsele eller sjal, men du kan ocks\u00e5 njuta av workshopen med din bebis i famnen. <\/p>\n<p>&#8211; Enligt konstn\u00e4rernas r\u00e5d rekommenderas det att dansa barfota och att barnen inte \u00e4ter eller h\u00e5ller f\u00f6rem\u00e5l i h\u00e4nderna under verkstaden.<\/p>\n","protected":false},"featured_media":0,"template":"","activity_categories":[922],"ages":[1103],"languages":[48,54,1108,1109],"class_list":["post-328112","event","type-event","status-publish","hentry","activity_categories-dansverkstad","ages-bebisar","languages-a-en-sv","languages-c-fi-sv","languages-hi-5","languages-kn-5"],"acf":[],"yoast_head":"<!-- This site is optimized with the Yoast SEO plugin v27.4 - https:\/\/yoast.com\/product\/yoast-seo-wordpress\/ -->\n<title>Sm\u00e5 f\u00f6tter, stort r\u00f6relse! I - Kolibri Festivaali<\/title>\n<meta name=\"robots\" content=\"index, follow, max-snippet:-1, max-image-preview:large, max-video-preview:-1\" \/>\n<link rel=\"canonical\" href=\"https:\/\/www.kolibrifestivaali.org\/sv\/event\/sma-fotter-stort-rorelse-i\/\" \/>\n<meta property=\"og:locale\" content=\"sv_SE\" \/>\n<meta property=\"og:type\" content=\"article\" \/>\n<meta property=\"og:title\" content=\"Sm\u00e5 f\u00f6tter, stort r\u00f6relse! I - Kolibri Festivaali\" \/>\n<meta property=\"og:description\" content=\"Kolibr\u00ed dyker in i indisk kultur f\u00f6r andra g\u00e5ngen med denna dynamiska och engagerande verkstad, skapad f\u00f6r barn i alla [\u2026] Lue lis\u00e4\u00e4 &raquo;\" \/>\n<meta property=\"og:url\" content=\"https:\/\/www.kolibrifestivaali.org\/sv\/event\/sma-fotter-stort-rorelse-i\/\" \/>\n<meta property=\"og:site_name\" content=\"Kolibri Festivaali\" \/>\n<meta property=\"article:modified_time\" content=\"2025-08-15T09:32:44+00:00\" \/>\n<meta name=\"twitter:card\" content=\"summary_large_image\" \/>\n<meta name=\"twitter:label1\" content=\"Ber\u00e4knad l\u00e4stid\" \/>\n\t<meta name=\"twitter:data1\" content=\"1 minut\" \/>\n<script type=\"application\/ld+json\" class=\"yoast-schema-graph\">{\"@context\":\"https:\\\/\\\/schema.org\",\"@graph\":[{\"@type\":\"WebPage\",\"@id\":\"https:\\\/\\\/www.kolibrifestivaali.org\\\/sv\\\/event\\\/sma-fotter-stort-rorelse-i\\\/\",\"url\":\"https:\\\/\\\/www.kolibrifestivaali.org\\\/sv\\\/event\\\/sma-fotter-stort-rorelse-i\\\/\",\"name\":\"Sm\u00e5 f\u00f6tter, stort r\u00f6relse! I - Kolibri Festivaali\",\"isPartOf\":{\"@id\":\"https:\\\/\\\/www.kolibrifestivaali.org\\\/sv\\\/#website\"},\"datePublished\":\"2021-08-19T21:00:00+00:00\",\"dateModified\":\"2025-08-15T09:32:44+00:00\",\"breadcrumb\":{\"@id\":\"https:\\\/\\\/www.kolibrifestivaali.org\\\/sv\\\/event\\\/sma-fotter-stort-rorelse-i\\\/#breadcrumb\"},\"inLanguage\":\"sv-SE\",\"potentialAction\":[{\"@type\":\"ReadAction\",\"target\":[\"https:\\\/\\\/www.kolibrifestivaali.org\\\/sv\\\/event\\\/sma-fotter-stort-rorelse-i\\\/\"]}]},{\"@type\":\"BreadcrumbList\",\"@id\":\"https:\\\/\\\/www.kolibrifestivaali.org\\\/sv\\\/event\\\/sma-fotter-stort-rorelse-i\\\/#breadcrumb\",\"itemListElement\":[{\"@type\":\"ListItem\",\"position\":1,\"name\":\"Home\",\"item\":\"https:\\\/\\\/www.kolibrifestivaali.org\\\/sv\\\/\"},{\"@type\":\"ListItem\",\"position\":2,\"name\":\"Sm\u00e5 f\u00f6tter, stort r\u00f6relse! I\"}]},{\"@type\":\"WebSite\",\"@id\":\"https:\\\/\\\/www.kolibrifestivaali.org\\\/sv\\\/#website\",\"url\":\"https:\\\/\\\/www.kolibrifestivaali.org\\\/sv\\\/\",\"name\":\"Kolibri Festivaali\",\"description\":\"Kolibri\u0301 is a unique multicultural, free and open art festival for children and their families.\",\"inLanguage\":\"sv-SE\"}]}<\/script>\n<!-- \/ Yoast SEO plugin. -->","yoast_head_json":{"title":"Sm\u00e5 f\u00f6tter, stort r\u00f6relse! I - Kolibri Festivaali","robots":{"index":"index","follow":"follow","max-snippet":"max-snippet:-1","max-image-preview":"max-image-preview:large","max-video-preview":"max-video-preview:-1"},"canonical":"https:\/\/www.kolibrifestivaali.org\/sv\/event\/sma-fotter-stort-rorelse-i\/","og_locale":"sv_SE","og_type":"article","og_title":"Sm\u00e5 f\u00f6tter, stort r\u00f6relse! I - Kolibri Festivaali","og_description":"Kolibr\u00ed dyker in i indisk kultur f\u00f6r andra g\u00e5ngen med denna dynamiska och engagerande verkstad, skapad f\u00f6r barn i alla [\u2026] Lue lis\u00e4\u00e4 &raquo;","og_url":"https:\/\/www.kolibrifestivaali.org\/sv\/event\/sma-fotter-stort-rorelse-i\/","og_site_name":"Kolibri Festivaali","article_modified_time":"2025-08-15T09:32:44+00:00","twitter_card":"summary_large_image","twitter_misc":{"Ber\u00e4knad l\u00e4stid":"1 minut"},"schema":{"@context":"https:\/\/schema.org","@graph":[{"@type":"WebPage","@id":"https:\/\/www.kolibrifestivaali.org\/sv\/event\/sma-fotter-stort-rorelse-i\/","url":"https:\/\/www.kolibrifestivaali.org\/sv\/event\/sma-fotter-stort-rorelse-i\/","name":"Sm\u00e5 f\u00f6tter, stort r\u00f6relse! I - Kolibri Festivaali","isPartOf":{"@id":"https:\/\/www.kolibrifestivaali.org\/sv\/#website"},"datePublished":"2021-08-19T21:00:00+00:00","dateModified":"2025-08-15T09:32:44+00:00","breadcrumb":{"@id":"https:\/\/www.kolibrifestivaali.org\/sv\/event\/sma-fotter-stort-rorelse-i\/#breadcrumb"},"inLanguage":"sv-SE","potentialAction":[{"@type":"ReadAction","target":["https:\/\/www.kolibrifestivaali.org\/sv\/event\/sma-fotter-stort-rorelse-i\/"]}]},{"@type":"BreadcrumbList","@id":"https:\/\/www.kolibrifestivaali.org\/sv\/event\/sma-fotter-stort-rorelse-i\/#breadcrumb","itemListElement":[{"@type":"ListItem","position":1,"name":"Home","item":"https:\/\/www.kolibrifestivaali.org\/sv\/"},{"@type":"ListItem","position":2,"name":"Sm\u00e5 f\u00f6tter, stort r\u00f6relse! I"}]},{"@type":"WebSite","@id":"https:\/\/www.kolibrifestivaali.org\/sv\/#website","url":"https:\/\/www.kolibrifestivaali.org\/sv\/","name":"Kolibri Festivaali","description":"Kolibri\u0301 is a unique multicultural, free and open art festival for children and their families.","inLanguage":"sv-SE"}]}},"_links":{"self":[{"href":"https:\/\/www.kolibrifestivaali.org\/sv\/wp-json\/wp\/v2\/event\/328112","targetHints":{"allow":["GET"]}}],"collection":[{"href":"https:\/\/www.kolibrifestivaali.org\/sv\/wp-json\/wp\/v2\/event"}],"about":[{"href":"https:\/\/www.kolibrifestivaali.org\/sv\/wp-json\/wp\/v2\/types\/event"}],"wp:attachment":[{"href":"https:\/\/www.kolibrifestivaali.org\/sv\/wp-json\/wp\/v2\/media?parent=328112"}],"wp:term":[{"taxonomy":"activity_categories","embeddable":true,"href":"https:\/\/www.kolibrifestivaali.org\/sv\/wp-json\/wp\/v2\/activity_categories?post=328112"},{"taxonomy":"ages","embeddable":true,"href":"https:\/\/www.kolibrifestivaali.org\/sv\/wp-json\/wp\/v2\/ages?post=328112"},{"taxonomy":"languages","embeddable":true,"href":"https:\/\/www.kolibrifestivaali.org\/sv\/wp-json\/wp\/v2\/languages?post=328112"}],"curies":[{"name":"wp","href":"https:\/\/api.w.org\/{rel}","templated":true}]}}

Små fötter, stort rörelse! I

<p>Kolibrí dyker in i indisk kultur för andra gången med denna dynamiska och engagerande verkstad, skapad för barn i alla åldrar. Ett roligt tillfälle att upptäcka traditionella indiska rytmer med dina små och att lära sig att dansa som de fantastiska Bollywood-skådespelarna!  </p>
<p>Du får också chansen att dansa med traditionella dräkter och plagg!  </p>
<p>Släpp loss din kreativitet och ditt självförtroende och fördjupa dig i denna unika workshop, var vi lär oss att uttrycka alla typer av känslor genom vacker indisk dans.  </p>
<p>  Råd: </p>
<p>&#8211; Perfekt för vårdgivare och upp till 12 månader gamla bebisar (icke-gående). Det rekommenderas att använda en bärsele eller sjal, men du kan också njuta av workshopen med din bebis i famnen. </p>
<p>&#8211; Enligt konstnärernas råd rekommenderas det att dansa barfota och att barnen inte äter eller håller föremål i händerna under verkstaden.</p>

<!-- This site is optimized with the Yoast SEO plugin v27.4 - https://yoast.com/product/yoast-seo-wordpress/ -->
<title>Små fötter, stort rörelse! I - Kolibri Festivaali</title>
<meta name="robots" content="index, follow, max-snippet:-1, max-image-preview:large, max-video-preview:-1" />
<link rel="canonical" href="https://www.kolibrifestivaali.org/sv/event/sma-fotter-stort-rorelse-i/" />
<meta property="og:locale" content="sv_SE" />
<meta property="og:type" content="article" />
<meta property="og:title" content="Små fötter, stort rörelse! I - Kolibri Festivaali" />
<meta property="og:description" content="Kolibrí dyker in i indisk kultur för andra gången med denna dynamiska och engagerande verkstad, skapad för barn i alla […] Lue lisää &raquo;" />
<meta property="og:url" content="https://www.kolibrifestivaali.org/sv/event/sma-fotter-stort-rorelse-i/" />
<meta property="og:site_name" content="Kolibri Festivaali" />
<meta property="article:modified_time" content="2025-08-15T09:32:44+00:00" />
<meta name="twitter:card" content="summary_large_image" />
<meta name="twitter:label1" content="Beräknad lästid" />
	<meta name="twitter:data1" content="1 minut" />
<script type="application/ld+json" class="yoast-schema-graph">{"@context":"https:\/\/schema.org","@graph":[{"@type":"WebPage","@id":"https:\/\/www.kolibrifestivaali.org\/sv\/event\/sma-fotter-stort-rorelse-i\/","url":"https:\/\/www.kolibrifestivaali.org\/sv\/event\/sma-fotter-stort-rorelse-i\/","name":"Små fötter, stort rörelse! I - Kolibri Festivaali","isPartOf":{"@id":"https:\/\/www.kolibrifestivaali.org\/sv\/#website"},"datePublished":"2021-08-19T21:00:00+00:00","dateModified":"2025-08-15T09:32:44+00:00","breadcrumb":{"@id":"https:\/\/www.kolibrifestivaali.org\/sv\/event\/sma-fotter-stort-rorelse-i\/#breadcrumb"},"inLanguage":"sv-SE","potentialAction":[{"@type":"ReadAction","target":["https:\/\/www.kolibrifestivaali.org\/sv\/event\/sma-fotter-stort-rorelse-i\/"]}]},{"@type":"BreadcrumbList","@id":"https:\/\/www.kolibrifestivaali.org\/sv\/event\/sma-fotter-stort-rorelse-i\/#breadcrumb","itemListElement":[{"@type":"ListItem","position":1,"name":"Home","item":"https:\/\/www.kolibrifestivaali.org\/sv\/"},{"@type":"ListItem","position":2,"name":"Små fötter, stort rörelse! I"}]},{"@type":"WebSite","@id":"https:\/\/www.kolibrifestivaali.org\/sv\/#website","url":"https:\/\/www.kolibrifestivaali.org\/sv\/","name":"Kolibri Festivaali","description":"Kolibrí is a unique multicultural, free and open art festival for children and their families.","inLanguage":"sv-SE"}]}</script>
<!-- / Yoast SEO plugin. -->

Små fötter, stort rörelse! I - Kolibri Festivaali

Kolibrí dyker in i indisk kultur för andra gången med denna dynamiska och engagerande verkstad, skapad för barn i alla […] Lue lisää &raquo;
