{"id":328110,"date":"2021-08-20T00:00:00","date_gmt":"2021-08-19T21:00:00","guid":{"rendered":"https:\/\/www.kolibrifestivaali.org\/event\/atamanaa-jag-onskar\/"},"modified":"2025-08-15T12:32:44","modified_gmt":"2025-08-15T09:32:44","slug":"atamanaa-jag-onskar","status":"publish","type":"event","link":"https:\/\/www.kolibrifestivaali.org\/sv\/event\/atamanaa-jag-onskar\/","title":{"rendered":"Atamanaa &#8211; Jag \u00f6nskar"},"content":{"rendered":"<p>Uppt\u00e4ck den palestinska kulturen p\u00e5 Kolibr\u00ed Festivaali! F\u00f6lj med p\u00e5 en livfull dag i parken, fylld med s\u00e5nger, lekar, dikter och traditionella danser. Kampa Kollektiivi vill h\u00e5lla den palestinska kulturen levande genom denna interaktiva aktivitet. <\/p>\n<p>Noor Assad (PAL-FI) kommer att l\u00e4ra oss s\u00e5nger, dikter och lekar, medan Moe (PAL) kommer att guida oss genom de vanligaste stegen i dabke-dansen, tillsammans med dansare fr\u00e5n den finska dabkegruppen Al Huriya. Missa inte denna  r\u00f6rande upplevelse, med f\u00f6rhoppning om en v\u00e4rld d\u00e4r alla barn kan leka i fred.<\/p>\n","protected":false},"featured_media":0,"template":"","activity_categories":[1106],"ages":[1094,924],"languages":[336,48,54],"class_list":["post-328110","event","type-event","status-publish","hentry","activity_categories-multidisciplinar-verkstad","ages-2-ar","ages-4-ar","languages-o-ar-sv","languages-a-en-sv","languages-c-fi-sv"],"acf":[],"yoast_head":"<!-- This site is optimized with the Yoast SEO plugin v27.4 - https:\/\/yoast.com\/product\/yoast-seo-wordpress\/ -->\n<title>Atamanaa - Jag \u00f6nskar - Kolibri Festivaali<\/title>\n<meta name=\"robots\" content=\"index, follow, max-snippet:-1, max-image-preview:large, max-video-preview:-1\" \/>\n<link rel=\"canonical\" href=\"https:\/\/www.kolibrifestivaali.org\/sv\/event\/atamanaa-jag-onskar\/\" \/>\n<meta property=\"og:locale\" content=\"sv_SE\" \/>\n<meta property=\"og:type\" content=\"article\" \/>\n<meta property=\"og:title\" content=\"Atamanaa - Jag \u00f6nskar - Kolibri Festivaali\" \/>\n<meta property=\"og:description\" content=\"Uppt\u00e4ck den palestinska kulturen p\u00e5 Kolibr\u00ed Festivaali! F\u00f6lj med p\u00e5 en livfull dag i parken, fylld med s\u00e5nger, lekar, dikter [\u2026] Lue lis\u00e4\u00e4 &raquo;\" \/>\n<meta property=\"og:url\" content=\"https:\/\/www.kolibrifestivaali.org\/sv\/event\/atamanaa-jag-onskar\/\" \/>\n<meta property=\"og:site_name\" content=\"Kolibri Festivaali\" \/>\n<meta property=\"article:modified_time\" content=\"2025-08-15T09:32:44+00:00\" \/>\n<meta name=\"twitter:card\" content=\"summary_large_image\" \/>\n<script type=\"application\/ld+json\" class=\"yoast-schema-graph\">{\"@context\":\"https:\\\/\\\/schema.org\",\"@graph\":[{\"@type\":\"WebPage\",\"@id\":\"https:\\\/\\\/www.kolibrifestivaali.org\\\/sv\\\/event\\\/atamanaa-jag-onskar\\\/\",\"url\":\"https:\\\/\\\/www.kolibrifestivaali.org\\\/sv\\\/event\\\/atamanaa-jag-onskar\\\/\",\"name\":\"Atamanaa - Jag \u00f6nskar - Kolibri Festivaali\",\"isPartOf\":{\"@id\":\"https:\\\/\\\/www.kolibrifestivaali.org\\\/sv\\\/#website\"},\"datePublished\":\"2021-08-19T21:00:00+00:00\",\"dateModified\":\"2025-08-15T09:32:44+00:00\",\"breadcrumb\":{\"@id\":\"https:\\\/\\\/www.kolibrifestivaali.org\\\/sv\\\/event\\\/atamanaa-jag-onskar\\\/#breadcrumb\"},\"inLanguage\":\"sv-SE\",\"potentialAction\":[{\"@type\":\"ReadAction\",\"target\":[\"https:\\\/\\\/www.kolibrifestivaali.org\\\/sv\\\/event\\\/atamanaa-jag-onskar\\\/\"]}]},{\"@type\":\"BreadcrumbList\",\"@id\":\"https:\\\/\\\/www.kolibrifestivaali.org\\\/sv\\\/event\\\/atamanaa-jag-onskar\\\/#breadcrumb\",\"itemListElement\":[{\"@type\":\"ListItem\",\"position\":1,\"name\":\"Home\",\"item\":\"https:\\\/\\\/www.kolibrifestivaali.org\\\/sv\\\/\"},{\"@type\":\"ListItem\",\"position\":2,\"name\":\"Atamanaa &#8211; Jag \u00f6nskar\"}]},{\"@type\":\"WebSite\",\"@id\":\"https:\\\/\\\/www.kolibrifestivaali.org\\\/sv\\\/#website\",\"url\":\"https:\\\/\\\/www.kolibrifestivaali.org\\\/sv\\\/\",\"name\":\"Kolibri Festivaali\",\"description\":\"Kolibri\u0301 is a unique multicultural, free and open art festival for children and their families.\",\"inLanguage\":\"sv-SE\"}]}<\/script>\n<!-- \/ Yoast SEO plugin. -->","yoast_head_json":{"title":"Atamanaa - Jag \u00f6nskar - Kolibri Festivaali","robots":{"index":"index","follow":"follow","max-snippet":"max-snippet:-1","max-image-preview":"max-image-preview:large","max-video-preview":"max-video-preview:-1"},"canonical":"https:\/\/www.kolibrifestivaali.org\/sv\/event\/atamanaa-jag-onskar\/","og_locale":"sv_SE","og_type":"article","og_title":"Atamanaa - Jag \u00f6nskar - Kolibri Festivaali","og_description":"Uppt\u00e4ck den palestinska kulturen p\u00e5 Kolibr\u00ed Festivaali! F\u00f6lj med p\u00e5 en livfull dag i parken, fylld med s\u00e5nger, lekar, dikter [\u2026] Lue lis\u00e4\u00e4 &raquo;","og_url":"https:\/\/www.kolibrifestivaali.org\/sv\/event\/atamanaa-jag-onskar\/","og_site_name":"Kolibri Festivaali","article_modified_time":"2025-08-15T09:32:44+00:00","twitter_card":"summary_large_image","schema":{"@context":"https:\/\/schema.org","@graph":[{"@type":"WebPage","@id":"https:\/\/www.kolibrifestivaali.org\/sv\/event\/atamanaa-jag-onskar\/","url":"https:\/\/www.kolibrifestivaali.org\/sv\/event\/atamanaa-jag-onskar\/","name":"Atamanaa - Jag \u00f6nskar - Kolibri Festivaali","isPartOf":{"@id":"https:\/\/www.kolibrifestivaali.org\/sv\/#website"},"datePublished":"2021-08-19T21:00:00+00:00","dateModified":"2025-08-15T09:32:44+00:00","breadcrumb":{"@id":"https:\/\/www.kolibrifestivaali.org\/sv\/event\/atamanaa-jag-onskar\/#breadcrumb"},"inLanguage":"sv-SE","potentialAction":[{"@type":"ReadAction","target":["https:\/\/www.kolibrifestivaali.org\/sv\/event\/atamanaa-jag-onskar\/"]}]},{"@type":"BreadcrumbList","@id":"https:\/\/www.kolibrifestivaali.org\/sv\/event\/atamanaa-jag-onskar\/#breadcrumb","itemListElement":[{"@type":"ListItem","position":1,"name":"Home","item":"https:\/\/www.kolibrifestivaali.org\/sv\/"},{"@type":"ListItem","position":2,"name":"Atamanaa &#8211; Jag \u00f6nskar"}]},{"@type":"WebSite","@id":"https:\/\/www.kolibrifestivaali.org\/sv\/#website","url":"https:\/\/www.kolibrifestivaali.org\/sv\/","name":"Kolibri Festivaali","description":"Kolibri\u0301 is a unique multicultural, free and open art festival for children and their families.","inLanguage":"sv-SE"}]}},"_links":{"self":[{"href":"https:\/\/www.kolibrifestivaali.org\/sv\/wp-json\/wp\/v2\/event\/328110","targetHints":{"allow":["GET"]}}],"collection":[{"href":"https:\/\/www.kolibrifestivaali.org\/sv\/wp-json\/wp\/v2\/event"}],"about":[{"href":"https:\/\/www.kolibrifestivaali.org\/sv\/wp-json\/wp\/v2\/types\/event"}],"wp:attachment":[{"href":"https:\/\/www.kolibrifestivaali.org\/sv\/wp-json\/wp\/v2\/media?parent=328110"}],"wp:term":[{"taxonomy":"activity_categories","embeddable":true,"href":"https:\/\/www.kolibrifestivaali.org\/sv\/wp-json\/wp\/v2\/activity_categories?post=328110"},{"taxonomy":"ages","embeddable":true,"href":"https:\/\/www.kolibrifestivaali.org\/sv\/wp-json\/wp\/v2\/ages?post=328110"},{"taxonomy":"languages","embeddable":true,"href":"https:\/\/www.kolibrifestivaali.org\/sv\/wp-json\/wp\/v2\/languages?post=328110"}],"curies":[{"name":"wp","href":"https:\/\/api.w.org\/{rel}","templated":true}]}}

Atamanaa &#8211; Jag önskar

<p>Upptäck den palestinska kulturen på Kolibrí Festivaali! Följ med på en livfull dag i parken, fylld med sånger, lekar, dikter och traditionella danser. Kampa Kollektiivi vill hålla den palestinska kulturen levande genom denna interaktiva aktivitet. </p>
<p>Noor Assad (PAL-FI) kommer att lära oss sånger, dikter och lekar, medan Moe (PAL) kommer att guida oss genom de vanligaste stegen i dabke-dansen, tillsammans med dansare från den finska dabkegruppen Al Huriya. Missa inte denna  rörande upplevelse, med förhoppning om en värld där alla barn kan leka i fred.</p>

<!-- This site is optimized with the Yoast SEO plugin v27.4 - https://yoast.com/product/yoast-seo-wordpress/ -->
<title>Atamanaa - Jag önskar - Kolibri Festivaali</title>
<meta name="robots" content="index, follow, max-snippet:-1, max-image-preview:large, max-video-preview:-1" />
<link rel="canonical" href="https://www.kolibrifestivaali.org/sv/event/atamanaa-jag-onskar/" />
<meta property="og:locale" content="sv_SE" />
<meta property="og:type" content="article" />
<meta property="og:title" content="Atamanaa - Jag önskar - Kolibri Festivaali" />
<meta property="og:description" content="Upptäck den palestinska kulturen på Kolibrí Festivaali! Följ med på en livfull dag i parken, fylld med sånger, lekar, dikter […] Lue lisää &raquo;" />
<meta property="og:url" content="https://www.kolibrifestivaali.org/sv/event/atamanaa-jag-onskar/" />
<meta property="og:site_name" content="Kolibri Festivaali" />
<meta property="article:modified_time" content="2025-08-15T09:32:44+00:00" />
<meta name="twitter:card" content="summary_large_image" />
<script type="application/ld+json" class="yoast-schema-graph">{"@context":"https:\/\/schema.org","@graph":[{"@type":"WebPage","@id":"https:\/\/www.kolibrifestivaali.org\/sv\/event\/atamanaa-jag-onskar\/","url":"https:\/\/www.kolibrifestivaali.org\/sv\/event\/atamanaa-jag-onskar\/","name":"Atamanaa - Jag önskar - Kolibri Festivaali","isPartOf":{"@id":"https:\/\/www.kolibrifestivaali.org\/sv\/#website"},"datePublished":"2021-08-19T21:00:00+00:00","dateModified":"2025-08-15T09:32:44+00:00","breadcrumb":{"@id":"https:\/\/www.kolibrifestivaali.org\/sv\/event\/atamanaa-jag-onskar\/#breadcrumb"},"inLanguage":"sv-SE","potentialAction":[{"@type":"ReadAction","target":["https:\/\/www.kolibrifestivaali.org\/sv\/event\/atamanaa-jag-onskar\/"]}]},{"@type":"BreadcrumbList","@id":"https:\/\/www.kolibrifestivaali.org\/sv\/event\/atamanaa-jag-onskar\/#breadcrumb","itemListElement":[{"@type":"ListItem","position":1,"name":"Home","item":"https:\/\/www.kolibrifestivaali.org\/sv\/"},{"@type":"ListItem","position":2,"name":"Atamanaa &#8211; Jag önskar"}]},{"@type":"WebSite","@id":"https:\/\/www.kolibrifestivaali.org\/sv\/#website","url":"https:\/\/www.kolibrifestivaali.org\/sv\/","name":"Kolibri Festivaali","description":"Kolibrí is a unique multicultural, free and open art festival for children and their families.","inLanguage":"sv-SE"}]}</script>
<!-- / Yoast SEO plugin. -->

Atamanaa - Jag önskar - Kolibri Festivaali

Upptäck den palestinska kulturen på Kolibrí Festivaali! Följ med på en livfull dag i parken, fylld med sånger, lekar, dikter […] Lue lisää &raquo;
