{"id":328099,"date":"2021-08-20T00:00:00","date_gmt":"2021-08-19T21:00:00","guid":{"rendered":"https:\/\/www.kolibrifestivaali.org\/event\/serenitetshornet-2\/"},"modified":"2025-08-15T12:32:40","modified_gmt":"2025-08-15T09:32:40","slug":"serenitetshornet","status":"publish","type":"event","link":"https:\/\/www.kolibrifestivaali.org\/sv\/event\/serenitetshornet\/","title":{"rendered":"Serenitetsh\u00f6rnet"},"content":{"rendered":"<p>Kolibr\u00ed 2025 kommer att erbjuda alla deltagare, fr\u00e5n publik till artister och volont\u00e4rer, \u201cSerenitetsh\u00f6rnet\u201d. Detta kommer att vara en trygg och lugn plats f\u00f6r dem som beh\u00f6ver en bekv\u00e4m plats f\u00f6r en sinnespaus.  <\/p>\n<p>F\u00f6rutom bekv\u00e4ma sittm\u00f6bler och en sensoriskt neutral omgivning, kommer platsen att ha leksaker och aktiviteter som hj\u00e4lper att lugna personer som upplever sinnes\u00f6verbelastningar.  <\/p>\n<p>\u201cSerenitetsh\u00f6rnet\u201d kan upplevas som v\u00e4rdefullt f\u00f6r personer med autism eller med ADHD, men \u00e4ven f\u00f6r personer som beh\u00f6ver en lugn och tyst plats, som till exempel f\u00f6r ammande mammor.<\/p>\n","protected":false},"featured_media":0,"template":"","activity_categories":[475],"ages":[1099,1094,924,273,1103],"languages":[48,51,54],"class_list":["post-328099","event","type-event","status-publish","hentry","activity_categories-koppla","ages-1-ar","ages-2-ar","ages-4-ar","ages-f-all-ages-sv","ages-bebisar","languages-a-en-sv","languages-b-es-sv","languages-c-fi-sv"],"acf":[],"yoast_head":"<!-- This site is optimized with the Yoast SEO plugin v27.4 - https:\/\/yoast.com\/product\/yoast-seo-wordpress\/ -->\n<title>Serenitetsh\u00f6rnet - Kolibri Festivaali<\/title>\n<meta name=\"robots\" content=\"index, follow, max-snippet:-1, max-image-preview:large, max-video-preview:-1\" \/>\n<link rel=\"canonical\" href=\"https:\/\/www.kolibrifestivaali.org\/sv\/event\/serenitetshornet\/\" \/>\n<meta property=\"og:locale\" content=\"sv_SE\" \/>\n<meta property=\"og:type\" content=\"article\" \/>\n<meta property=\"og:title\" content=\"Serenitetsh\u00f6rnet - Kolibri Festivaali\" \/>\n<meta property=\"og:description\" content=\"Kolibr\u00ed 2025 kommer att erbjuda alla deltagare, fr\u00e5n publik till artister och volont\u00e4rer, \u201cSerenitetsh\u00f6rnet\u201d. Detta kommer att vara en trygg [\u2026] Lue lis\u00e4\u00e4 &raquo;\" \/>\n<meta property=\"og:url\" content=\"https:\/\/www.kolibrifestivaali.org\/sv\/event\/serenitetshornet\/\" \/>\n<meta property=\"og:site_name\" content=\"Kolibri Festivaali\" \/>\n<meta property=\"article:modified_time\" content=\"2025-08-15T09:32:40+00:00\" \/>\n<meta name=\"twitter:card\" content=\"summary_large_image\" \/>\n<meta name=\"twitter:label1\" content=\"Ber\u00e4knad l\u00e4stid\" \/>\n\t<meta name=\"twitter:data1\" content=\"1 minut\" \/>\n<script type=\"application\/ld+json\" class=\"yoast-schema-graph\">{\"@context\":\"https:\\\/\\\/schema.org\",\"@graph\":[{\"@type\":\"WebPage\",\"@id\":\"https:\\\/\\\/www.kolibrifestivaali.org\\\/sv\\\/event\\\/serenitetshornet\\\/\",\"url\":\"https:\\\/\\\/www.kolibrifestivaali.org\\\/sv\\\/event\\\/serenitetshornet\\\/\",\"name\":\"Serenitetsh\u00f6rnet - Kolibri Festivaali\",\"isPartOf\":{\"@id\":\"https:\\\/\\\/www.kolibrifestivaali.org\\\/sv\\\/#website\"},\"datePublished\":\"2021-08-19T21:00:00+00:00\",\"dateModified\":\"2025-08-15T09:32:40+00:00\",\"breadcrumb\":{\"@id\":\"https:\\\/\\\/www.kolibrifestivaali.org\\\/sv\\\/event\\\/serenitetshornet\\\/#breadcrumb\"},\"inLanguage\":\"sv-SE\",\"potentialAction\":[{\"@type\":\"ReadAction\",\"target\":[\"https:\\\/\\\/www.kolibrifestivaali.org\\\/sv\\\/event\\\/serenitetshornet\\\/\"]}]},{\"@type\":\"BreadcrumbList\",\"@id\":\"https:\\\/\\\/www.kolibrifestivaali.org\\\/sv\\\/event\\\/serenitetshornet\\\/#breadcrumb\",\"itemListElement\":[{\"@type\":\"ListItem\",\"position\":1,\"name\":\"Home\",\"item\":\"https:\\\/\\\/www.kolibrifestivaali.org\\\/sv\\\/\"},{\"@type\":\"ListItem\",\"position\":2,\"name\":\"Serenitetsh\u00f6rnet\"}]},{\"@type\":\"WebSite\",\"@id\":\"https:\\\/\\\/www.kolibrifestivaali.org\\\/sv\\\/#website\",\"url\":\"https:\\\/\\\/www.kolibrifestivaali.org\\\/sv\\\/\",\"name\":\"Kolibri Festivaali\",\"description\":\"Kolibri\u0301 is a unique multicultural, free and open art festival for children and their families.\",\"inLanguage\":\"sv-SE\"}]}<\/script>\n<!-- \/ Yoast SEO plugin. -->","yoast_head_json":{"title":"Serenitetsh\u00f6rnet - Kolibri Festivaali","robots":{"index":"index","follow":"follow","max-snippet":"max-snippet:-1","max-image-preview":"max-image-preview:large","max-video-preview":"max-video-preview:-1"},"canonical":"https:\/\/www.kolibrifestivaali.org\/sv\/event\/serenitetshornet\/","og_locale":"sv_SE","og_type":"article","og_title":"Serenitetsh\u00f6rnet - Kolibri Festivaali","og_description":"Kolibr\u00ed 2025 kommer att erbjuda alla deltagare, fr\u00e5n publik till artister och volont\u00e4rer, \u201cSerenitetsh\u00f6rnet\u201d. Detta kommer att vara en trygg [\u2026] Lue lis\u00e4\u00e4 &raquo;","og_url":"https:\/\/www.kolibrifestivaali.org\/sv\/event\/serenitetshornet\/","og_site_name":"Kolibri Festivaali","article_modified_time":"2025-08-15T09:32:40+00:00","twitter_card":"summary_large_image","twitter_misc":{"Ber\u00e4knad l\u00e4stid":"1 minut"},"schema":{"@context":"https:\/\/schema.org","@graph":[{"@type":"WebPage","@id":"https:\/\/www.kolibrifestivaali.org\/sv\/event\/serenitetshornet\/","url":"https:\/\/www.kolibrifestivaali.org\/sv\/event\/serenitetshornet\/","name":"Serenitetsh\u00f6rnet - Kolibri Festivaali","isPartOf":{"@id":"https:\/\/www.kolibrifestivaali.org\/sv\/#website"},"datePublished":"2021-08-19T21:00:00+00:00","dateModified":"2025-08-15T09:32:40+00:00","breadcrumb":{"@id":"https:\/\/www.kolibrifestivaali.org\/sv\/event\/serenitetshornet\/#breadcrumb"},"inLanguage":"sv-SE","potentialAction":[{"@type":"ReadAction","target":["https:\/\/www.kolibrifestivaali.org\/sv\/event\/serenitetshornet\/"]}]},{"@type":"BreadcrumbList","@id":"https:\/\/www.kolibrifestivaali.org\/sv\/event\/serenitetshornet\/#breadcrumb","itemListElement":[{"@type":"ListItem","position":1,"name":"Home","item":"https:\/\/www.kolibrifestivaali.org\/sv\/"},{"@type":"ListItem","position":2,"name":"Serenitetsh\u00f6rnet"}]},{"@type":"WebSite","@id":"https:\/\/www.kolibrifestivaali.org\/sv\/#website","url":"https:\/\/www.kolibrifestivaali.org\/sv\/","name":"Kolibri Festivaali","description":"Kolibri\u0301 is a unique multicultural, free and open art festival for children and their families.","inLanguage":"sv-SE"}]}},"_links":{"self":[{"href":"https:\/\/www.kolibrifestivaali.org\/sv\/wp-json\/wp\/v2\/event\/328099","targetHints":{"allow":["GET"]}}],"collection":[{"href":"https:\/\/www.kolibrifestivaali.org\/sv\/wp-json\/wp\/v2\/event"}],"about":[{"href":"https:\/\/www.kolibrifestivaali.org\/sv\/wp-json\/wp\/v2\/types\/event"}],"wp:attachment":[{"href":"https:\/\/www.kolibrifestivaali.org\/sv\/wp-json\/wp\/v2\/media?parent=328099"}],"wp:term":[{"taxonomy":"activity_categories","embeddable":true,"href":"https:\/\/www.kolibrifestivaali.org\/sv\/wp-json\/wp\/v2\/activity_categories?post=328099"},{"taxonomy":"ages","embeddable":true,"href":"https:\/\/www.kolibrifestivaali.org\/sv\/wp-json\/wp\/v2\/ages?post=328099"},{"taxonomy":"languages","embeddable":true,"href":"https:\/\/www.kolibrifestivaali.org\/sv\/wp-json\/wp\/v2\/languages?post=328099"}],"curies":[{"name":"wp","href":"https:\/\/api.w.org\/{rel}","templated":true}]}}

Serenitetshörnet

<p>Kolibrí 2025 kommer att erbjuda alla deltagare, från publik till artister och volontärer, “Serenitetshörnet”. Detta kommer att vara en trygg och lugn plats för dem som behöver en bekväm plats för en sinnespaus.  </p>
<p>Förutom bekväma sittmöbler och en sensoriskt neutral omgivning, kommer platsen att ha leksaker och aktiviteter som hjälper att lugna personer som upplever sinnesöverbelastningar.  </p>
<p>“Serenitetshörnet” kan upplevas som värdefullt för personer med autism eller med ADHD, men även för personer som behöver en lugn och tyst plats, som till exempel för ammande mammor.</p>

<!-- This site is optimized with the Yoast SEO plugin v27.4 - https://yoast.com/product/yoast-seo-wordpress/ -->
<title>Serenitetshörnet - Kolibri Festivaali</title>
<meta name="robots" content="index, follow, max-snippet:-1, max-image-preview:large, max-video-preview:-1" />
<link rel="canonical" href="https://www.kolibrifestivaali.org/sv/event/serenitetshornet/" />
<meta property="og:locale" content="sv_SE" />
<meta property="og:type" content="article" />
<meta property="og:title" content="Serenitetshörnet - Kolibri Festivaali" />
<meta property="og:description" content="Kolibrí 2025 kommer att erbjuda alla deltagare, från publik till artister och volontärer, “Serenitetshörnet”. Detta kommer att vara en trygg […] Lue lisää &raquo;" />
<meta property="og:url" content="https://www.kolibrifestivaali.org/sv/event/serenitetshornet/" />
<meta property="og:site_name" content="Kolibri Festivaali" />
<meta property="article:modified_time" content="2025-08-15T09:32:40+00:00" />
<meta name="twitter:card" content="summary_large_image" />
<meta name="twitter:label1" content="Beräknad lästid" />
	<meta name="twitter:data1" content="1 minut" />
<script type="application/ld+json" class="yoast-schema-graph">{"@context":"https:\/\/schema.org","@graph":[{"@type":"WebPage","@id":"https:\/\/www.kolibrifestivaali.org\/sv\/event\/serenitetshornet\/","url":"https:\/\/www.kolibrifestivaali.org\/sv\/event\/serenitetshornet\/","name":"Serenitetshörnet - Kolibri Festivaali","isPartOf":{"@id":"https:\/\/www.kolibrifestivaali.org\/sv\/#website"},"datePublished":"2021-08-19T21:00:00+00:00","dateModified":"2025-08-15T09:32:40+00:00","breadcrumb":{"@id":"https:\/\/www.kolibrifestivaali.org\/sv\/event\/serenitetshornet\/#breadcrumb"},"inLanguage":"sv-SE","potentialAction":[{"@type":"ReadAction","target":["https:\/\/www.kolibrifestivaali.org\/sv\/event\/serenitetshornet\/"]}]},{"@type":"BreadcrumbList","@id":"https:\/\/www.kolibrifestivaali.org\/sv\/event\/serenitetshornet\/#breadcrumb","itemListElement":[{"@type":"ListItem","position":1,"name":"Home","item":"https:\/\/www.kolibrifestivaali.org\/sv\/"},{"@type":"ListItem","position":2,"name":"Serenitetshörnet"}]},{"@type":"WebSite","@id":"https:\/\/www.kolibrifestivaali.org\/sv\/#website","url":"https:\/\/www.kolibrifestivaali.org\/sv\/","name":"Kolibri Festivaali","description":"Kolibrí is a unique multicultural, free and open art festival for children and their families.","inLanguage":"sv-SE"}]}</script>
<!-- / Yoast SEO plugin. -->

Serenitetshörnet - Kolibri Festivaali

Kolibrí 2025 kommer att erbjuda alla deltagare, från publik till artister och volontärer, “Serenitetshörnet”. Detta kommer att vara en trygg […] Lue lisää &raquo;
