{"id":328097,"date":"2021-08-20T00:00:00","date_gmt":"2021-08-19T21:00:00","guid":{"rendered":"https:\/\/www.kolibrifestivaali.org\/event\/gemensamma-livsrytmer\/"},"modified":"2025-08-15T12:32:38","modified_gmt":"2025-08-15T09:32:38","slug":"gemensamma-livsrytmer","status":"publish","type":"event","link":"https:\/\/www.kolibrifestivaali.org\/sv\/event\/gemensamma-livsrytmer\/","title":{"rendered":"Gemensamma livsrytmer"},"content":{"rendered":"<p>Delado Duo &#8211; Rodrigo Rodr\u00edguez (CL) och Sanna Karlsson-Sutisna (FI) kommer att samla familjer i en livfull gemenskap med en sp\u00e4nnande dans- och musikworkshop. F\u00f6lj med p\u00e5 denna roliga musikaliska resa d\u00e4r ni f\u00e5r l\u00e4ra er om musikens ursprung, dess r\u00f6relser och rytmer genom instrument som den peruanska caj\u00f3n, djembe, dundun och panfl\u00f6jter. <\/p>\n<p>Uppt\u00e4ck hur latinamerikanska och afrikanska kulturer har kommit till Finland och skapat en unik och m\u00e5ngsidig fusion, precis som samh\u00e4llet vi lever i. L\u00e5t \u00e4ventyret b\u00f6rja! <\/p>\n<p>  Repertoaren inkluderar finska, svenska, dyula, spanska, quechua och mapuche. Workshopen kommer huvudsakligen att h\u00e5llas p\u00e5 spanska, finska och svenska, med andra spr\u00e5k tillg\u00e4ngliga vid behov.<\/p>\n","protected":false},"featured_media":0,"template":"","activity_categories":[927],"ages":[1094,924],"languages":[48,51,54,66],"class_list":["post-328097","event","type-event","status-publish","hentry","activity_categories-musikverkstad","ages-2-ar","ages-4-ar","languages-a-en-sv","languages-b-es-sv","languages-c-fi-sv","languages-e-sv-sv"],"acf":[],"yoast_head":"<!-- This site is optimized with the Yoast SEO plugin v27.4 - https:\/\/yoast.com\/product\/yoast-seo-wordpress\/ -->\n<title>Gemensamma livsrytmer - Kolibri Festivaali<\/title>\n<meta name=\"robots\" content=\"index, follow, max-snippet:-1, max-image-preview:large, max-video-preview:-1\" \/>\n<link rel=\"canonical\" href=\"https:\/\/www.kolibrifestivaali.org\/sv\/event\/gemensamma-livsrytmer\/\" \/>\n<meta property=\"og:locale\" content=\"sv_SE\" \/>\n<meta property=\"og:type\" content=\"article\" \/>\n<meta property=\"og:title\" content=\"Gemensamma livsrytmer - Kolibri Festivaali\" \/>\n<meta property=\"og:description\" content=\"Delado Duo &#8211; Rodrigo Rodr\u00edguez (CL) och Sanna Karlsson-Sutisna (FI) kommer att samla familjer i en livfull gemenskap med en [\u2026] Lue lis\u00e4\u00e4 &raquo;\" \/>\n<meta property=\"og:url\" content=\"https:\/\/www.kolibrifestivaali.org\/sv\/event\/gemensamma-livsrytmer\/\" \/>\n<meta property=\"og:site_name\" content=\"Kolibri Festivaali\" \/>\n<meta property=\"article:modified_time\" content=\"2025-08-15T09:32:38+00:00\" \/>\n<meta name=\"twitter:card\" content=\"summary_large_image\" \/>\n<meta name=\"twitter:label1\" content=\"Ber\u00e4knad l\u00e4stid\" \/>\n\t<meta name=\"twitter:data1\" content=\"1 minut\" \/>\n<script type=\"application\/ld+json\" class=\"yoast-schema-graph\">{\"@context\":\"https:\\\/\\\/schema.org\",\"@graph\":[{\"@type\":\"WebPage\",\"@id\":\"https:\\\/\\\/www.kolibrifestivaali.org\\\/sv\\\/event\\\/gemensamma-livsrytmer\\\/\",\"url\":\"https:\\\/\\\/www.kolibrifestivaali.org\\\/sv\\\/event\\\/gemensamma-livsrytmer\\\/\",\"name\":\"Gemensamma livsrytmer - Kolibri Festivaali\",\"isPartOf\":{\"@id\":\"https:\\\/\\\/www.kolibrifestivaali.org\\\/sv\\\/#website\"},\"datePublished\":\"2021-08-19T21:00:00+00:00\",\"dateModified\":\"2025-08-15T09:32:38+00:00\",\"breadcrumb\":{\"@id\":\"https:\\\/\\\/www.kolibrifestivaali.org\\\/sv\\\/event\\\/gemensamma-livsrytmer\\\/#breadcrumb\"},\"inLanguage\":\"sv-SE\",\"potentialAction\":[{\"@type\":\"ReadAction\",\"target\":[\"https:\\\/\\\/www.kolibrifestivaali.org\\\/sv\\\/event\\\/gemensamma-livsrytmer\\\/\"]}]},{\"@type\":\"BreadcrumbList\",\"@id\":\"https:\\\/\\\/www.kolibrifestivaali.org\\\/sv\\\/event\\\/gemensamma-livsrytmer\\\/#breadcrumb\",\"itemListElement\":[{\"@type\":\"ListItem\",\"position\":1,\"name\":\"Home\",\"item\":\"https:\\\/\\\/www.kolibrifestivaali.org\\\/sv\\\/\"},{\"@type\":\"ListItem\",\"position\":2,\"name\":\"Gemensamma livsrytmer\"}]},{\"@type\":\"WebSite\",\"@id\":\"https:\\\/\\\/www.kolibrifestivaali.org\\\/sv\\\/#website\",\"url\":\"https:\\\/\\\/www.kolibrifestivaali.org\\\/sv\\\/\",\"name\":\"Kolibri Festivaali\",\"description\":\"Kolibri\u0301 is a unique multicultural, free and open art festival for children and their families.\",\"inLanguage\":\"sv-SE\"}]}<\/script>\n<!-- \/ Yoast SEO plugin. -->","yoast_head_json":{"title":"Gemensamma livsrytmer - Kolibri Festivaali","robots":{"index":"index","follow":"follow","max-snippet":"max-snippet:-1","max-image-preview":"max-image-preview:large","max-video-preview":"max-video-preview:-1"},"canonical":"https:\/\/www.kolibrifestivaali.org\/sv\/event\/gemensamma-livsrytmer\/","og_locale":"sv_SE","og_type":"article","og_title":"Gemensamma livsrytmer - Kolibri Festivaali","og_description":"Delado Duo &#8211; Rodrigo Rodr\u00edguez (CL) och Sanna Karlsson-Sutisna (FI) kommer att samla familjer i en livfull gemenskap med en [\u2026] Lue lis\u00e4\u00e4 &raquo;","og_url":"https:\/\/www.kolibrifestivaali.org\/sv\/event\/gemensamma-livsrytmer\/","og_site_name":"Kolibri Festivaali","article_modified_time":"2025-08-15T09:32:38+00:00","twitter_card":"summary_large_image","twitter_misc":{"Ber\u00e4knad l\u00e4stid":"1 minut"},"schema":{"@context":"https:\/\/schema.org","@graph":[{"@type":"WebPage","@id":"https:\/\/www.kolibrifestivaali.org\/sv\/event\/gemensamma-livsrytmer\/","url":"https:\/\/www.kolibrifestivaali.org\/sv\/event\/gemensamma-livsrytmer\/","name":"Gemensamma livsrytmer - Kolibri Festivaali","isPartOf":{"@id":"https:\/\/www.kolibrifestivaali.org\/sv\/#website"},"datePublished":"2021-08-19T21:00:00+00:00","dateModified":"2025-08-15T09:32:38+00:00","breadcrumb":{"@id":"https:\/\/www.kolibrifestivaali.org\/sv\/event\/gemensamma-livsrytmer\/#breadcrumb"},"inLanguage":"sv-SE","potentialAction":[{"@type":"ReadAction","target":["https:\/\/www.kolibrifestivaali.org\/sv\/event\/gemensamma-livsrytmer\/"]}]},{"@type":"BreadcrumbList","@id":"https:\/\/www.kolibrifestivaali.org\/sv\/event\/gemensamma-livsrytmer\/#breadcrumb","itemListElement":[{"@type":"ListItem","position":1,"name":"Home","item":"https:\/\/www.kolibrifestivaali.org\/sv\/"},{"@type":"ListItem","position":2,"name":"Gemensamma livsrytmer"}]},{"@type":"WebSite","@id":"https:\/\/www.kolibrifestivaali.org\/sv\/#website","url":"https:\/\/www.kolibrifestivaali.org\/sv\/","name":"Kolibri Festivaali","description":"Kolibri\u0301 is a unique multicultural, free and open art festival for children and their families.","inLanguage":"sv-SE"}]}},"_links":{"self":[{"href":"https:\/\/www.kolibrifestivaali.org\/sv\/wp-json\/wp\/v2\/event\/328097","targetHints":{"allow":["GET"]}}],"collection":[{"href":"https:\/\/www.kolibrifestivaali.org\/sv\/wp-json\/wp\/v2\/event"}],"about":[{"href":"https:\/\/www.kolibrifestivaali.org\/sv\/wp-json\/wp\/v2\/types\/event"}],"wp:attachment":[{"href":"https:\/\/www.kolibrifestivaali.org\/sv\/wp-json\/wp\/v2\/media?parent=328097"}],"wp:term":[{"taxonomy":"activity_categories","embeddable":true,"href":"https:\/\/www.kolibrifestivaali.org\/sv\/wp-json\/wp\/v2\/activity_categories?post=328097"},{"taxonomy":"ages","embeddable":true,"href":"https:\/\/www.kolibrifestivaali.org\/sv\/wp-json\/wp\/v2\/ages?post=328097"},{"taxonomy":"languages","embeddable":true,"href":"https:\/\/www.kolibrifestivaali.org\/sv\/wp-json\/wp\/v2\/languages?post=328097"}],"curies":[{"name":"wp","href":"https:\/\/api.w.org\/{rel}","templated":true}]}}

<p>Delado Duo &#8211; Rodrigo Rodríguez (CL) och Sanna Karlsson-Sutisna (FI) kommer att samla familjer i en livfull gemenskap med en spännande dans- och musikworkshop. Följ med på denna roliga musikaliska resa där ni får lära er om musikens ursprung, dess rörelser och rytmer genom instrument som den peruanska cajón, djembe, dundun och panflöjter. </p>
<p>Upptäck hur latinamerikanska och afrikanska kulturer har kommit till Finland och skapat en unik och mångsidig fusion, precis som samhället vi lever i. Låt äventyret börja! </p>
<p>  Repertoaren inkluderar finska, svenska, dyula, spanska, quechua och mapuche. Workshopen kommer huvudsakligen att hållas på spanska, finska och svenska, med andra språk tillgängliga vid behov.</p>

<!-- This site is optimized with the Yoast SEO plugin v27.4 - https://yoast.com/product/yoast-seo-wordpress/ -->
<title>Gemensamma livsrytmer - Kolibri Festivaali</title>
<meta name="robots" content="index, follow, max-snippet:-1, max-image-preview:large, max-video-preview:-1" />
<link rel="canonical" href="https://www.kolibrifestivaali.org/sv/event/gemensamma-livsrytmer/" />
<meta property="og:locale" content="sv_SE" />
<meta property="og:type" content="article" />
<meta property="og:title" content="Gemensamma livsrytmer - Kolibri Festivaali" />
<meta property="og:description" content="Delado Duo &#8211; Rodrigo Rodríguez (CL) och Sanna Karlsson-Sutisna (FI) kommer att samla familjer i en livfull gemenskap med en […] Lue lisää &raquo;" />
<meta property="og:url" content="https://www.kolibrifestivaali.org/sv/event/gemensamma-livsrytmer/" />
<meta property="og:site_name" content="Kolibri Festivaali" />
<meta property="article:modified_time" content="2025-08-15T09:32:38+00:00" />
<meta name="twitter:card" content="summary_large_image" />
<meta name="twitter:label1" content="Beräknad lästid" />
	<meta name="twitter:data1" content="1 minut" />
<script type="application/ld+json" class="yoast-schema-graph">{"@context":"https:\/\/schema.org","@graph":[{"@type":"WebPage","@id":"https:\/\/www.kolibrifestivaali.org\/sv\/event\/gemensamma-livsrytmer\/","url":"https:\/\/www.kolibrifestivaali.org\/sv\/event\/gemensamma-livsrytmer\/","name":"Gemensamma livsrytmer - Kolibri Festivaali","isPartOf":{"@id":"https:\/\/www.kolibrifestivaali.org\/sv\/#website"},"datePublished":"2021-08-19T21:00:00+00:00","dateModified":"2025-08-15T09:32:38+00:00","breadcrumb":{"@id":"https:\/\/www.kolibrifestivaali.org\/sv\/event\/gemensamma-livsrytmer\/#breadcrumb"},"inLanguage":"sv-SE","potentialAction":[{"@type":"ReadAction","target":["https:\/\/www.kolibrifestivaali.org\/sv\/event\/gemensamma-livsrytmer\/"]}]},{"@type":"BreadcrumbList","@id":"https:\/\/www.kolibrifestivaali.org\/sv\/event\/gemensamma-livsrytmer\/#breadcrumb","itemListElement":[{"@type":"ListItem","position":1,"name":"Home","item":"https:\/\/www.kolibrifestivaali.org\/sv\/"},{"@type":"ListItem","position":2,"name":"Gemensamma livsrytmer"}]},{"@type":"WebSite","@id":"https:\/\/www.kolibrifestivaali.org\/sv\/#website","url":"https:\/\/www.kolibrifestivaali.org\/sv\/","name":"Kolibri Festivaali","description":"Kolibrí is a unique multicultural, free and open art festival for children and their families.","inLanguage":"sv-SE"}]}</script>
<!-- / Yoast SEO plugin. -->

Delado Duo &#8211; Rodrigo Rodríguez (CL) och Sanna Karlsson-Sutisna (FI) kommer att samla familjer i en livfull gemenskap med en […] Lue lisää &raquo;
