{"id":328096,"date":"2021-08-20T00:00:00","date_gmt":"2021-08-19T21:00:00","guid":{"rendered":"https:\/\/www.kolibrifestivaali.org\/event\/sagostund-pa-portugisiska-2\/"},"modified":"2025-08-15T12:32:38","modified_gmt":"2025-08-15T09:32:38","slug":"sagostund-pa-portugisiska","status":"publish","type":"event","link":"https:\/\/www.kolibrifestivaali.org\/sv\/event\/sagostund-pa-portugisiska\/","title":{"rendered":"Sagostund p\u00e5 portugisiska"},"content":{"rendered":"<p>L\u00e4smaraton p\u00e5 portugisiska! F\u00f6rfattarna, karakt\u00e4rerna och sagorna kommer att ber\u00e4tta om m\u00e5ngfalden av ett portugisiskspr\u00e5kigt barndom. <\/p>\n<p>Vi kommer att l\u00e4sa, sjunga, leka, och dela erfarenheter p\u00e5 portugisiska. Det h\u00e4r vill du inte missa! <\/p>\n<p>Denna aktivitet \u00e4r m\u00f6jlig tack vare st\u00f6det fr\u00e5n <a href=\"https:\/\/www.appfinlandia.com\/\" target=\"_blank\"  rel=\"noopener\">APPF &#8211; F\u00f6reningen f\u00f6r portugisiska l\u00e4rare i Finland<\/a> och <a href=\"https:\/\/www.gov.br\/mre\/pt-br\/embaixada-helsinque\" target=\"_blank\"  rel=\"noopener\">Brasiliens ambassad<\/a>.<\/p>\n","protected":false},"featured_media":0,"template":"","activity_categories":[932],"ages":[1099,1103],"languages":[63],"class_list":["post-328096","event","type-event","status-publish","hentry","activity_categories-berattande","ages-1-ar","ages-bebisar","languages-d-pt-sv"],"acf":[],"yoast_head":"<!-- This site is optimized with the Yoast SEO plugin v27.4 - https:\/\/yoast.com\/product\/yoast-seo-wordpress\/ -->\n<title>Sagostund p\u00e5 portugisiska - Kolibri Festivaali<\/title>\n<meta name=\"robots\" content=\"index, follow, max-snippet:-1, max-image-preview:large, max-video-preview:-1\" \/>\n<link rel=\"canonical\" href=\"https:\/\/www.kolibrifestivaali.org\/sv\/event\/sagostund-pa-portugisiska\/\" \/>\n<meta property=\"og:locale\" content=\"sv_SE\" \/>\n<meta property=\"og:type\" content=\"article\" \/>\n<meta property=\"og:title\" content=\"Sagostund p\u00e5 portugisiska - Kolibri Festivaali\" \/>\n<meta property=\"og:description\" content=\"L\u00e4smaraton p\u00e5 portugisiska! F\u00f6rfattarna, karakt\u00e4rerna och sagorna kommer att ber\u00e4tta om m\u00e5ngfalden av ett portugisiskspr\u00e5kigt barndom. Vi kommer att l\u00e4sa, [\u2026] Lue lis\u00e4\u00e4 &raquo;\" \/>\n<meta property=\"og:url\" content=\"https:\/\/www.kolibrifestivaali.org\/sv\/event\/sagostund-pa-portugisiska\/\" \/>\n<meta property=\"og:site_name\" content=\"Kolibri Festivaali\" \/>\n<meta property=\"article:modified_time\" content=\"2025-08-15T09:32:38+00:00\" \/>\n<meta name=\"twitter:card\" content=\"summary_large_image\" \/>\n<script type=\"application\/ld+json\" class=\"yoast-schema-graph\">{\"@context\":\"https:\\\/\\\/schema.org\",\"@graph\":[{\"@type\":\"WebPage\",\"@id\":\"https:\\\/\\\/www.kolibrifestivaali.org\\\/sv\\\/event\\\/sagostund-pa-portugisiska\\\/\",\"url\":\"https:\\\/\\\/www.kolibrifestivaali.org\\\/sv\\\/event\\\/sagostund-pa-portugisiska\\\/\",\"name\":\"Sagostund p\u00e5 portugisiska - Kolibri Festivaali\",\"isPartOf\":{\"@id\":\"https:\\\/\\\/www.kolibrifestivaali.org\\\/sv\\\/#website\"},\"datePublished\":\"2021-08-19T21:00:00+00:00\",\"dateModified\":\"2025-08-15T09:32:38+00:00\",\"breadcrumb\":{\"@id\":\"https:\\\/\\\/www.kolibrifestivaali.org\\\/sv\\\/event\\\/sagostund-pa-portugisiska\\\/#breadcrumb\"},\"inLanguage\":\"sv-SE\",\"potentialAction\":[{\"@type\":\"ReadAction\",\"target\":[\"https:\\\/\\\/www.kolibrifestivaali.org\\\/sv\\\/event\\\/sagostund-pa-portugisiska\\\/\"]}]},{\"@type\":\"BreadcrumbList\",\"@id\":\"https:\\\/\\\/www.kolibrifestivaali.org\\\/sv\\\/event\\\/sagostund-pa-portugisiska\\\/#breadcrumb\",\"itemListElement\":[{\"@type\":\"ListItem\",\"position\":1,\"name\":\"Home\",\"item\":\"https:\\\/\\\/www.kolibrifestivaali.org\\\/sv\\\/\"},{\"@type\":\"ListItem\",\"position\":2,\"name\":\"Sagostund p\u00e5 portugisiska\"}]},{\"@type\":\"WebSite\",\"@id\":\"https:\\\/\\\/www.kolibrifestivaali.org\\\/sv\\\/#website\",\"url\":\"https:\\\/\\\/www.kolibrifestivaali.org\\\/sv\\\/\",\"name\":\"Kolibri Festivaali\",\"description\":\"Kolibri\u0301 is a unique multicultural, free and open art festival for children and their families.\",\"inLanguage\":\"sv-SE\"}]}<\/script>\n<!-- \/ Yoast SEO plugin. -->","yoast_head_json":{"title":"Sagostund p\u00e5 portugisiska - Kolibri Festivaali","robots":{"index":"index","follow":"follow","max-snippet":"max-snippet:-1","max-image-preview":"max-image-preview:large","max-video-preview":"max-video-preview:-1"},"canonical":"https:\/\/www.kolibrifestivaali.org\/sv\/event\/sagostund-pa-portugisiska\/","og_locale":"sv_SE","og_type":"article","og_title":"Sagostund p\u00e5 portugisiska - Kolibri Festivaali","og_description":"L\u00e4smaraton p\u00e5 portugisiska! F\u00f6rfattarna, karakt\u00e4rerna och sagorna kommer att ber\u00e4tta om m\u00e5ngfalden av ett portugisiskspr\u00e5kigt barndom. Vi kommer att l\u00e4sa, [\u2026] Lue lis\u00e4\u00e4 &raquo;","og_url":"https:\/\/www.kolibrifestivaali.org\/sv\/event\/sagostund-pa-portugisiska\/","og_site_name":"Kolibri Festivaali","article_modified_time":"2025-08-15T09:32:38+00:00","twitter_card":"summary_large_image","schema":{"@context":"https:\/\/schema.org","@graph":[{"@type":"WebPage","@id":"https:\/\/www.kolibrifestivaali.org\/sv\/event\/sagostund-pa-portugisiska\/","url":"https:\/\/www.kolibrifestivaali.org\/sv\/event\/sagostund-pa-portugisiska\/","name":"Sagostund p\u00e5 portugisiska - Kolibri Festivaali","isPartOf":{"@id":"https:\/\/www.kolibrifestivaali.org\/sv\/#website"},"datePublished":"2021-08-19T21:00:00+00:00","dateModified":"2025-08-15T09:32:38+00:00","breadcrumb":{"@id":"https:\/\/www.kolibrifestivaali.org\/sv\/event\/sagostund-pa-portugisiska\/#breadcrumb"},"inLanguage":"sv-SE","potentialAction":[{"@type":"ReadAction","target":["https:\/\/www.kolibrifestivaali.org\/sv\/event\/sagostund-pa-portugisiska\/"]}]},{"@type":"BreadcrumbList","@id":"https:\/\/www.kolibrifestivaali.org\/sv\/event\/sagostund-pa-portugisiska\/#breadcrumb","itemListElement":[{"@type":"ListItem","position":1,"name":"Home","item":"https:\/\/www.kolibrifestivaali.org\/sv\/"},{"@type":"ListItem","position":2,"name":"Sagostund p\u00e5 portugisiska"}]},{"@type":"WebSite","@id":"https:\/\/www.kolibrifestivaali.org\/sv\/#website","url":"https:\/\/www.kolibrifestivaali.org\/sv\/","name":"Kolibri Festivaali","description":"Kolibri\u0301 is a unique multicultural, free and open art festival for children and their families.","inLanguage":"sv-SE"}]}},"_links":{"self":[{"href":"https:\/\/www.kolibrifestivaali.org\/sv\/wp-json\/wp\/v2\/event\/328096","targetHints":{"allow":["GET"]}}],"collection":[{"href":"https:\/\/www.kolibrifestivaali.org\/sv\/wp-json\/wp\/v2\/event"}],"about":[{"href":"https:\/\/www.kolibrifestivaali.org\/sv\/wp-json\/wp\/v2\/types\/event"}],"wp:attachment":[{"href":"https:\/\/www.kolibrifestivaali.org\/sv\/wp-json\/wp\/v2\/media?parent=328096"}],"wp:term":[{"taxonomy":"activity_categories","embeddable":true,"href":"https:\/\/www.kolibrifestivaali.org\/sv\/wp-json\/wp\/v2\/activity_categories?post=328096"},{"taxonomy":"ages","embeddable":true,"href":"https:\/\/www.kolibrifestivaali.org\/sv\/wp-json\/wp\/v2\/ages?post=328096"},{"taxonomy":"languages","embeddable":true,"href":"https:\/\/www.kolibrifestivaali.org\/sv\/wp-json\/wp\/v2\/languages?post=328096"}],"curies":[{"name":"wp","href":"https:\/\/api.w.org\/{rel}","templated":true}]}}

Sagostund på portugisiska

<p>Läsmaraton på portugisiska! Författarna, karaktärerna och sagorna kommer att berätta om mångfalden av ett portugisiskspråkigt barndom. </p>
<p>Vi kommer att läsa, sjunga, leka, och dela erfarenheter på portugisiska. Det här vill du inte missa! </p>
<p>Denna aktivitet är möjlig tack vare stödet från <a href="https://www.appfinlandia.com/" target="_blank"  rel="noopener">APPF &#8211; Föreningen för portugisiska lärare i Finland</a> och <a href="https://www.gov.br/mre/pt-br/embaixada-helsinque" target="_blank"  rel="noopener">Brasiliens ambassad</a>.</p>

<!-- This site is optimized with the Yoast SEO plugin v27.4 - https://yoast.com/product/yoast-seo-wordpress/ -->
<title>Sagostund på portugisiska - Kolibri Festivaali</title>
<meta name="robots" content="index, follow, max-snippet:-1, max-image-preview:large, max-video-preview:-1" />
<link rel="canonical" href="https://www.kolibrifestivaali.org/sv/event/sagostund-pa-portugisiska/" />
<meta property="og:locale" content="sv_SE" />
<meta property="og:type" content="article" />
<meta property="og:title" content="Sagostund på portugisiska - Kolibri Festivaali" />
<meta property="og:description" content="Läsmaraton på portugisiska! Författarna, karaktärerna och sagorna kommer att berätta om mångfalden av ett portugisiskspråkigt barndom. Vi kommer att läsa, […] Lue lisää &raquo;" />
<meta property="og:url" content="https://www.kolibrifestivaali.org/sv/event/sagostund-pa-portugisiska/" />
<meta property="og:site_name" content="Kolibri Festivaali" />
<meta property="article:modified_time" content="2025-08-15T09:32:38+00:00" />
<meta name="twitter:card" content="summary_large_image" />
<script type="application/ld+json" class="yoast-schema-graph">{"@context":"https:\/\/schema.org","@graph":[{"@type":"WebPage","@id":"https:\/\/www.kolibrifestivaali.org\/sv\/event\/sagostund-pa-portugisiska\/","url":"https:\/\/www.kolibrifestivaali.org\/sv\/event\/sagostund-pa-portugisiska\/","name":"Sagostund på portugisiska - Kolibri Festivaali","isPartOf":{"@id":"https:\/\/www.kolibrifestivaali.org\/sv\/#website"},"datePublished":"2021-08-19T21:00:00+00:00","dateModified":"2025-08-15T09:32:38+00:00","breadcrumb":{"@id":"https:\/\/www.kolibrifestivaali.org\/sv\/event\/sagostund-pa-portugisiska\/#breadcrumb"},"inLanguage":"sv-SE","potentialAction":[{"@type":"ReadAction","target":["https:\/\/www.kolibrifestivaali.org\/sv\/event\/sagostund-pa-portugisiska\/"]}]},{"@type":"BreadcrumbList","@id":"https:\/\/www.kolibrifestivaali.org\/sv\/event\/sagostund-pa-portugisiska\/#breadcrumb","itemListElement":[{"@type":"ListItem","position":1,"name":"Home","item":"https:\/\/www.kolibrifestivaali.org\/sv\/"},{"@type":"ListItem","position":2,"name":"Sagostund på portugisiska"}]},{"@type":"WebSite","@id":"https:\/\/www.kolibrifestivaali.org\/sv\/#website","url":"https:\/\/www.kolibrifestivaali.org\/sv\/","name":"Kolibri Festivaali","description":"Kolibrí is a unique multicultural, free and open art festival for children and their families.","inLanguage":"sv-SE"}]}</script>
<!-- / Yoast SEO plugin. -->

Sagostund på portugisiska - Kolibri Festivaali

Läsmaraton på portugisiska! Författarna, karaktärerna och sagorna kommer att berätta om mångfalden av ett portugisiskspråkigt barndom. Vi kommer att läsa, […] Lue lisää &raquo;
