{"id":328090,"date":"2021-08-20T00:00:00","date_gmt":"2021-08-19T21:00:00","guid":{"rendered":"https:\/\/www.kolibrifestivaali.org\/event\/magiska-melodier\/"},"modified":"2025-08-15T12:32:36","modified_gmt":"2025-08-15T09:32:36","slug":"magiska-melodier","status":"publish","type":"event","link":"https:\/\/www.kolibrifestivaali.org\/sv\/event\/magiska-melodier\/","title":{"rendered":"Magiska melodier"},"content":{"rendered":"<p>Vill du l\u00e4ra k\u00e4nna La Gallina Turuleca, El Gallo Coroc\u00f3 eller El Caballo Verde? Och vill du veta vad som h\u00e4nde med den bullriga bilen? Uppt\u00e4ck det i denna roliga konsert med Leandro Roco och Laura Havu, som vi hade turen att uppleva p\u00e5 Kolibr\u00ed 2016!  <\/p>\n<p>Efter deras senaste framtr\u00e4dande 2022, \u00e4r Leandro och Laura tillbaka med en musikalisk fest f\u00f6r hela familjen. Dansa och sjunga med dina barn till barns\u00e5nger och popul\u00e4ra l\u00e5tar p\u00e5 spanska. Magiska melodier som f\u00e5r oss att dr\u00f6mma och l\u00e4ngta efter det som r\u00f6r och fyller oss.  <\/p>\n<p>Denna aktivitet \u00e4r m\u00f6jlig tack vare st\u00f6det fr\u00e5n <a href=\"https:\/\/efinl.cancilleria.gob.ar\/\" target=\"_blank\"  rel=\"noopener\">Argentinas ambassad i Finland<\/a>.<\/p>\n","protected":false},"featured_media":0,"template":"","activity_categories":[203],"ages":[1099,1094,924,273,1103],"languages":[51,54],"class_list":["post-328090","event","type-event","status-publish","hentry","activity_categories-konsert","ages-1-ar","ages-2-ar","ages-4-ar","ages-f-all-ages-sv","ages-bebisar","languages-b-es-sv","languages-c-fi-sv"],"acf":[],"yoast_head":"<!-- This site is optimized with the Yoast SEO plugin v27.4 - https:\/\/yoast.com\/product\/yoast-seo-wordpress\/ -->\n<title>Magiska melodier - Kolibri Festivaali<\/title>\n<meta name=\"robots\" content=\"index, follow, max-snippet:-1, max-image-preview:large, max-video-preview:-1\" \/>\n<link rel=\"canonical\" href=\"https:\/\/www.kolibrifestivaali.org\/sv\/event\/magiska-melodier\/\" \/>\n<meta property=\"og:locale\" content=\"sv_SE\" \/>\n<meta property=\"og:type\" content=\"article\" \/>\n<meta property=\"og:title\" content=\"Magiska melodier - Kolibri Festivaali\" \/>\n<meta property=\"og:description\" content=\"Vill du l\u00e4ra k\u00e4nna La Gallina Turuleca, El Gallo Coroc\u00f3 eller El Caballo Verde? Och vill du veta vad som [\u2026] Lue lis\u00e4\u00e4 &raquo;\" \/>\n<meta property=\"og:url\" content=\"https:\/\/www.kolibrifestivaali.org\/sv\/event\/magiska-melodier\/\" \/>\n<meta property=\"og:site_name\" content=\"Kolibri Festivaali\" \/>\n<meta property=\"article:modified_time\" content=\"2025-08-15T09:32:36+00:00\" \/>\n<meta name=\"twitter:card\" content=\"summary_large_image\" \/>\n<meta name=\"twitter:label1\" content=\"Ber\u00e4knad l\u00e4stid\" \/>\n\t<meta name=\"twitter:data1\" content=\"1 minut\" \/>\n<script type=\"application\/ld+json\" class=\"yoast-schema-graph\">{\"@context\":\"https:\\\/\\\/schema.org\",\"@graph\":[{\"@type\":\"WebPage\",\"@id\":\"https:\\\/\\\/www.kolibrifestivaali.org\\\/sv\\\/event\\\/magiska-melodier\\\/\",\"url\":\"https:\\\/\\\/www.kolibrifestivaali.org\\\/sv\\\/event\\\/magiska-melodier\\\/\",\"name\":\"Magiska melodier - Kolibri Festivaali\",\"isPartOf\":{\"@id\":\"https:\\\/\\\/www.kolibrifestivaali.org\\\/sv\\\/#website\"},\"datePublished\":\"2021-08-19T21:00:00+00:00\",\"dateModified\":\"2025-08-15T09:32:36+00:00\",\"breadcrumb\":{\"@id\":\"https:\\\/\\\/www.kolibrifestivaali.org\\\/sv\\\/event\\\/magiska-melodier\\\/#breadcrumb\"},\"inLanguage\":\"sv-SE\",\"potentialAction\":[{\"@type\":\"ReadAction\",\"target\":[\"https:\\\/\\\/www.kolibrifestivaali.org\\\/sv\\\/event\\\/magiska-melodier\\\/\"]}]},{\"@type\":\"BreadcrumbList\",\"@id\":\"https:\\\/\\\/www.kolibrifestivaali.org\\\/sv\\\/event\\\/magiska-melodier\\\/#breadcrumb\",\"itemListElement\":[{\"@type\":\"ListItem\",\"position\":1,\"name\":\"Home\",\"item\":\"https:\\\/\\\/www.kolibrifestivaali.org\\\/sv\\\/\"},{\"@type\":\"ListItem\",\"position\":2,\"name\":\"Magiska melodier\"}]},{\"@type\":\"WebSite\",\"@id\":\"https:\\\/\\\/www.kolibrifestivaali.org\\\/sv\\\/#website\",\"url\":\"https:\\\/\\\/www.kolibrifestivaali.org\\\/sv\\\/\",\"name\":\"Kolibri Festivaali\",\"description\":\"Kolibri\u0301 is a unique multicultural, free and open art festival for children and their families.\",\"inLanguage\":\"sv-SE\"}]}<\/script>\n<!-- \/ Yoast SEO plugin. -->","yoast_head_json":{"title":"Magiska melodier - Kolibri Festivaali","robots":{"index":"index","follow":"follow","max-snippet":"max-snippet:-1","max-image-preview":"max-image-preview:large","max-video-preview":"max-video-preview:-1"},"canonical":"https:\/\/www.kolibrifestivaali.org\/sv\/event\/magiska-melodier\/","og_locale":"sv_SE","og_type":"article","og_title":"Magiska melodier - Kolibri Festivaali","og_description":"Vill du l\u00e4ra k\u00e4nna La Gallina Turuleca, El Gallo Coroc\u00f3 eller El Caballo Verde? Och vill du veta vad som [\u2026] Lue lis\u00e4\u00e4 &raquo;","og_url":"https:\/\/www.kolibrifestivaali.org\/sv\/event\/magiska-melodier\/","og_site_name":"Kolibri Festivaali","article_modified_time":"2025-08-15T09:32:36+00:00","twitter_card":"summary_large_image","twitter_misc":{"Ber\u00e4knad l\u00e4stid":"1 minut"},"schema":{"@context":"https:\/\/schema.org","@graph":[{"@type":"WebPage","@id":"https:\/\/www.kolibrifestivaali.org\/sv\/event\/magiska-melodier\/","url":"https:\/\/www.kolibrifestivaali.org\/sv\/event\/magiska-melodier\/","name":"Magiska melodier - Kolibri Festivaali","isPartOf":{"@id":"https:\/\/www.kolibrifestivaali.org\/sv\/#website"},"datePublished":"2021-08-19T21:00:00+00:00","dateModified":"2025-08-15T09:32:36+00:00","breadcrumb":{"@id":"https:\/\/www.kolibrifestivaali.org\/sv\/event\/magiska-melodier\/#breadcrumb"},"inLanguage":"sv-SE","potentialAction":[{"@type":"ReadAction","target":["https:\/\/www.kolibrifestivaali.org\/sv\/event\/magiska-melodier\/"]}]},{"@type":"BreadcrumbList","@id":"https:\/\/www.kolibrifestivaali.org\/sv\/event\/magiska-melodier\/#breadcrumb","itemListElement":[{"@type":"ListItem","position":1,"name":"Home","item":"https:\/\/www.kolibrifestivaali.org\/sv\/"},{"@type":"ListItem","position":2,"name":"Magiska melodier"}]},{"@type":"WebSite","@id":"https:\/\/www.kolibrifestivaali.org\/sv\/#website","url":"https:\/\/www.kolibrifestivaali.org\/sv\/","name":"Kolibri Festivaali","description":"Kolibri\u0301 is a unique multicultural, free and open art festival for children and their families.","inLanguage":"sv-SE"}]}},"_links":{"self":[{"href":"https:\/\/www.kolibrifestivaali.org\/sv\/wp-json\/wp\/v2\/event\/328090","targetHints":{"allow":["GET"]}}],"collection":[{"href":"https:\/\/www.kolibrifestivaali.org\/sv\/wp-json\/wp\/v2\/event"}],"about":[{"href":"https:\/\/www.kolibrifestivaali.org\/sv\/wp-json\/wp\/v2\/types\/event"}],"wp:attachment":[{"href":"https:\/\/www.kolibrifestivaali.org\/sv\/wp-json\/wp\/v2\/media?parent=328090"}],"wp:term":[{"taxonomy":"activity_categories","embeddable":true,"href":"https:\/\/www.kolibrifestivaali.org\/sv\/wp-json\/wp\/v2\/activity_categories?post=328090"},{"taxonomy":"ages","embeddable":true,"href":"https:\/\/www.kolibrifestivaali.org\/sv\/wp-json\/wp\/v2\/ages?post=328090"},{"taxonomy":"languages","embeddable":true,"href":"https:\/\/www.kolibrifestivaali.org\/sv\/wp-json\/wp\/v2\/languages?post=328090"}],"curies":[{"name":"wp","href":"https:\/\/api.w.org\/{rel}","templated":true}]}}

<p>Vill du lära känna La Gallina Turuleca, El Gallo Corocó eller El Caballo Verde? Och vill du veta vad som hände med den bullriga bilen? Upptäck det i denna roliga konsert med Leandro Roco och Laura Havu, som vi hade turen att uppleva på Kolibrí 2016!  </p>
<p>Efter deras senaste framträdande 2022, är Leandro och Laura tillbaka med en musikalisk fest för hela familjen. Dansa och sjunga med dina barn till barnsånger och populära låtar på spanska. Magiska melodier som får oss att drömma och längta efter det som rör och fyller oss.  </p>
<p>Denna aktivitet är möjlig tack vare stödet från <a href="https://efinl.cancilleria.gob.ar/" target="_blank"  rel="noopener">Argentinas ambassad i Finland</a>.</p>

<!-- This site is optimized with the Yoast SEO plugin v27.4 - https://yoast.com/product/yoast-seo-wordpress/ -->
<title>Magiska melodier - Kolibri Festivaali</title>
<meta name="robots" content="index, follow, max-snippet:-1, max-image-preview:large, max-video-preview:-1" />
<link rel="canonical" href="https://www.kolibrifestivaali.org/sv/event/magiska-melodier/" />
<meta property="og:locale" content="sv_SE" />
<meta property="og:type" content="article" />
<meta property="og:title" content="Magiska melodier - Kolibri Festivaali" />
<meta property="og:description" content="Vill du lära känna La Gallina Turuleca, El Gallo Corocó eller El Caballo Verde? Och vill du veta vad som […] Lue lisää &raquo;" />
<meta property="og:url" content="https://www.kolibrifestivaali.org/sv/event/magiska-melodier/" />
<meta property="og:site_name" content="Kolibri Festivaali" />
<meta property="article:modified_time" content="2025-08-15T09:32:36+00:00" />
<meta name="twitter:card" content="summary_large_image" />
<meta name="twitter:label1" content="Beräknad lästid" />
	<meta name="twitter:data1" content="1 minut" />
<script type="application/ld+json" class="yoast-schema-graph">{"@context":"https:\/\/schema.org","@graph":[{"@type":"WebPage","@id":"https:\/\/www.kolibrifestivaali.org\/sv\/event\/magiska-melodier\/","url":"https:\/\/www.kolibrifestivaali.org\/sv\/event\/magiska-melodier\/","name":"Magiska melodier - Kolibri Festivaali","isPartOf":{"@id":"https:\/\/www.kolibrifestivaali.org\/sv\/#website"},"datePublished":"2021-08-19T21:00:00+00:00","dateModified":"2025-08-15T09:32:36+00:00","breadcrumb":{"@id":"https:\/\/www.kolibrifestivaali.org\/sv\/event\/magiska-melodier\/#breadcrumb"},"inLanguage":"sv-SE","potentialAction":[{"@type":"ReadAction","target":["https:\/\/www.kolibrifestivaali.org\/sv\/event\/magiska-melodier\/"]}]},{"@type":"BreadcrumbList","@id":"https:\/\/www.kolibrifestivaali.org\/sv\/event\/magiska-melodier\/#breadcrumb","itemListElement":[{"@type":"ListItem","position":1,"name":"Home","item":"https:\/\/www.kolibrifestivaali.org\/sv\/"},{"@type":"ListItem","position":2,"name":"Magiska melodier"}]},{"@type":"WebSite","@id":"https:\/\/www.kolibrifestivaali.org\/sv\/#website","url":"https:\/\/www.kolibrifestivaali.org\/sv\/","name":"Kolibri Festivaali","description":"Kolibrí is a unique multicultural, free and open art festival for children and their families.","inLanguage":"sv-SE"}]}</script>
<!-- / Yoast SEO plugin. -->

Vill du lära känna La Gallina Turuleca, El Gallo Corocó eller El Caballo Verde? Och vill du veta vad som […] Lue lisää &raquo;
