{"id":327654,"date":"2021-08-20T00:00:00","date_gmt":"2021-08-19T21:00:00","guid":{"rendered":"https:\/\/www.kolibrifestivaali.org\/artist\/arianna-squilloni\/"},"modified":"2025-08-12T17:11:24","modified_gmt":"2025-08-12T14:11:24","slug":"arianna-squilloni","status":"publish","type":"artist","link":"https:\/\/www.kolibrifestivaali.org\/sv\/artist\/arianna-squilloni\/","title":{"rendered":"Arianna Squilloni"},"content":{"rendered":"<p>Arianna Squilloni (IT) har en bakgrund inom tankens teori samt latin och grekisk filologi. Hon \u00e4r verksam som f\u00f6rfattare, l\u00e4rare och f\u00f6rl\u00e4ggare. Sedan 2002 bor hon i Barcelona, d\u00e4r hon arbetade p\u00e5 Thule Ediciones mellan 2003 och 2007. \u00c5r 2008 grundade hon sitt eget f\u00f6rlag, A buen paso. <\/p>\n<p>Hon medverkar regelbundet i facktidskrifter och deltar i seminarier och samtal, b\u00e5de i Spanien och internationellt. Som f\u00f6rfattare har hon gett ut illustrerade b\u00f6cker (&quot;El libro de los saludos&quot;, &quot;El constructor de muros&quot;, A buen paso; &quot;Bajo las piedras&quot;, Akiara), romaner (&quot;El verano de John Silver&quot;, Milrazones) och ess\u00e4er (&quot;En la oficina del editor&quot;, Pantalia). <\/p>\n<p>F\u00f6rlaget A buen paso \u00e4r det f\u00f6rsta inbjudna f\u00f6rlaget i Kolibr\u00ed Festivaalis historia \u2013 och g\u00e4star festivalens 10-\u00e5rsjubileum 2025.<\/p>\n","protected":false},"featured_media":327549,"menu_order":0,"template":"","class_list":["post-327654","artist","type-artist","status-publish","has-post-thumbnail","hentry"],"acf":[],"yoast_head":"<!-- This site is optimized with the Yoast SEO plugin v27.4 - https:\/\/yoast.com\/product\/yoast-seo-wordpress\/ -->\n<title>Arianna Squilloni - Kolibri Festivaali<\/title>\n<meta name=\"robots\" content=\"index, follow, max-snippet:-1, max-image-preview:large, max-video-preview:-1\" \/>\n<link rel=\"canonical\" href=\"https:\/\/www.kolibrifestivaali.org\/sv\/artist\/arianna-squilloni\/\" \/>\n<meta property=\"og:locale\" content=\"sv_SE\" \/>\n<meta property=\"og:type\" content=\"article\" \/>\n<meta property=\"og:title\" content=\"Arianna Squilloni - Kolibri Festivaali\" \/>\n<meta property=\"og:description\" content=\"Arianna Squilloni (IT) har en bakgrund inom tankens teori samt latin och grekisk filologi. Hon \u00e4r verksam som f\u00f6rfattare, l\u00e4rare [\u2026] Lue lis\u00e4\u00e4 &raquo;\" \/>\n<meta property=\"og:url\" content=\"https:\/\/www.kolibrifestivaali.org\/sv\/artist\/arianna-squilloni\/\" \/>\n<meta property=\"og:site_name\" content=\"Kolibri Festivaali\" \/>\n<meta property=\"article:modified_time\" content=\"2025-08-12T14:11:24+00:00\" \/>\n<meta property=\"og:image\" content=\"https:\/\/www.kolibrifestivaali.org\/wp-content\/uploads\/2025\/08\/ariannasquillonipicture.jpeg\" \/>\n\t<meta property=\"og:image:width\" content=\"1600\" \/>\n\t<meta property=\"og:image:height\" content=\"1066\" \/>\n\t<meta property=\"og:image:type\" content=\"image\/jpeg\" \/>\n<meta name=\"twitter:card\" content=\"summary_large_image\" \/>\n<meta name=\"twitter:label1\" content=\"Ber\u00e4knad l\u00e4stid\" \/>\n\t<meta name=\"twitter:data1\" content=\"1 minut\" \/>\n<script type=\"application\/ld+json\" class=\"yoast-schema-graph\">{\"@context\":\"https:\\\/\\\/schema.org\",\"@graph\":[{\"@type\":\"WebPage\",\"@id\":\"https:\\\/\\\/www.kolibrifestivaali.org\\\/sv\\\/artist\\\/arianna-squilloni\\\/\",\"url\":\"https:\\\/\\\/www.kolibrifestivaali.org\\\/sv\\\/artist\\\/arianna-squilloni\\\/\",\"name\":\"Arianna Squilloni - Kolibri Festivaali\",\"isPartOf\":{\"@id\":\"https:\\\/\\\/www.kolibrifestivaali.org\\\/sv\\\/#website\"},\"primaryImageOfPage\":{\"@id\":\"https:\\\/\\\/www.kolibrifestivaali.org\\\/sv\\\/artist\\\/arianna-squilloni\\\/#primaryimage\"},\"image\":{\"@id\":\"https:\\\/\\\/www.kolibrifestivaali.org\\\/sv\\\/artist\\\/arianna-squilloni\\\/#primaryimage\"},\"thumbnailUrl\":\"https:\\\/\\\/www.kolibrifestivaali.org\\\/wp-content\\\/uploads\\\/2025\\\/08\\\/ariannasquillonipicture.jpeg\",\"datePublished\":\"2021-08-19T21:00:00+00:00\",\"dateModified\":\"2025-08-12T14:11:24+00:00\",\"breadcrumb\":{\"@id\":\"https:\\\/\\\/www.kolibrifestivaali.org\\\/sv\\\/artist\\\/arianna-squilloni\\\/#breadcrumb\"},\"inLanguage\":\"sv-SE\",\"potentialAction\":[{\"@type\":\"ReadAction\",\"target\":[\"https:\\\/\\\/www.kolibrifestivaali.org\\\/sv\\\/artist\\\/arianna-squilloni\\\/\"]}]},{\"@type\":\"ImageObject\",\"inLanguage\":\"sv-SE\",\"@id\":\"https:\\\/\\\/www.kolibrifestivaali.org\\\/sv\\\/artist\\\/arianna-squilloni\\\/#primaryimage\",\"url\":\"https:\\\/\\\/www.kolibrifestivaali.org\\\/wp-content\\\/uploads\\\/2025\\\/08\\\/ariannasquillonipicture.jpeg\",\"contentUrl\":\"https:\\\/\\\/www.kolibrifestivaali.org\\\/wp-content\\\/uploads\\\/2025\\\/08\\\/ariannasquillonipicture.jpeg\",\"width\":1600,\"height\":1066},{\"@type\":\"BreadcrumbList\",\"@id\":\"https:\\\/\\\/www.kolibrifestivaali.org\\\/sv\\\/artist\\\/arianna-squilloni\\\/#breadcrumb\",\"itemListElement\":[{\"@type\":\"ListItem\",\"position\":1,\"name\":\"Home\",\"item\":\"https:\\\/\\\/www.kolibrifestivaali.org\\\/sv\\\/\"},{\"@type\":\"ListItem\",\"position\":2,\"name\":\"Arianna Squilloni\"}]},{\"@type\":\"WebSite\",\"@id\":\"https:\\\/\\\/www.kolibrifestivaali.org\\\/sv\\\/#website\",\"url\":\"https:\\\/\\\/www.kolibrifestivaali.org\\\/sv\\\/\",\"name\":\"Kolibri Festivaali\",\"description\":\"Kolibri\u0301 is a unique multicultural, free and open art festival for children and their families.\",\"inLanguage\":\"sv-SE\"}]}<\/script>\n<!-- \/ Yoast SEO plugin. -->","yoast_head_json":{"title":"Arianna Squilloni - Kolibri Festivaali","robots":{"index":"index","follow":"follow","max-snippet":"max-snippet:-1","max-image-preview":"max-image-preview:large","max-video-preview":"max-video-preview:-1"},"canonical":"https:\/\/www.kolibrifestivaali.org\/sv\/artist\/arianna-squilloni\/","og_locale":"sv_SE","og_type":"article","og_title":"Arianna Squilloni - Kolibri Festivaali","og_description":"Arianna Squilloni (IT) har en bakgrund inom tankens teori samt latin och grekisk filologi. Hon \u00e4r verksam som f\u00f6rfattare, l\u00e4rare [\u2026] Lue lis\u00e4\u00e4 &raquo;","og_url":"https:\/\/www.kolibrifestivaali.org\/sv\/artist\/arianna-squilloni\/","og_site_name":"Kolibri Festivaali","article_modified_time":"2025-08-12T14:11:24+00:00","og_image":[{"width":1600,"height":1066,"url":"https:\/\/www.kolibrifestivaali.org\/wp-content\/uploads\/2025\/08\/ariannasquillonipicture.jpeg","type":"image\/jpeg"}],"twitter_card":"summary_large_image","twitter_misc":{"Ber\u00e4knad l\u00e4stid":"1 minut"},"schema":{"@context":"https:\/\/schema.org","@graph":[{"@type":"WebPage","@id":"https:\/\/www.kolibrifestivaali.org\/sv\/artist\/arianna-squilloni\/","url":"https:\/\/www.kolibrifestivaali.org\/sv\/artist\/arianna-squilloni\/","name":"Arianna Squilloni - Kolibri Festivaali","isPartOf":{"@id":"https:\/\/www.kolibrifestivaali.org\/sv\/#website"},"primaryImageOfPage":{"@id":"https:\/\/www.kolibrifestivaali.org\/sv\/artist\/arianna-squilloni\/#primaryimage"},"image":{"@id":"https:\/\/www.kolibrifestivaali.org\/sv\/artist\/arianna-squilloni\/#primaryimage"},"thumbnailUrl":"https:\/\/www.kolibrifestivaali.org\/wp-content\/uploads\/2025\/08\/ariannasquillonipicture.jpeg","datePublished":"2021-08-19T21:00:00+00:00","dateModified":"2025-08-12T14:11:24+00:00","breadcrumb":{"@id":"https:\/\/www.kolibrifestivaali.org\/sv\/artist\/arianna-squilloni\/#breadcrumb"},"inLanguage":"sv-SE","potentialAction":[{"@type":"ReadAction","target":["https:\/\/www.kolibrifestivaali.org\/sv\/artist\/arianna-squilloni\/"]}]},{"@type":"ImageObject","inLanguage":"sv-SE","@id":"https:\/\/www.kolibrifestivaali.org\/sv\/artist\/arianna-squilloni\/#primaryimage","url":"https:\/\/www.kolibrifestivaali.org\/wp-content\/uploads\/2025\/08\/ariannasquillonipicture.jpeg","contentUrl":"https:\/\/www.kolibrifestivaali.org\/wp-content\/uploads\/2025\/08\/ariannasquillonipicture.jpeg","width":1600,"height":1066},{"@type":"BreadcrumbList","@id":"https:\/\/www.kolibrifestivaali.org\/sv\/artist\/arianna-squilloni\/#breadcrumb","itemListElement":[{"@type":"ListItem","position":1,"name":"Home","item":"https:\/\/www.kolibrifestivaali.org\/sv\/"},{"@type":"ListItem","position":2,"name":"Arianna Squilloni"}]},{"@type":"WebSite","@id":"https:\/\/www.kolibrifestivaali.org\/sv\/#website","url":"https:\/\/www.kolibrifestivaali.org\/sv\/","name":"Kolibri Festivaali","description":"Kolibri\u0301 is a unique multicultural, free and open art festival for children and their families.","inLanguage":"sv-SE"}]}},"_links":{"self":[{"href":"https:\/\/www.kolibrifestivaali.org\/sv\/wp-json\/wp\/v2\/artist\/327654","targetHints":{"allow":["GET"]}}],"collection":[{"href":"https:\/\/www.kolibrifestivaali.org\/sv\/wp-json\/wp\/v2\/artist"}],"about":[{"href":"https:\/\/www.kolibrifestivaali.org\/sv\/wp-json\/wp\/v2\/types\/artist"}],"wp:featuredmedia":[{"embeddable":true,"href":"https:\/\/www.kolibrifestivaali.org\/sv\/wp-json\/wp\/v2\/media\/327549"}],"wp:attachment":[{"href":"https:\/\/www.kolibrifestivaali.org\/sv\/wp-json\/wp\/v2\/media?parent=327654"}],"curies":[{"name":"wp","href":"https:\/\/api.w.org\/{rel}","templated":true}]}}

<p>Arianna Squilloni (IT) har en bakgrund inom tankens teori samt latin och grekisk filologi. Hon är verksam som författare, lärare och förläggare. Sedan 2002 bor hon i Barcelona, där hon arbetade på Thule Ediciones mellan 2003 och 2007. År 2008 grundade hon sitt eget förlag, A buen paso. </p>
<p>Hon medverkar regelbundet i facktidskrifter och deltar i seminarier och samtal, både i Spanien och internationellt. Som författare har hon gett ut illustrerade böcker (&quot;El libro de los saludos&quot;, &quot;El constructor de muros&quot;, A buen paso; &quot;Bajo las piedras&quot;, Akiara), romaner (&quot;El verano de John Silver&quot;, Milrazones) och essäer (&quot;En la oficina del editor&quot;, Pantalia). </p>
<p>Förlaget A buen paso är det första inbjudna förlaget i Kolibrí Festivaalis historia – och gästar festivalens 10-årsjubileum 2025.</p>

<!-- This site is optimized with the Yoast SEO plugin v27.4 - https://yoast.com/product/yoast-seo-wordpress/ -->
<title>Arianna Squilloni - Kolibri Festivaali</title>
<meta name="robots" content="index, follow, max-snippet:-1, max-image-preview:large, max-video-preview:-1" />
<link rel="canonical" href="https://www.kolibrifestivaali.org/sv/artist/arianna-squilloni/" />
<meta property="og:locale" content="sv_SE" />
<meta property="og:type" content="article" />
<meta property="og:title" content="Arianna Squilloni - Kolibri Festivaali" />
<meta property="og:description" content="Arianna Squilloni (IT) har en bakgrund inom tankens teori samt latin och grekisk filologi. Hon är verksam som författare, lärare […] Lue lisää &raquo;" />
<meta property="og:url" content="https://www.kolibrifestivaali.org/sv/artist/arianna-squilloni/" />
<meta property="og:site_name" content="Kolibri Festivaali" />
<meta property="article:modified_time" content="2025-08-12T14:11:24+00:00" />
<meta property="og:image" content="https://www.kolibrifestivaali.org/wp-content/uploads/2025/08/ariannasquillonipicture.jpeg" />
	<meta property="og:image:width" content="1600" />
	<meta property="og:image:height" content="1066" />
	<meta property="og:image:type" content="image/jpeg" />
<meta name="twitter:card" content="summary_large_image" />
<meta name="twitter:label1" content="Beräknad lästid" />
	<meta name="twitter:data1" content="1 minut" />
<script type="application/ld+json" class="yoast-schema-graph">{"@context":"https:\/\/schema.org","@graph":[{"@type":"WebPage","@id":"https:\/\/www.kolibrifestivaali.org\/sv\/artist\/arianna-squilloni\/","url":"https:\/\/www.kolibrifestivaali.org\/sv\/artist\/arianna-squilloni\/","name":"Arianna Squilloni - Kolibri Festivaali","isPartOf":{"@id":"https:\/\/www.kolibrifestivaali.org\/sv\/#website"},"primaryImageOfPage":{"@id":"https:\/\/www.kolibrifestivaali.org\/sv\/artist\/arianna-squilloni\/#primaryimage"},"image":{"@id":"https:\/\/www.kolibrifestivaali.org\/sv\/artist\/arianna-squilloni\/#primaryimage"},"thumbnailUrl":"https:\/\/www.kolibrifestivaali.org\/wp-content\/uploads\/2025\/08\/ariannasquillonipicture.jpeg","datePublished":"2021-08-19T21:00:00+00:00","dateModified":"2025-08-12T14:11:24+00:00","breadcrumb":{"@id":"https:\/\/www.kolibrifestivaali.org\/sv\/artist\/arianna-squilloni\/#breadcrumb"},"inLanguage":"sv-SE","potentialAction":[{"@type":"ReadAction","target":["https:\/\/www.kolibrifestivaali.org\/sv\/artist\/arianna-squilloni\/"]}]},{"@type":"ImageObject","inLanguage":"sv-SE","@id":"https:\/\/www.kolibrifestivaali.org\/sv\/artist\/arianna-squilloni\/#primaryimage","url":"https:\/\/www.kolibrifestivaali.org\/wp-content\/uploads\/2025\/08\/ariannasquillonipicture.jpeg","contentUrl":"https:\/\/www.kolibrifestivaali.org\/wp-content\/uploads\/2025\/08\/ariannasquillonipicture.jpeg","width":1600,"height":1066},{"@type":"BreadcrumbList","@id":"https:\/\/www.kolibrifestivaali.org\/sv\/artist\/arianna-squilloni\/#breadcrumb","itemListElement":[{"@type":"ListItem","position":1,"name":"Home","item":"https:\/\/www.kolibrifestivaali.org\/sv\/"},{"@type":"ListItem","position":2,"name":"Arianna Squilloni"}]},{"@type":"WebSite","@id":"https:\/\/www.kolibrifestivaali.org\/sv\/#website","url":"https:\/\/www.kolibrifestivaali.org\/sv\/","name":"Kolibri Festivaali","description":"Kolibrí is a unique multicultural, free and open art festival for children and their families.","inLanguage":"sv-SE"}]}</script>
<!-- / Yoast SEO plugin. -->

Arianna Squilloni (IT) har en bakgrund inom tankens teori samt latin och grekisk filologi. Hon är verksam som författare, lärare […] Lue lisää &raquo;
