{"id":327653,"date":"2021-08-20T00:00:00","date_gmt":"2021-08-19T21:00:00","guid":{"rendered":"https:\/\/www.kolibrifestivaali.org\/artist\/anar-ensemble\/"},"modified":"2025-08-12T17:11:23","modified_gmt":"2025-08-12T14:11:23","slug":"anar-ensemble","status":"publish","type":"artist","link":"https:\/\/www.kolibrifestivaali.org\/sv\/artist\/anar-ensemble\/","title":{"rendered":"Anar Ensemble"},"content":{"rendered":"<p><a href=\"https:\/\/www.instagram.com\/anar_ensemble\/\" target=\"_blank\"  rel=\"noopener\">Anar Ensemble<\/a> \u00e4r ett kreativt kollektiv av iranska pedagoger (Banafshe, Mahsa och Sara) som kombinerar sin erfarenhet inom utbildning, bildkonst och musik f\u00f6r att skapa gemenskapliga upplevelser f\u00f6r barn och familjer.  <\/p>\n<p>Anar Ensemble var bildad efter deras inspirerande f\u00f6rsta framtr\u00e4dande p\u00e5 Kulttuurikeskus Ninho 2023, och f\u00f6ddes ur en delad vision: att fr\u00e4mja kreativitet och kulturell samh\u00f6righet hos de yngsta eleverna genom en glad och praktisk utforskning.  <\/p>\n<p>Genom livfulla bilder, rytmisk musik, ber\u00e4ttande och interaktiv lek designar Anar Ensemble workshops och f\u00f6rest\u00e4llningar som firar identitet, integration och k\u00e4nslan av tillh\u00f6righet. Deras arbete inbjuder barn och deras f\u00f6r\u00e4ldrar att utforska en gemensam resa, d\u00e4r l\u00e4rande blir en plats f\u00f6r b\u00e5de uppt\u00e4ckt och gemenskap, och d\u00e4r varje r\u00f6st, kultur och historia \u00e4r v\u00e4lkommen och firad.<\/p>\n","protected":false},"featured_media":327543,"menu_order":0,"template":"","class_list":["post-327653","artist","type-artist","status-publish","has-post-thumbnail","hentry"],"acf":[],"yoast_head":"<!-- This site is optimized with the Yoast SEO plugin v27.4 - https:\/\/yoast.com\/product\/yoast-seo-wordpress\/ -->\n<title>Anar Ensemble - Kolibri Festivaali<\/title>\n<meta name=\"robots\" content=\"index, follow, max-snippet:-1, max-image-preview:large, max-video-preview:-1\" \/>\n<link rel=\"canonical\" href=\"https:\/\/www.kolibrifestivaali.org\/sv\/artist\/anar-ensemble\/\" \/>\n<meta property=\"og:locale\" content=\"sv_SE\" \/>\n<meta property=\"og:type\" content=\"article\" \/>\n<meta property=\"og:title\" content=\"Anar Ensemble - Kolibri Festivaali\" \/>\n<meta property=\"og:description\" content=\"Anar Ensemble \u00e4r ett kreativt kollektiv av iranska pedagoger (Banafshe, Mahsa och Sara) som kombinerar sin erfarenhet inom utbildning, bildkonst [\u2026] Lue lis\u00e4\u00e4 &raquo;\" \/>\n<meta property=\"og:url\" content=\"https:\/\/www.kolibrifestivaali.org\/sv\/artist\/anar-ensemble\/\" \/>\n<meta property=\"og:site_name\" content=\"Kolibri Festivaali\" \/>\n<meta property=\"article:modified_time\" content=\"2025-08-12T14:11:23+00:00\" \/>\n<meta property=\"og:image\" content=\"https:\/\/www.kolibrifestivaali.org\/wp-content\/uploads\/2025\/08\/anarensemble26min.jpg\" \/>\n\t<meta property=\"og:image:width\" content=\"1062\" \/>\n\t<meta property=\"og:image:height\" content=\"708\" \/>\n\t<meta property=\"og:image:type\" content=\"image\/jpeg\" \/>\n<meta name=\"twitter:card\" content=\"summary_large_image\" \/>\n<meta name=\"twitter:label1\" content=\"Ber\u00e4knad l\u00e4stid\" \/>\n\t<meta name=\"twitter:data1\" content=\"1 minut\" \/>\n<script type=\"application\/ld+json\" class=\"yoast-schema-graph\">{\"@context\":\"https:\\\/\\\/schema.org\",\"@graph\":[{\"@type\":\"WebPage\",\"@id\":\"https:\\\/\\\/www.kolibrifestivaali.org\\\/sv\\\/artist\\\/anar-ensemble\\\/\",\"url\":\"https:\\\/\\\/www.kolibrifestivaali.org\\\/sv\\\/artist\\\/anar-ensemble\\\/\",\"name\":\"Anar Ensemble - Kolibri Festivaali\",\"isPartOf\":{\"@id\":\"https:\\\/\\\/www.kolibrifestivaali.org\\\/sv\\\/#website\"},\"primaryImageOfPage\":{\"@id\":\"https:\\\/\\\/www.kolibrifestivaali.org\\\/sv\\\/artist\\\/anar-ensemble\\\/#primaryimage\"},\"image\":{\"@id\":\"https:\\\/\\\/www.kolibrifestivaali.org\\\/sv\\\/artist\\\/anar-ensemble\\\/#primaryimage\"},\"thumbnailUrl\":\"https:\\\/\\\/www.kolibrifestivaali.org\\\/wp-content\\\/uploads\\\/2025\\\/08\\\/anarensemble26min.jpg\",\"datePublished\":\"2021-08-19T21:00:00+00:00\",\"dateModified\":\"2025-08-12T14:11:23+00:00\",\"breadcrumb\":{\"@id\":\"https:\\\/\\\/www.kolibrifestivaali.org\\\/sv\\\/artist\\\/anar-ensemble\\\/#breadcrumb\"},\"inLanguage\":\"sv-SE\",\"potentialAction\":[{\"@type\":\"ReadAction\",\"target\":[\"https:\\\/\\\/www.kolibrifestivaali.org\\\/sv\\\/artist\\\/anar-ensemble\\\/\"]}]},{\"@type\":\"ImageObject\",\"inLanguage\":\"sv-SE\",\"@id\":\"https:\\\/\\\/www.kolibrifestivaali.org\\\/sv\\\/artist\\\/anar-ensemble\\\/#primaryimage\",\"url\":\"https:\\\/\\\/www.kolibrifestivaali.org\\\/wp-content\\\/uploads\\\/2025\\\/08\\\/anarensemble26min.jpg\",\"contentUrl\":\"https:\\\/\\\/www.kolibrifestivaali.org\\\/wp-content\\\/uploads\\\/2025\\\/08\\\/anarensemble26min.jpg\",\"width\":1062,\"height\":708},{\"@type\":\"BreadcrumbList\",\"@id\":\"https:\\\/\\\/www.kolibrifestivaali.org\\\/sv\\\/artist\\\/anar-ensemble\\\/#breadcrumb\",\"itemListElement\":[{\"@type\":\"ListItem\",\"position\":1,\"name\":\"Home\",\"item\":\"https:\\\/\\\/www.kolibrifestivaali.org\\\/sv\\\/\"},{\"@type\":\"ListItem\",\"position\":2,\"name\":\"Anar Ensemble\"}]},{\"@type\":\"WebSite\",\"@id\":\"https:\\\/\\\/www.kolibrifestivaali.org\\\/sv\\\/#website\",\"url\":\"https:\\\/\\\/www.kolibrifestivaali.org\\\/sv\\\/\",\"name\":\"Kolibri Festivaali\",\"description\":\"Kolibri\u0301 is a unique multicultural, free and open art festival for children and their families.\",\"inLanguage\":\"sv-SE\"}]}<\/script>\n<!-- \/ Yoast SEO plugin. -->","yoast_head_json":{"title":"Anar Ensemble - Kolibri Festivaali","robots":{"index":"index","follow":"follow","max-snippet":"max-snippet:-1","max-image-preview":"max-image-preview:large","max-video-preview":"max-video-preview:-1"},"canonical":"https:\/\/www.kolibrifestivaali.org\/sv\/artist\/anar-ensemble\/","og_locale":"sv_SE","og_type":"article","og_title":"Anar Ensemble - Kolibri Festivaali","og_description":"Anar Ensemble \u00e4r ett kreativt kollektiv av iranska pedagoger (Banafshe, Mahsa och Sara) som kombinerar sin erfarenhet inom utbildning, bildkonst [\u2026] Lue lis\u00e4\u00e4 &raquo;","og_url":"https:\/\/www.kolibrifestivaali.org\/sv\/artist\/anar-ensemble\/","og_site_name":"Kolibri Festivaali","article_modified_time":"2025-08-12T14:11:23+00:00","og_image":[{"width":1062,"height":708,"url":"https:\/\/www.kolibrifestivaali.org\/wp-content\/uploads\/2025\/08\/anarensemble26min.jpg","type":"image\/jpeg"}],"twitter_card":"summary_large_image","twitter_misc":{"Ber\u00e4knad l\u00e4stid":"1 minut"},"schema":{"@context":"https:\/\/schema.org","@graph":[{"@type":"WebPage","@id":"https:\/\/www.kolibrifestivaali.org\/sv\/artist\/anar-ensemble\/","url":"https:\/\/www.kolibrifestivaali.org\/sv\/artist\/anar-ensemble\/","name":"Anar Ensemble - Kolibri Festivaali","isPartOf":{"@id":"https:\/\/www.kolibrifestivaali.org\/sv\/#website"},"primaryImageOfPage":{"@id":"https:\/\/www.kolibrifestivaali.org\/sv\/artist\/anar-ensemble\/#primaryimage"},"image":{"@id":"https:\/\/www.kolibrifestivaali.org\/sv\/artist\/anar-ensemble\/#primaryimage"},"thumbnailUrl":"https:\/\/www.kolibrifestivaali.org\/wp-content\/uploads\/2025\/08\/anarensemble26min.jpg","datePublished":"2021-08-19T21:00:00+00:00","dateModified":"2025-08-12T14:11:23+00:00","breadcrumb":{"@id":"https:\/\/www.kolibrifestivaali.org\/sv\/artist\/anar-ensemble\/#breadcrumb"},"inLanguage":"sv-SE","potentialAction":[{"@type":"ReadAction","target":["https:\/\/www.kolibrifestivaali.org\/sv\/artist\/anar-ensemble\/"]}]},{"@type":"ImageObject","inLanguage":"sv-SE","@id":"https:\/\/www.kolibrifestivaali.org\/sv\/artist\/anar-ensemble\/#primaryimage","url":"https:\/\/www.kolibrifestivaali.org\/wp-content\/uploads\/2025\/08\/anarensemble26min.jpg","contentUrl":"https:\/\/www.kolibrifestivaali.org\/wp-content\/uploads\/2025\/08\/anarensemble26min.jpg","width":1062,"height":708},{"@type":"BreadcrumbList","@id":"https:\/\/www.kolibrifestivaali.org\/sv\/artist\/anar-ensemble\/#breadcrumb","itemListElement":[{"@type":"ListItem","position":1,"name":"Home","item":"https:\/\/www.kolibrifestivaali.org\/sv\/"},{"@type":"ListItem","position":2,"name":"Anar Ensemble"}]},{"@type":"WebSite","@id":"https:\/\/www.kolibrifestivaali.org\/sv\/#website","url":"https:\/\/www.kolibrifestivaali.org\/sv\/","name":"Kolibri Festivaali","description":"Kolibri\u0301 is a unique multicultural, free and open art festival for children and their families.","inLanguage":"sv-SE"}]}},"_links":{"self":[{"href":"https:\/\/www.kolibrifestivaali.org\/sv\/wp-json\/wp\/v2\/artist\/327653","targetHints":{"allow":["GET"]}}],"collection":[{"href":"https:\/\/www.kolibrifestivaali.org\/sv\/wp-json\/wp\/v2\/artist"}],"about":[{"href":"https:\/\/www.kolibrifestivaali.org\/sv\/wp-json\/wp\/v2\/types\/artist"}],"wp:featuredmedia":[{"embeddable":true,"href":"https:\/\/www.kolibrifestivaali.org\/sv\/wp-json\/wp\/v2\/media\/327543"}],"wp:attachment":[{"href":"https:\/\/www.kolibrifestivaali.org\/sv\/wp-json\/wp\/v2\/media?parent=327653"}],"curies":[{"name":"wp","href":"https:\/\/api.w.org\/{rel}","templated":true}]}}

<p><a href="https://www.instagram.com/anar_ensemble/" target="_blank"  rel="noopener">Anar Ensemble</a> är ett kreativt kollektiv av iranska pedagoger (Banafshe, Mahsa och Sara) som kombinerar sin erfarenhet inom utbildning, bildkonst och musik för att skapa gemenskapliga upplevelser för barn och familjer.  </p>
<p>Anar Ensemble var bildad efter deras inspirerande första framträdande på Kulttuurikeskus Ninho 2023, och föddes ur en delad vision: att främja kreativitet och kulturell samhörighet hos de yngsta eleverna genom en glad och praktisk utforskning.  </p>
<p>Genom livfulla bilder, rytmisk musik, berättande och interaktiv lek designar Anar Ensemble workshops och föreställningar som firar identitet, integration och känslan av tillhörighet. Deras arbete inbjuder barn och deras föräldrar att utforska en gemensam resa, där lärande blir en plats för både upptäckt och gemenskap, och där varje röst, kultur och historia är välkommen och firad.</p>

<!-- This site is optimized with the Yoast SEO plugin v27.4 - https://yoast.com/product/yoast-seo-wordpress/ -->
<title>Anar Ensemble - Kolibri Festivaali</title>
<meta name="robots" content="index, follow, max-snippet:-1, max-image-preview:large, max-video-preview:-1" />
<link rel="canonical" href="https://www.kolibrifestivaali.org/sv/artist/anar-ensemble/" />
<meta property="og:locale" content="sv_SE" />
<meta property="og:type" content="article" />
<meta property="og:title" content="Anar Ensemble - Kolibri Festivaali" />
<meta property="og:description" content="Anar Ensemble är ett kreativt kollektiv av iranska pedagoger (Banafshe, Mahsa och Sara) som kombinerar sin erfarenhet inom utbildning, bildkonst […] Lue lisää &raquo;" />
<meta property="og:url" content="https://www.kolibrifestivaali.org/sv/artist/anar-ensemble/" />
<meta property="og:site_name" content="Kolibri Festivaali" />
<meta property="article:modified_time" content="2025-08-12T14:11:23+00:00" />
<meta property="og:image" content="https://www.kolibrifestivaali.org/wp-content/uploads/2025/08/anarensemble26min.jpg" />
	<meta property="og:image:width" content="1062" />
	<meta property="og:image:height" content="708" />
	<meta property="og:image:type" content="image/jpeg" />
<meta name="twitter:card" content="summary_large_image" />
<meta name="twitter:label1" content="Beräknad lästid" />
	<meta name="twitter:data1" content="1 minut" />
<script type="application/ld+json" class="yoast-schema-graph">{"@context":"https:\/\/schema.org","@graph":[{"@type":"WebPage","@id":"https:\/\/www.kolibrifestivaali.org\/sv\/artist\/anar-ensemble\/","url":"https:\/\/www.kolibrifestivaali.org\/sv\/artist\/anar-ensemble\/","name":"Anar Ensemble - Kolibri Festivaali","isPartOf":{"@id":"https:\/\/www.kolibrifestivaali.org\/sv\/#website"},"primaryImageOfPage":{"@id":"https:\/\/www.kolibrifestivaali.org\/sv\/artist\/anar-ensemble\/#primaryimage"},"image":{"@id":"https:\/\/www.kolibrifestivaali.org\/sv\/artist\/anar-ensemble\/#primaryimage"},"thumbnailUrl":"https:\/\/www.kolibrifestivaali.org\/wp-content\/uploads\/2025\/08\/anarensemble26min.jpg","datePublished":"2021-08-19T21:00:00+00:00","dateModified":"2025-08-12T14:11:23+00:00","breadcrumb":{"@id":"https:\/\/www.kolibrifestivaali.org\/sv\/artist\/anar-ensemble\/#breadcrumb"},"inLanguage":"sv-SE","potentialAction":[{"@type":"ReadAction","target":["https:\/\/www.kolibrifestivaali.org\/sv\/artist\/anar-ensemble\/"]}]},{"@type":"ImageObject","inLanguage":"sv-SE","@id":"https:\/\/www.kolibrifestivaali.org\/sv\/artist\/anar-ensemble\/#primaryimage","url":"https:\/\/www.kolibrifestivaali.org\/wp-content\/uploads\/2025\/08\/anarensemble26min.jpg","contentUrl":"https:\/\/www.kolibrifestivaali.org\/wp-content\/uploads\/2025\/08\/anarensemble26min.jpg","width":1062,"height":708},{"@type":"BreadcrumbList","@id":"https:\/\/www.kolibrifestivaali.org\/sv\/artist\/anar-ensemble\/#breadcrumb","itemListElement":[{"@type":"ListItem","position":1,"name":"Home","item":"https:\/\/www.kolibrifestivaali.org\/sv\/"},{"@type":"ListItem","position":2,"name":"Anar Ensemble"}]},{"@type":"WebSite","@id":"https:\/\/www.kolibrifestivaali.org\/sv\/#website","url":"https:\/\/www.kolibrifestivaali.org\/sv\/","name":"Kolibri Festivaali","description":"Kolibrí is a unique multicultural, free and open art festival for children and their families.","inLanguage":"sv-SE"}]}</script>
<!-- / Yoast SEO plugin. -->

Anar Ensemble är ett kreativt kollektiv av iranska pedagoger (Banafshe, Mahsa och Sara) som kombinerar sin erfarenhet inom utbildning, bildkonst […] Lue lisää &raquo;
