{"id":327652,"date":"2021-08-20T00:00:00","date_gmt":"2021-08-19T21:00:00","guid":{"rendered":"https:\/\/www.kolibrifestivaali.org\/artist\/kampa-kollektiivi\/"},"modified":"2025-08-12T17:11:23","modified_gmt":"2025-08-12T14:11:23","slug":"kampa-kollektiivi","status":"publish","type":"artist","link":"https:\/\/www.kolibrifestivaali.org\/sv\/artist\/kampa-kollektiivi\/","title":{"rendered":"Kampa Kollektiivi"},"content":{"rendered":"<p>Kampa Kollektiivi \u00e4r en grupp utbildningsproffs som arbetar i solidaritet med Palestina. De organiserar demonstrationer och h\u00e5ller paneler och kulturella aktiviteter f\u00f6r att skapa utrymmen d\u00e4r palestinska r\u00f6ster kan dela sin rika kultur.<\/p>\n<p>De kommer att h\u00e5lla sin f\u00f6rsta aktivitet p\u00e5 Kolibr\u00ed 2025, med medlemmarna Nuha Abuzaid (PAL-KOR-FI), Niina Lisma (FI) och Anna Paula Herrera (MEX-FI), i samarbete med facilitatorerna Noor Assad (PAL-FI) och Moe (PAL).<\/p>\n","protected":false},"featured_media":327537,"menu_order":0,"template":"","class_list":["post-327652","artist","type-artist","status-publish","has-post-thumbnail","hentry"],"acf":[],"yoast_head":"<!-- This site is optimized with the Yoast SEO plugin v27.4 - https:\/\/yoast.com\/product\/yoast-seo-wordpress\/ -->\n<title>Kampa Kollektiivi - Kolibri Festivaali<\/title>\n<meta name=\"robots\" content=\"index, follow, max-snippet:-1, max-image-preview:large, max-video-preview:-1\" \/>\n<link rel=\"canonical\" href=\"https:\/\/www.kolibrifestivaali.org\/sv\/artist\/kampa-kollektiivi\/\" \/>\n<meta property=\"og:locale\" content=\"sv_SE\" \/>\n<meta property=\"og:type\" content=\"article\" \/>\n<meta property=\"og:title\" content=\"Kampa Kollektiivi - Kolibri Festivaali\" \/>\n<meta property=\"og:description\" content=\"Kampa Kollektiivi \u00e4r en grupp utbildningsproffs som arbetar i solidaritet med Palestina. De organiserar demonstrationer och h\u00e5ller paneler och kulturella [\u2026] Lue lis\u00e4\u00e4 &raquo;\" \/>\n<meta property=\"og:url\" content=\"https:\/\/www.kolibrifestivaali.org\/sv\/artist\/kampa-kollektiivi\/\" \/>\n<meta property=\"og:site_name\" content=\"Kolibri Festivaali\" \/>\n<meta property=\"article:modified_time\" content=\"2025-08-12T14:11:23+00:00\" \/>\n<meta property=\"og:image\" content=\"https:\/\/www.kolibrifestivaali.org\/wp-content\/uploads\/2025\/08\/kampa-kollektiivi-logo.jpg\" \/>\n\t<meta property=\"og:image:width\" content=\"1120\" \/>\n\t<meta property=\"og:image:height\" content=\"1060\" \/>\n\t<meta property=\"og:image:type\" content=\"image\/jpeg\" \/>\n<meta name=\"twitter:card\" content=\"summary_large_image\" \/>\n<script type=\"application\/ld+json\" class=\"yoast-schema-graph\">{\"@context\":\"https:\\\/\\\/schema.org\",\"@graph\":[{\"@type\":\"WebPage\",\"@id\":\"https:\\\/\\\/www.kolibrifestivaali.org\\\/sv\\\/artist\\\/kampa-kollektiivi\\\/\",\"url\":\"https:\\\/\\\/www.kolibrifestivaali.org\\\/sv\\\/artist\\\/kampa-kollektiivi\\\/\",\"name\":\"Kampa Kollektiivi - Kolibri Festivaali\",\"isPartOf\":{\"@id\":\"https:\\\/\\\/www.kolibrifestivaali.org\\\/sv\\\/#website\"},\"primaryImageOfPage\":{\"@id\":\"https:\\\/\\\/www.kolibrifestivaali.org\\\/sv\\\/artist\\\/kampa-kollektiivi\\\/#primaryimage\"},\"image\":{\"@id\":\"https:\\\/\\\/www.kolibrifestivaali.org\\\/sv\\\/artist\\\/kampa-kollektiivi\\\/#primaryimage\"},\"thumbnailUrl\":\"https:\\\/\\\/www.kolibrifestivaali.org\\\/wp-content\\\/uploads\\\/2025\\\/08\\\/kampa-kollektiivi-logo.jpg\",\"datePublished\":\"2021-08-19T21:00:00+00:00\",\"dateModified\":\"2025-08-12T14:11:23+00:00\",\"breadcrumb\":{\"@id\":\"https:\\\/\\\/www.kolibrifestivaali.org\\\/sv\\\/artist\\\/kampa-kollektiivi\\\/#breadcrumb\"},\"inLanguage\":\"sv-SE\",\"potentialAction\":[{\"@type\":\"ReadAction\",\"target\":[\"https:\\\/\\\/www.kolibrifestivaali.org\\\/sv\\\/artist\\\/kampa-kollektiivi\\\/\"]}]},{\"@type\":\"ImageObject\",\"inLanguage\":\"sv-SE\",\"@id\":\"https:\\\/\\\/www.kolibrifestivaali.org\\\/sv\\\/artist\\\/kampa-kollektiivi\\\/#primaryimage\",\"url\":\"https:\\\/\\\/www.kolibrifestivaali.org\\\/wp-content\\\/uploads\\\/2025\\\/08\\\/kampa-kollektiivi-logo.jpg\",\"contentUrl\":\"https:\\\/\\\/www.kolibrifestivaali.org\\\/wp-content\\\/uploads\\\/2025\\\/08\\\/kampa-kollektiivi-logo.jpg\",\"width\":1120,\"height\":1060},{\"@type\":\"BreadcrumbList\",\"@id\":\"https:\\\/\\\/www.kolibrifestivaali.org\\\/sv\\\/artist\\\/kampa-kollektiivi\\\/#breadcrumb\",\"itemListElement\":[{\"@type\":\"ListItem\",\"position\":1,\"name\":\"Home\",\"item\":\"https:\\\/\\\/www.kolibrifestivaali.org\\\/sv\\\/\"},{\"@type\":\"ListItem\",\"position\":2,\"name\":\"Kampa Kollektiivi\"}]},{\"@type\":\"WebSite\",\"@id\":\"https:\\\/\\\/www.kolibrifestivaali.org\\\/sv\\\/#website\",\"url\":\"https:\\\/\\\/www.kolibrifestivaali.org\\\/sv\\\/\",\"name\":\"Kolibri Festivaali\",\"description\":\"Kolibri\u0301 is a unique multicultural, free and open art festival for children and their families.\",\"inLanguage\":\"sv-SE\"}]}<\/script>\n<!-- \/ Yoast SEO plugin. -->","yoast_head_json":{"title":"Kampa Kollektiivi - Kolibri Festivaali","robots":{"index":"index","follow":"follow","max-snippet":"max-snippet:-1","max-image-preview":"max-image-preview:large","max-video-preview":"max-video-preview:-1"},"canonical":"https:\/\/www.kolibrifestivaali.org\/sv\/artist\/kampa-kollektiivi\/","og_locale":"sv_SE","og_type":"article","og_title":"Kampa Kollektiivi - Kolibri Festivaali","og_description":"Kampa Kollektiivi \u00e4r en grupp utbildningsproffs som arbetar i solidaritet med Palestina. De organiserar demonstrationer och h\u00e5ller paneler och kulturella [\u2026] Lue lis\u00e4\u00e4 &raquo;","og_url":"https:\/\/www.kolibrifestivaali.org\/sv\/artist\/kampa-kollektiivi\/","og_site_name":"Kolibri Festivaali","article_modified_time":"2025-08-12T14:11:23+00:00","og_image":[{"width":1120,"height":1060,"url":"https:\/\/www.kolibrifestivaali.org\/wp-content\/uploads\/2025\/08\/kampa-kollektiivi-logo.jpg","type":"image\/jpeg"}],"twitter_card":"summary_large_image","schema":{"@context":"https:\/\/schema.org","@graph":[{"@type":"WebPage","@id":"https:\/\/www.kolibrifestivaali.org\/sv\/artist\/kampa-kollektiivi\/","url":"https:\/\/www.kolibrifestivaali.org\/sv\/artist\/kampa-kollektiivi\/","name":"Kampa Kollektiivi - Kolibri Festivaali","isPartOf":{"@id":"https:\/\/www.kolibrifestivaali.org\/sv\/#website"},"primaryImageOfPage":{"@id":"https:\/\/www.kolibrifestivaali.org\/sv\/artist\/kampa-kollektiivi\/#primaryimage"},"image":{"@id":"https:\/\/www.kolibrifestivaali.org\/sv\/artist\/kampa-kollektiivi\/#primaryimage"},"thumbnailUrl":"https:\/\/www.kolibrifestivaali.org\/wp-content\/uploads\/2025\/08\/kampa-kollektiivi-logo.jpg","datePublished":"2021-08-19T21:00:00+00:00","dateModified":"2025-08-12T14:11:23+00:00","breadcrumb":{"@id":"https:\/\/www.kolibrifestivaali.org\/sv\/artist\/kampa-kollektiivi\/#breadcrumb"},"inLanguage":"sv-SE","potentialAction":[{"@type":"ReadAction","target":["https:\/\/www.kolibrifestivaali.org\/sv\/artist\/kampa-kollektiivi\/"]}]},{"@type":"ImageObject","inLanguage":"sv-SE","@id":"https:\/\/www.kolibrifestivaali.org\/sv\/artist\/kampa-kollektiivi\/#primaryimage","url":"https:\/\/www.kolibrifestivaali.org\/wp-content\/uploads\/2025\/08\/kampa-kollektiivi-logo.jpg","contentUrl":"https:\/\/www.kolibrifestivaali.org\/wp-content\/uploads\/2025\/08\/kampa-kollektiivi-logo.jpg","width":1120,"height":1060},{"@type":"BreadcrumbList","@id":"https:\/\/www.kolibrifestivaali.org\/sv\/artist\/kampa-kollektiivi\/#breadcrumb","itemListElement":[{"@type":"ListItem","position":1,"name":"Home","item":"https:\/\/www.kolibrifestivaali.org\/sv\/"},{"@type":"ListItem","position":2,"name":"Kampa Kollektiivi"}]},{"@type":"WebSite","@id":"https:\/\/www.kolibrifestivaali.org\/sv\/#website","url":"https:\/\/www.kolibrifestivaali.org\/sv\/","name":"Kolibri Festivaali","description":"Kolibri\u0301 is a unique multicultural, free and open art festival for children and their families.","inLanguage":"sv-SE"}]}},"_links":{"self":[{"href":"https:\/\/www.kolibrifestivaali.org\/sv\/wp-json\/wp\/v2\/artist\/327652","targetHints":{"allow":["GET"]}}],"collection":[{"href":"https:\/\/www.kolibrifestivaali.org\/sv\/wp-json\/wp\/v2\/artist"}],"about":[{"href":"https:\/\/www.kolibrifestivaali.org\/sv\/wp-json\/wp\/v2\/types\/artist"}],"wp:featuredmedia":[{"embeddable":true,"href":"https:\/\/www.kolibrifestivaali.org\/sv\/wp-json\/wp\/v2\/media\/327537"}],"wp:attachment":[{"href":"https:\/\/www.kolibrifestivaali.org\/sv\/wp-json\/wp\/v2\/media?parent=327652"}],"curies":[{"name":"wp","href":"https:\/\/api.w.org\/{rel}","templated":true}]}}

<p>Kampa Kollektiivi är en grupp utbildningsproffs som arbetar i solidaritet med Palestina. De organiserar demonstrationer och håller paneler och kulturella aktiviteter för att skapa utrymmen där palestinska röster kan dela sin rika kultur.</p>
<p>De kommer att hålla sin första aktivitet på Kolibrí 2025, med medlemmarna Nuha Abuzaid (PAL-KOR-FI), Niina Lisma (FI) och Anna Paula Herrera (MEX-FI), i samarbete med facilitatorerna Noor Assad (PAL-FI) och Moe (PAL).</p>

<!-- This site is optimized with the Yoast SEO plugin v27.4 - https://yoast.com/product/yoast-seo-wordpress/ -->
<title>Kampa Kollektiivi - Kolibri Festivaali</title>
<meta name="robots" content="index, follow, max-snippet:-1, max-image-preview:large, max-video-preview:-1" />
<link rel="canonical" href="https://www.kolibrifestivaali.org/sv/artist/kampa-kollektiivi/" />
<meta property="og:locale" content="sv_SE" />
<meta property="og:type" content="article" />
<meta property="og:title" content="Kampa Kollektiivi - Kolibri Festivaali" />
<meta property="og:description" content="Kampa Kollektiivi är en grupp utbildningsproffs som arbetar i solidaritet med Palestina. De organiserar demonstrationer och håller paneler och kulturella […] Lue lisää &raquo;" />
<meta property="og:url" content="https://www.kolibrifestivaali.org/sv/artist/kampa-kollektiivi/" />
<meta property="og:site_name" content="Kolibri Festivaali" />
<meta property="article:modified_time" content="2025-08-12T14:11:23+00:00" />
<meta property="og:image" content="https://www.kolibrifestivaali.org/wp-content/uploads/2025/08/kampa-kollektiivi-logo.jpg" />
	<meta property="og:image:width" content="1120" />
	<meta property="og:image:height" content="1060" />
	<meta property="og:image:type" content="image/jpeg" />
<meta name="twitter:card" content="summary_large_image" />
<script type="application/ld+json" class="yoast-schema-graph">{"@context":"https:\/\/schema.org","@graph":[{"@type":"WebPage","@id":"https:\/\/www.kolibrifestivaali.org\/sv\/artist\/kampa-kollektiivi\/","url":"https:\/\/www.kolibrifestivaali.org\/sv\/artist\/kampa-kollektiivi\/","name":"Kampa Kollektiivi - Kolibri Festivaali","isPartOf":{"@id":"https:\/\/www.kolibrifestivaali.org\/sv\/#website"},"primaryImageOfPage":{"@id":"https:\/\/www.kolibrifestivaali.org\/sv\/artist\/kampa-kollektiivi\/#primaryimage"},"image":{"@id":"https:\/\/www.kolibrifestivaali.org\/sv\/artist\/kampa-kollektiivi\/#primaryimage"},"thumbnailUrl":"https:\/\/www.kolibrifestivaali.org\/wp-content\/uploads\/2025\/08\/kampa-kollektiivi-logo.jpg","datePublished":"2021-08-19T21:00:00+00:00","dateModified":"2025-08-12T14:11:23+00:00","breadcrumb":{"@id":"https:\/\/www.kolibrifestivaali.org\/sv\/artist\/kampa-kollektiivi\/#breadcrumb"},"inLanguage":"sv-SE","potentialAction":[{"@type":"ReadAction","target":["https:\/\/www.kolibrifestivaali.org\/sv\/artist\/kampa-kollektiivi\/"]}]},{"@type":"ImageObject","inLanguage":"sv-SE","@id":"https:\/\/www.kolibrifestivaali.org\/sv\/artist\/kampa-kollektiivi\/#primaryimage","url":"https:\/\/www.kolibrifestivaali.org\/wp-content\/uploads\/2025\/08\/kampa-kollektiivi-logo.jpg","contentUrl":"https:\/\/www.kolibrifestivaali.org\/wp-content\/uploads\/2025\/08\/kampa-kollektiivi-logo.jpg","width":1120,"height":1060},{"@type":"BreadcrumbList","@id":"https:\/\/www.kolibrifestivaali.org\/sv\/artist\/kampa-kollektiivi\/#breadcrumb","itemListElement":[{"@type":"ListItem","position":1,"name":"Home","item":"https:\/\/www.kolibrifestivaali.org\/sv\/"},{"@type":"ListItem","position":2,"name":"Kampa Kollektiivi"}]},{"@type":"WebSite","@id":"https:\/\/www.kolibrifestivaali.org\/sv\/#website","url":"https:\/\/www.kolibrifestivaali.org\/sv\/","name":"Kolibri Festivaali","description":"Kolibrí is a unique multicultural, free and open art festival for children and their families.","inLanguage":"sv-SE"}]}</script>
<!-- / Yoast SEO plugin. -->

Kampa Kollektiivi är en grupp utbildningsproffs som arbetar i solidaritet med Palestina. De organiserar demonstrationer och håller paneler och kulturella […] Lue lisää &raquo;
