{"id":327645,"date":"2021-08-20T00:00:00","date_gmt":"2021-08-19T21:00:00","guid":{"rendered":"https:\/\/www.kolibrifestivaali.org\/artist\/laura-zubillaga\/"},"modified":"2025-08-12T17:11:22","modified_gmt":"2025-08-12T14:11:22","slug":"laura-zubillaga","status":"publish","type":"artist","link":"https:\/\/www.kolibrifestivaali.org\/sv\/artist\/laura-zubillaga\/","title":{"rendered":"Laura Zubillaga"},"content":{"rendered":"<p>Laura Zubillaga (AR) \u00e4r universitetsl\u00e4rare i tr\u00e4arkitektur vid Aalto-universitetet. Sedan 2015 har hon varit aktivt involverad i undervisningen inom Aalto-universitetets Wood Program och lett mer \u00e4n 10 experimentella design- och byggprojekt. Hon \u00e4r specialiserad p\u00e5 tr\u00e4byggande, prefabricering och milj\u00f6p\u00e5verkansbed\u00f6mning. Hon har ocks\u00e5 en gedigen erfarenhet inom tr\u00e4industrin, med kunskaper f\u00f6rv\u00e4rvade b\u00e5de i Sydamerika och Finland.  <\/p>\n<p>F\u00f6rutom sina undervisningsansvar h\u00e5ller Laura f\u00f6r n\u00e4rvarande p\u00e5 att doktorera, med fokus p\u00e5 &quot;H\u00e5llbarhetsperspektiv i utbildningen av tr\u00e4arkitektur&quot;.<\/p>\n","protected":false},"featured_media":327495,"menu_order":0,"template":"","class_list":["post-327645","artist","type-artist","status-publish","has-post-thumbnail","hentry"],"acf":[],"yoast_head":"<!-- This site is optimized with the Yoast SEO plugin v27.4 - https:\/\/yoast.com\/product\/yoast-seo-wordpress\/ -->\n<title>Laura Zubillaga - Kolibri Festivaali<\/title>\n<meta name=\"robots\" content=\"index, follow, max-snippet:-1, max-image-preview:large, max-video-preview:-1\" \/>\n<link rel=\"canonical\" href=\"https:\/\/www.kolibrifestivaali.org\/sv\/artist\/laura-zubillaga\/\" \/>\n<meta property=\"og:locale\" content=\"sv_SE\" \/>\n<meta property=\"og:type\" content=\"article\" \/>\n<meta property=\"og:title\" content=\"Laura Zubillaga - Kolibri Festivaali\" \/>\n<meta property=\"og:description\" content=\"Laura Zubillaga (AR) \u00e4r universitetsl\u00e4rare i tr\u00e4arkitektur vid Aalto-universitetet. Sedan 2015 har hon varit aktivt involverad i undervisningen inom Aalto-universitetets [\u2026] Lue lis\u00e4\u00e4 &raquo;\" \/>\n<meta property=\"og:url\" content=\"https:\/\/www.kolibrifestivaali.org\/sv\/artist\/laura-zubillaga\/\" \/>\n<meta property=\"og:site_name\" content=\"Kolibri Festivaali\" \/>\n<meta property=\"article:modified_time\" content=\"2025-08-12T14:11:22+00:00\" \/>\n<meta property=\"og:image\" content=\"https:\/\/www.kolibrifestivaali.org\/wp-content\/uploads\/2025\/08\/laurazubillaga1-scaled.jpg\" \/>\n\t<meta property=\"og:image:width\" content=\"2152\" \/>\n\t<meta property=\"og:image:height\" content=\"2560\" \/>\n\t<meta property=\"og:image:type\" content=\"image\/jpeg\" \/>\n<meta name=\"twitter:card\" content=\"summary_large_image\" \/>\n<script type=\"application\/ld+json\" class=\"yoast-schema-graph\">{\"@context\":\"https:\\\/\\\/schema.org\",\"@graph\":[{\"@type\":\"WebPage\",\"@id\":\"https:\\\/\\\/www.kolibrifestivaali.org\\\/sv\\\/artist\\\/laura-zubillaga\\\/\",\"url\":\"https:\\\/\\\/www.kolibrifestivaali.org\\\/sv\\\/artist\\\/laura-zubillaga\\\/\",\"name\":\"Laura Zubillaga - Kolibri Festivaali\",\"isPartOf\":{\"@id\":\"https:\\\/\\\/www.kolibrifestivaali.org\\\/sv\\\/#website\"},\"primaryImageOfPage\":{\"@id\":\"https:\\\/\\\/www.kolibrifestivaali.org\\\/sv\\\/artist\\\/laura-zubillaga\\\/#primaryimage\"},\"image\":{\"@id\":\"https:\\\/\\\/www.kolibrifestivaali.org\\\/sv\\\/artist\\\/laura-zubillaga\\\/#primaryimage\"},\"thumbnailUrl\":\"https:\\\/\\\/www.kolibrifestivaali.org\\\/wp-content\\\/uploads\\\/2025\\\/08\\\/laurazubillaga1-scaled.jpg\",\"datePublished\":\"2021-08-19T21:00:00+00:00\",\"dateModified\":\"2025-08-12T14:11:22+00:00\",\"breadcrumb\":{\"@id\":\"https:\\\/\\\/www.kolibrifestivaali.org\\\/sv\\\/artist\\\/laura-zubillaga\\\/#breadcrumb\"},\"inLanguage\":\"sv-SE\",\"potentialAction\":[{\"@type\":\"ReadAction\",\"target\":[\"https:\\\/\\\/www.kolibrifestivaali.org\\\/sv\\\/artist\\\/laura-zubillaga\\\/\"]}]},{\"@type\":\"ImageObject\",\"inLanguage\":\"sv-SE\",\"@id\":\"https:\\\/\\\/www.kolibrifestivaali.org\\\/sv\\\/artist\\\/laura-zubillaga\\\/#primaryimage\",\"url\":\"https:\\\/\\\/www.kolibrifestivaali.org\\\/wp-content\\\/uploads\\\/2025\\\/08\\\/laurazubillaga1-scaled.jpg\",\"contentUrl\":\"https:\\\/\\\/www.kolibrifestivaali.org\\\/wp-content\\\/uploads\\\/2025\\\/08\\\/laurazubillaga1-scaled.jpg\",\"width\":2152,\"height\":2560},{\"@type\":\"BreadcrumbList\",\"@id\":\"https:\\\/\\\/www.kolibrifestivaali.org\\\/sv\\\/artist\\\/laura-zubillaga\\\/#breadcrumb\",\"itemListElement\":[{\"@type\":\"ListItem\",\"position\":1,\"name\":\"Home\",\"item\":\"https:\\\/\\\/www.kolibrifestivaali.org\\\/sv\\\/\"},{\"@type\":\"ListItem\",\"position\":2,\"name\":\"Laura Zubillaga\"}]},{\"@type\":\"WebSite\",\"@id\":\"https:\\\/\\\/www.kolibrifestivaali.org\\\/sv\\\/#website\",\"url\":\"https:\\\/\\\/www.kolibrifestivaali.org\\\/sv\\\/\",\"name\":\"Kolibri Festivaali\",\"description\":\"Kolibri\u0301 is a unique multicultural, free and open art festival for children and their families.\",\"inLanguage\":\"sv-SE\"}]}<\/script>\n<!-- \/ Yoast SEO plugin. -->","yoast_head_json":{"title":"Laura Zubillaga - Kolibri Festivaali","robots":{"index":"index","follow":"follow","max-snippet":"max-snippet:-1","max-image-preview":"max-image-preview:large","max-video-preview":"max-video-preview:-1"},"canonical":"https:\/\/www.kolibrifestivaali.org\/sv\/artist\/laura-zubillaga\/","og_locale":"sv_SE","og_type":"article","og_title":"Laura Zubillaga - Kolibri Festivaali","og_description":"Laura Zubillaga (AR) \u00e4r universitetsl\u00e4rare i tr\u00e4arkitektur vid Aalto-universitetet. Sedan 2015 har hon varit aktivt involverad i undervisningen inom Aalto-universitetets [\u2026] Lue lis\u00e4\u00e4 &raquo;","og_url":"https:\/\/www.kolibrifestivaali.org\/sv\/artist\/laura-zubillaga\/","og_site_name":"Kolibri Festivaali","article_modified_time":"2025-08-12T14:11:22+00:00","og_image":[{"width":2152,"height":2560,"url":"https:\/\/www.kolibrifestivaali.org\/wp-content\/uploads\/2025\/08\/laurazubillaga1-scaled.jpg","type":"image\/jpeg"}],"twitter_card":"summary_large_image","schema":{"@context":"https:\/\/schema.org","@graph":[{"@type":"WebPage","@id":"https:\/\/www.kolibrifestivaali.org\/sv\/artist\/laura-zubillaga\/","url":"https:\/\/www.kolibrifestivaali.org\/sv\/artist\/laura-zubillaga\/","name":"Laura Zubillaga - Kolibri Festivaali","isPartOf":{"@id":"https:\/\/www.kolibrifestivaali.org\/sv\/#website"},"primaryImageOfPage":{"@id":"https:\/\/www.kolibrifestivaali.org\/sv\/artist\/laura-zubillaga\/#primaryimage"},"image":{"@id":"https:\/\/www.kolibrifestivaali.org\/sv\/artist\/laura-zubillaga\/#primaryimage"},"thumbnailUrl":"https:\/\/www.kolibrifestivaali.org\/wp-content\/uploads\/2025\/08\/laurazubillaga1-scaled.jpg","datePublished":"2021-08-19T21:00:00+00:00","dateModified":"2025-08-12T14:11:22+00:00","breadcrumb":{"@id":"https:\/\/www.kolibrifestivaali.org\/sv\/artist\/laura-zubillaga\/#breadcrumb"},"inLanguage":"sv-SE","potentialAction":[{"@type":"ReadAction","target":["https:\/\/www.kolibrifestivaali.org\/sv\/artist\/laura-zubillaga\/"]}]},{"@type":"ImageObject","inLanguage":"sv-SE","@id":"https:\/\/www.kolibrifestivaali.org\/sv\/artist\/laura-zubillaga\/#primaryimage","url":"https:\/\/www.kolibrifestivaali.org\/wp-content\/uploads\/2025\/08\/laurazubillaga1-scaled.jpg","contentUrl":"https:\/\/www.kolibrifestivaali.org\/wp-content\/uploads\/2025\/08\/laurazubillaga1-scaled.jpg","width":2152,"height":2560},{"@type":"BreadcrumbList","@id":"https:\/\/www.kolibrifestivaali.org\/sv\/artist\/laura-zubillaga\/#breadcrumb","itemListElement":[{"@type":"ListItem","position":1,"name":"Home","item":"https:\/\/www.kolibrifestivaali.org\/sv\/"},{"@type":"ListItem","position":2,"name":"Laura Zubillaga"}]},{"@type":"WebSite","@id":"https:\/\/www.kolibrifestivaali.org\/sv\/#website","url":"https:\/\/www.kolibrifestivaali.org\/sv\/","name":"Kolibri Festivaali","description":"Kolibri\u0301 is a unique multicultural, free and open art festival for children and their families.","inLanguage":"sv-SE"}]}},"_links":{"self":[{"href":"https:\/\/www.kolibrifestivaali.org\/sv\/wp-json\/wp\/v2\/artist\/327645","targetHints":{"allow":["GET"]}}],"collection":[{"href":"https:\/\/www.kolibrifestivaali.org\/sv\/wp-json\/wp\/v2\/artist"}],"about":[{"href":"https:\/\/www.kolibrifestivaali.org\/sv\/wp-json\/wp\/v2\/types\/artist"}],"wp:featuredmedia":[{"embeddable":true,"href":"https:\/\/www.kolibrifestivaali.org\/sv\/wp-json\/wp\/v2\/media\/327495"}],"wp:attachment":[{"href":"https:\/\/www.kolibrifestivaali.org\/sv\/wp-json\/wp\/v2\/media?parent=327645"}],"curies":[{"name":"wp","href":"https:\/\/api.w.org\/{rel}","templated":true}]}}

<p>Laura Zubillaga (AR) är universitetslärare i träarkitektur vid Aalto-universitetet. Sedan 2015 har hon varit aktivt involverad i undervisningen inom Aalto-universitetets Wood Program och lett mer än 10 experimentella design- och byggprojekt. Hon är specialiserad på träbyggande, prefabricering och miljöpåverkansbedömning. Hon har också en gedigen erfarenhet inom träindustrin, med kunskaper förvärvade både i Sydamerika och Finland.  </p>
<p>Förutom sina undervisningsansvar håller Laura för närvarande på att doktorera, med fokus på &quot;Hållbarhetsperspektiv i utbildningen av träarkitektur&quot;.</p>

<!-- This site is optimized with the Yoast SEO plugin v27.4 - https://yoast.com/product/yoast-seo-wordpress/ -->
<title>Laura Zubillaga - Kolibri Festivaali</title>
<meta name="robots" content="index, follow, max-snippet:-1, max-image-preview:large, max-video-preview:-1" />
<link rel="canonical" href="https://www.kolibrifestivaali.org/sv/artist/laura-zubillaga/" />
<meta property="og:locale" content="sv_SE" />
<meta property="og:type" content="article" />
<meta property="og:title" content="Laura Zubillaga - Kolibri Festivaali" />
<meta property="og:description" content="Laura Zubillaga (AR) är universitetslärare i träarkitektur vid Aalto-universitetet. Sedan 2015 har hon varit aktivt involverad i undervisningen inom Aalto-universitetets […] Lue lisää &raquo;" />
<meta property="og:url" content="https://www.kolibrifestivaali.org/sv/artist/laura-zubillaga/" />
<meta property="og:site_name" content="Kolibri Festivaali" />
<meta property="article:modified_time" content="2025-08-12T14:11:22+00:00" />
<meta property="og:image" content="https://www.kolibrifestivaali.org/wp-content/uploads/2025/08/laurazubillaga1-scaled.jpg" />
	<meta property="og:image:width" content="2152" />
	<meta property="og:image:height" content="2560" />
	<meta property="og:image:type" content="image/jpeg" />
<meta name="twitter:card" content="summary_large_image" />
<script type="application/ld+json" class="yoast-schema-graph">{"@context":"https:\/\/schema.org","@graph":[{"@type":"WebPage","@id":"https:\/\/www.kolibrifestivaali.org\/sv\/artist\/laura-zubillaga\/","url":"https:\/\/www.kolibrifestivaali.org\/sv\/artist\/laura-zubillaga\/","name":"Laura Zubillaga - Kolibri Festivaali","isPartOf":{"@id":"https:\/\/www.kolibrifestivaali.org\/sv\/#website"},"primaryImageOfPage":{"@id":"https:\/\/www.kolibrifestivaali.org\/sv\/artist\/laura-zubillaga\/#primaryimage"},"image":{"@id":"https:\/\/www.kolibrifestivaali.org\/sv\/artist\/laura-zubillaga\/#primaryimage"},"thumbnailUrl":"https:\/\/www.kolibrifestivaali.org\/wp-content\/uploads\/2025\/08\/laurazubillaga1-scaled.jpg","datePublished":"2021-08-19T21:00:00+00:00","dateModified":"2025-08-12T14:11:22+00:00","breadcrumb":{"@id":"https:\/\/www.kolibrifestivaali.org\/sv\/artist\/laura-zubillaga\/#breadcrumb"},"inLanguage":"sv-SE","potentialAction":[{"@type":"ReadAction","target":["https:\/\/www.kolibrifestivaali.org\/sv\/artist\/laura-zubillaga\/"]}]},{"@type":"ImageObject","inLanguage":"sv-SE","@id":"https:\/\/www.kolibrifestivaali.org\/sv\/artist\/laura-zubillaga\/#primaryimage","url":"https:\/\/www.kolibrifestivaali.org\/wp-content\/uploads\/2025\/08\/laurazubillaga1-scaled.jpg","contentUrl":"https:\/\/www.kolibrifestivaali.org\/wp-content\/uploads\/2025\/08\/laurazubillaga1-scaled.jpg","width":2152,"height":2560},{"@type":"BreadcrumbList","@id":"https:\/\/www.kolibrifestivaali.org\/sv\/artist\/laura-zubillaga\/#breadcrumb","itemListElement":[{"@type":"ListItem","position":1,"name":"Home","item":"https:\/\/www.kolibrifestivaali.org\/sv\/"},{"@type":"ListItem","position":2,"name":"Laura Zubillaga"}]},{"@type":"WebSite","@id":"https:\/\/www.kolibrifestivaali.org\/sv\/#website","url":"https:\/\/www.kolibrifestivaali.org\/sv\/","name":"Kolibri Festivaali","description":"Kolibrí is a unique multicultural, free and open art festival for children and their families.","inLanguage":"sv-SE"}]}</script>
<!-- / Yoast SEO plugin. -->

Laura Zubillaga (AR) är universitetslärare i träarkitektur vid Aalto-universitetet. Sedan 2015 har hon varit aktivt involverad i undervisningen inom Aalto-universitetets […] Lue lisää &raquo;
