{"id":328051,"date":"2021-08-20T00:00:00","date_gmt":"2021-08-19T21:00:00","guid":{"rendered":"https:\/\/www.kolibrifestivaali.org\/event\/janelas-para-enxergar-o-diferente-criatividade-imagem-e-expressao\/"},"modified":"2025-08-15T12:31:19","modified_gmt":"2025-08-15T09:31:19","slug":"janelas-para-enxergar-o-diferente-criatividade-imagem-e-expressao","status":"publish","type":"event","link":"https:\/\/www.kolibrifestivaali.org\/pt-pt\/event\/janelas-para-enxergar-o-diferente-criatividade-imagem-e-expressao\/","title":{"rendered":"Janelas para enxergar o diferente: criatividade, imagem e express\u00e3o"},"content":{"rendered":"<p>O autor e ilustrador argentino Gusti Rosemffet vai conduzir uma oficina profissional voltada para educadores que trabalham com pessoas com defici\u00eancia. <\/p>\n<p>Essa sess\u00e3o, que combina teoria e pr\u00e1tica, apresenta a abordagem de educa\u00e7\u00e3o art\u00edstica inclusiva desenvolvida pela <a href=\"https:\/\/www.windown.org\/\" target=\"_blank\"  rel=\"noopener\">Windown<\/a>, uma escola de arte sem fins lucrativos com sede em Barcelona. A Windown, cofundada por Gusti, oferece espa\u00e7os criativos para pessoas com defici\u00eancias intelectuais e f\u00edsicas. <\/p>\n<p>Como explica Gusti: \u201cA arte \u00e9 uma ferramenta fant\u00e1stica, sem manual de instru\u00e7\u00f5es. Na arte, n\u00e3o existe defici\u00eancia. Qualquer pessoa pode us\u00e1-la, independentemente da idade, cor da pele, sexo ou defici\u00eancia.\u201d <\/p>\n<p>Participe com Gusti e descubra como a arte pode ser uma ferramenta de inclus\u00e3o, express\u00e3o e empoderamento, valorizando as habilidades \u00fanicas de cada participante e promovendo a conscientiza\u00e7\u00e3o sobre a exclus\u00e3o social. <\/p>\n<p>\u201cN\u00e3o \u00e0s defici\u00eancias, sim \u00e0s capacidades.\u201d \u2013 Gusti <\/p>\n<p>\u26a0\ufe0f Vagas muito limitadas e com lista de espera. Voc\u00ea pode se inscrever atrav\u00e9s do <a href=\"https:\/\/forms.office.com\/e\/gtJLisCiq9\" target=\"_blank\"  rel=\"noopener\">formul\u00e1rio<\/a>. <\/p>\n<p>Para mais informa\u00e7\u00f5es, escreva para: <a href=\"mailto:info@ninho.fi\">info@ninho.fi<\/a><\/p>\n<p>A participa\u00e7\u00e3o de Gusti no Kolibr\u00ed Festivaali \u00e9 poss\u00edvel gra\u00e7as \u00e0 colabora\u00e7\u00e3o da <a href=\"https:\/\/www.cultura.gob.es\/cultura\/libro-bibliotecas.html\" target=\"_blank\"  rel=\"noopener\">Direcci\u00f3n General del Libro, del C\u00f3mic y de la Lectura do Ministerio de Cultura y Deportes da Espanha<\/a>. Esta atividade \u00e9 fruto de uma colabora\u00e7\u00e3o com <a href=\"https:\/\/www.livesaatio.fi\/opisto\/hakijalle\/telma-koulutus\/toimipaikat\/leppavaara\" target=\"_blank\"  rel=\"noopener\">Ammattiopisto LIVE<\/a>.<\/p>\n","protected":false},"featured_media":0,"template":"","activity_categories":[1069],"ages":[169],"languages":[46],"class_list":["post-328051","event","type-event","status-publish","hentry","activity_categories-kolibri-ilustrador-2025-2","ages-m-for-professionals-pt","languages-a-en-pt"],"acf":[],"yoast_head":"<!-- This site is optimized with the Yoast SEO plugin v27.4 - https:\/\/yoast.com\/product\/yoast-seo-wordpress\/ -->\n<title>Janelas para enxergar o diferente: criatividade, imagem e express\u00e3o - Kolibri Festivaali<\/title>\n<meta name=\"robots\" content=\"index, follow, max-snippet:-1, max-image-preview:large, max-video-preview:-1\" \/>\n<link rel=\"canonical\" href=\"https:\/\/www.kolibrifestivaali.org\/pt-pt\/event\/janelas-para-enxergar-o-diferente-criatividade-imagem-e-expressao\/\" \/>\n<meta property=\"og:locale\" content=\"pt_PT\" \/>\n<meta property=\"og:type\" content=\"article\" \/>\n<meta property=\"og:title\" content=\"Janelas para enxergar o diferente: criatividade, imagem e express\u00e3o - Kolibri Festivaali\" \/>\n<meta property=\"og:description\" content=\"O autor e ilustrador argentino Gusti Rosemffet vai conduzir uma oficina profissional voltada para educadores que trabalham com pessoas com [\u2026] Lue lis\u00e4\u00e4 &raquo;\" \/>\n<meta property=\"og:url\" content=\"https:\/\/www.kolibrifestivaali.org\/pt-pt\/event\/janelas-para-enxergar-o-diferente-criatividade-imagem-e-expressao\/\" \/>\n<meta property=\"og:site_name\" content=\"Kolibri Festivaali\" \/>\n<meta property=\"article:modified_time\" content=\"2025-08-15T09:31:19+00:00\" \/>\n<meta name=\"twitter:card\" content=\"summary_large_image\" \/>\n<meta name=\"twitter:label1\" content=\"Tempo estimado de leitura\" \/>\n\t<meta name=\"twitter:data1\" content=\"1 minuto\" \/>\n<script type=\"application\/ld+json\" class=\"yoast-schema-graph\">{\"@context\":\"https:\\\/\\\/schema.org\",\"@graph\":[{\"@type\":\"WebPage\",\"@id\":\"https:\\\/\\\/www.kolibrifestivaali.org\\\/pt-pt\\\/event\\\/janelas-para-enxergar-o-diferente-criatividade-imagem-e-expressao\\\/\",\"url\":\"https:\\\/\\\/www.kolibrifestivaali.org\\\/pt-pt\\\/event\\\/janelas-para-enxergar-o-diferente-criatividade-imagem-e-expressao\\\/\",\"name\":\"Janelas para enxergar o diferente: criatividade, imagem e express\u00e3o - Kolibri Festivaali\",\"isPartOf\":{\"@id\":\"https:\\\/\\\/www.kolibrifestivaali.org\\\/pt-pt\\\/#website\"},\"datePublished\":\"2021-08-19T21:00:00+00:00\",\"dateModified\":\"2025-08-15T09:31:19+00:00\",\"breadcrumb\":{\"@id\":\"https:\\\/\\\/www.kolibrifestivaali.org\\\/pt-pt\\\/event\\\/janelas-para-enxergar-o-diferente-criatividade-imagem-e-expressao\\\/#breadcrumb\"},\"inLanguage\":\"pt-PT\",\"potentialAction\":[{\"@type\":\"ReadAction\",\"target\":[\"https:\\\/\\\/www.kolibrifestivaali.org\\\/pt-pt\\\/event\\\/janelas-para-enxergar-o-diferente-criatividade-imagem-e-expressao\\\/\"]}]},{\"@type\":\"BreadcrumbList\",\"@id\":\"https:\\\/\\\/www.kolibrifestivaali.org\\\/pt-pt\\\/event\\\/janelas-para-enxergar-o-diferente-criatividade-imagem-e-expressao\\\/#breadcrumb\",\"itemListElement\":[{\"@type\":\"ListItem\",\"position\":1,\"name\":\"Home\",\"item\":\"https:\\\/\\\/www.kolibrifestivaali.org\\\/pt-pt\\\/\"},{\"@type\":\"ListItem\",\"position\":2,\"name\":\"Janelas para enxergar o diferente: criatividade, imagem e express\u00e3o\"}]},{\"@type\":\"WebSite\",\"@id\":\"https:\\\/\\\/www.kolibrifestivaali.org\\\/pt-pt\\\/#website\",\"url\":\"https:\\\/\\\/www.kolibrifestivaali.org\\\/pt-pt\\\/\",\"name\":\"Kolibri Festivaali\",\"description\":\"Kolibri\u0301 is a unique multicultural, free and open art festival for children and their families.\",\"inLanguage\":\"pt-PT\"}]}<\/script>\n<!-- \/ Yoast SEO plugin. -->","yoast_head_json":{"title":"Janelas para enxergar o diferente: criatividade, imagem e express\u00e3o - Kolibri Festivaali","robots":{"index":"index","follow":"follow","max-snippet":"max-snippet:-1","max-image-preview":"max-image-preview:large","max-video-preview":"max-video-preview:-1"},"canonical":"https:\/\/www.kolibrifestivaali.org\/pt-pt\/event\/janelas-para-enxergar-o-diferente-criatividade-imagem-e-expressao\/","og_locale":"pt_PT","og_type":"article","og_title":"Janelas para enxergar o diferente: criatividade, imagem e express\u00e3o - Kolibri Festivaali","og_description":"O autor e ilustrador argentino Gusti Rosemffet vai conduzir uma oficina profissional voltada para educadores que trabalham com pessoas com [\u2026] Lue lis\u00e4\u00e4 &raquo;","og_url":"https:\/\/www.kolibrifestivaali.org\/pt-pt\/event\/janelas-para-enxergar-o-diferente-criatividade-imagem-e-expressao\/","og_site_name":"Kolibri Festivaali","article_modified_time":"2025-08-15T09:31:19+00:00","twitter_card":"summary_large_image","twitter_misc":{"Tempo estimado de leitura":"1 minuto"},"schema":{"@context":"https:\/\/schema.org","@graph":[{"@type":"WebPage","@id":"https:\/\/www.kolibrifestivaali.org\/pt-pt\/event\/janelas-para-enxergar-o-diferente-criatividade-imagem-e-expressao\/","url":"https:\/\/www.kolibrifestivaali.org\/pt-pt\/event\/janelas-para-enxergar-o-diferente-criatividade-imagem-e-expressao\/","name":"Janelas para enxergar o diferente: criatividade, imagem e express\u00e3o - Kolibri Festivaali","isPartOf":{"@id":"https:\/\/www.kolibrifestivaali.org\/pt-pt\/#website"},"datePublished":"2021-08-19T21:00:00+00:00","dateModified":"2025-08-15T09:31:19+00:00","breadcrumb":{"@id":"https:\/\/www.kolibrifestivaali.org\/pt-pt\/event\/janelas-para-enxergar-o-diferente-criatividade-imagem-e-expressao\/#breadcrumb"},"inLanguage":"pt-PT","potentialAction":[{"@type":"ReadAction","target":["https:\/\/www.kolibrifestivaali.org\/pt-pt\/event\/janelas-para-enxergar-o-diferente-criatividade-imagem-e-expressao\/"]}]},{"@type":"BreadcrumbList","@id":"https:\/\/www.kolibrifestivaali.org\/pt-pt\/event\/janelas-para-enxergar-o-diferente-criatividade-imagem-e-expressao\/#breadcrumb","itemListElement":[{"@type":"ListItem","position":1,"name":"Home","item":"https:\/\/www.kolibrifestivaali.org\/pt-pt\/"},{"@type":"ListItem","position":2,"name":"Janelas para enxergar o diferente: criatividade, imagem e express\u00e3o"}]},{"@type":"WebSite","@id":"https:\/\/www.kolibrifestivaali.org\/pt-pt\/#website","url":"https:\/\/www.kolibrifestivaali.org\/pt-pt\/","name":"Kolibri Festivaali","description":"Kolibri\u0301 is a unique multicultural, free and open art festival for children and their families.","inLanguage":"pt-PT"}]}},"_links":{"self":[{"href":"https:\/\/www.kolibrifestivaali.org\/pt-pt\/wp-json\/wp\/v2\/event\/328051","targetHints":{"allow":["GET"]}}],"collection":[{"href":"https:\/\/www.kolibrifestivaali.org\/pt-pt\/wp-json\/wp\/v2\/event"}],"about":[{"href":"https:\/\/www.kolibrifestivaali.org\/pt-pt\/wp-json\/wp\/v2\/types\/event"}],"wp:attachment":[{"href":"https:\/\/www.kolibrifestivaali.org\/pt-pt\/wp-json\/wp\/v2\/media?parent=328051"}],"wp:term":[{"taxonomy":"activity_categories","embeddable":true,"href":"https:\/\/www.kolibrifestivaali.org\/pt-pt\/wp-json\/wp\/v2\/activity_categories?post=328051"},{"taxonomy":"ages","embeddable":true,"href":"https:\/\/www.kolibrifestivaali.org\/pt-pt\/wp-json\/wp\/v2\/ages?post=328051"},{"taxonomy":"languages","embeddable":true,"href":"https:\/\/www.kolibrifestivaali.org\/pt-pt\/wp-json\/wp\/v2\/languages?post=328051"}],"curies":[{"name":"wp","href":"https:\/\/api.w.org\/{rel}","templated":true}]}}

Janelas para enxergar o diferente: criatividade, imagem e expressão

<p>O autor e ilustrador argentino Gusti Rosemffet vai conduzir uma oficina profissional voltada para educadores que trabalham com pessoas com deficiência. </p>
<p>Essa sessão, que combina teoria e prática, apresenta a abordagem de educação artística inclusiva desenvolvida pela <a href="https://www.windown.org/" target="_blank"  rel="noopener">Windown</a>, uma escola de arte sem fins lucrativos com sede em Barcelona. A Windown, cofundada por Gusti, oferece espaços criativos para pessoas com deficiências intelectuais e físicas. </p>
<p>Como explica Gusti: “A arte é uma ferramenta fantástica, sem manual de instruções. Na arte, não existe deficiência. Qualquer pessoa pode usá-la, independentemente da idade, cor da pele, sexo ou deficiência.” </p>
<p>Participe com Gusti e descubra como a arte pode ser uma ferramenta de inclusão, expressão e empoderamento, valorizando as habilidades únicas de cada participante e promovendo a conscientização sobre a exclusão social. </p>
<p>“Não às deficiências, sim às capacidades.” – Gusti </p>
<p>⚠️ Vagas muito limitadas e com lista de espera. Você pode se inscrever através do <a href="https://forms.office.com/e/gtJLisCiq9" target="_blank"  rel="noopener">formulário</a>. </p>
<p>Para mais informações, escreva para: <a href="mailto:info@ninho.fi">info@ninho.fi</a></p>
<p>A participação de Gusti no Kolibrí Festivaali é possível graças à colaboração da <a href="https://www.cultura.gob.es/cultura/libro-bibliotecas.html" target="_blank"  rel="noopener">Dirección General del Libro, del Cómic y de la Lectura do Ministerio de Cultura y Deportes da Espanha</a>. Esta atividade é fruto de uma colaboração com <a href="https://www.livesaatio.fi/opisto/hakijalle/telma-koulutus/toimipaikat/leppavaara" target="_blank"  rel="noopener">Ammattiopisto LIVE</a>.</p>

<!-- This site is optimized with the Yoast SEO plugin v27.4 - https://yoast.com/product/yoast-seo-wordpress/ -->
<title>Janelas para enxergar o diferente: criatividade, imagem e expressão - Kolibri Festivaali</title>
<meta name="robots" content="index, follow, max-snippet:-1, max-image-preview:large, max-video-preview:-1" />
<link rel="canonical" href="https://www.kolibrifestivaali.org/pt-pt/event/janelas-para-enxergar-o-diferente-criatividade-imagem-e-expressao/" />
<meta property="og:locale" content="pt_PT" />
<meta property="og:type" content="article" />
<meta property="og:title" content="Janelas para enxergar o diferente: criatividade, imagem e expressão - Kolibri Festivaali" />
<meta property="og:description" content="O autor e ilustrador argentino Gusti Rosemffet vai conduzir uma oficina profissional voltada para educadores que trabalham com pessoas com […] Lue lisää &raquo;" />
<meta property="og:url" content="https://www.kolibrifestivaali.org/pt-pt/event/janelas-para-enxergar-o-diferente-criatividade-imagem-e-expressao/" />
<meta property="og:site_name" content="Kolibri Festivaali" />
<meta property="article:modified_time" content="2025-08-15T09:31:19+00:00" />
<meta name="twitter:card" content="summary_large_image" />
<meta name="twitter:label1" content="Tempo estimado de leitura" />
	<meta name="twitter:data1" content="1 minuto" />
<script type="application/ld+json" class="yoast-schema-graph">{"@context":"https:\/\/schema.org","@graph":[{"@type":"WebPage","@id":"https:\/\/www.kolibrifestivaali.org\/pt-pt\/event\/janelas-para-enxergar-o-diferente-criatividade-imagem-e-expressao\/","url":"https:\/\/www.kolibrifestivaali.org\/pt-pt\/event\/janelas-para-enxergar-o-diferente-criatividade-imagem-e-expressao\/","name":"Janelas para enxergar o diferente: criatividade, imagem e expressão - Kolibri Festivaali","isPartOf":{"@id":"https:\/\/www.kolibrifestivaali.org\/pt-pt\/#website"},"datePublished":"2021-08-19T21:00:00+00:00","dateModified":"2025-08-15T09:31:19+00:00","breadcrumb":{"@id":"https:\/\/www.kolibrifestivaali.org\/pt-pt\/event\/janelas-para-enxergar-o-diferente-criatividade-imagem-e-expressao\/#breadcrumb"},"inLanguage":"pt-PT","potentialAction":[{"@type":"ReadAction","target":["https:\/\/www.kolibrifestivaali.org\/pt-pt\/event\/janelas-para-enxergar-o-diferente-criatividade-imagem-e-expressao\/"]}]},{"@type":"BreadcrumbList","@id":"https:\/\/www.kolibrifestivaali.org\/pt-pt\/event\/janelas-para-enxergar-o-diferente-criatividade-imagem-e-expressao\/#breadcrumb","itemListElement":[{"@type":"ListItem","position":1,"name":"Home","item":"https:\/\/www.kolibrifestivaali.org\/pt-pt\/"},{"@type":"ListItem","position":2,"name":"Janelas para enxergar o diferente: criatividade, imagem e expressão"}]},{"@type":"WebSite","@id":"https:\/\/www.kolibrifestivaali.org\/pt-pt\/#website","url":"https:\/\/www.kolibrifestivaali.org\/pt-pt\/","name":"Kolibri Festivaali","description":"Kolibrí is a unique multicultural, free and open art festival for children and their families.","inLanguage":"pt-PT"}]}</script>
<!-- / Yoast SEO plugin. -->

Janelas para enxergar o diferente: criatividade, imagem e expressão - Kolibri Festivaali

O autor e ilustrador argentino Gusti Rosemffet vai conduzir uma oficina profissional voltada para educadores que trabalham com pessoas com […] Lue lisää &raquo;
