{"id":328049,"date":"2021-08-20T00:00:00","date_gmt":"2021-08-19T21:00:00","guid":{"rendered":"https:\/\/www.kolibrifestivaali.org\/event\/vamos-colocar-um-bigode\/"},"modified":"2025-08-15T12:31:18","modified_gmt":"2025-08-15T09:31:18","slug":"vamos-colocar-um-bigode","status":"publish","type":"event","link":"https:\/\/www.kolibrifestivaali.org\/pt-pt\/event\/vamos-colocar-um-bigode\/","title":{"rendered":"Vamos colocar um bigode?"},"content":{"rendered":"<p>Vamos colocar um bigode nesse boneco? Com dois lacinhos faremos os dois bracinhos! Te convidamos para esta sess\u00e3o interativa de conta\u00e7\u00e3o de hist\u00f3rias cantada com Mar Benegas (ES), Artista Convidada do Kolibr\u00ed 2025. Ela cantar\u00e1 \u201c\u00bfLe pondremos un bigote?\u201d (Cole\u00e7\u00e3o La Cereza, Ed. Combel). <\/p>\n<p>Ilustra\u00e7\u00f5es, m\u00fasica, brincadeiras e muitas rimas divertidas para despertar nos pequenos a paix\u00e3o pelos livros e estimular o desenvolvimento da linguagem. Divers\u00e3o garantida tamb\u00e9m para os adultos!   <\/p>\n<p>A participa\u00e7\u00e3o de Mar Benegas no Kolibr\u00ed Festivaali \u00e9 gra\u00e7as \u00e0 colabora\u00e7\u00e3o da <a href=\"https:\/\/www.cultura.gob.es\/cultura\/libro-bibliotecas.html\" target=\"_blank\"  rel=\"noopener\">Direcci\u00f3n General del Libro, del C\u00f3mic y de la Lectura do Ministerio de Cultura y Deportes da Espanha.<\/a><\/p>\n","protected":false},"featured_media":0,"template":"","activity_categories":[491],"ages":[1052,1047],"languages":[49],"class_list":["post-328049","event","type-event","status-publish","hentry","activity_categories-convidado-especial","ages-1-ano-2","ages-2-anos-2","languages-b-es-pt"],"acf":[],"yoast_head":"<!-- This site is optimized with the Yoast SEO plugin v27.4 - https:\/\/yoast.com\/product\/yoast-seo-wordpress\/ -->\n<title>Vamos colocar um bigode? - Kolibri Festivaali<\/title>\n<meta name=\"robots\" content=\"index, follow, max-snippet:-1, max-image-preview:large, max-video-preview:-1\" \/>\n<link rel=\"canonical\" href=\"https:\/\/www.kolibrifestivaali.org\/pt-pt\/event\/vamos-colocar-um-bigode\/\" \/>\n<meta property=\"og:locale\" content=\"pt_PT\" \/>\n<meta property=\"og:type\" content=\"article\" \/>\n<meta property=\"og:title\" content=\"Vamos colocar um bigode? - Kolibri Festivaali\" \/>\n<meta property=\"og:description\" content=\"Vamos colocar um bigode nesse boneco? Com dois lacinhos faremos os dois bracinhos! Te convidamos para esta sess\u00e3o interativa de [\u2026] Lue lis\u00e4\u00e4 &raquo;\" \/>\n<meta property=\"og:url\" content=\"https:\/\/www.kolibrifestivaali.org\/pt-pt\/event\/vamos-colocar-um-bigode\/\" \/>\n<meta property=\"og:site_name\" content=\"Kolibri Festivaali\" \/>\n<meta property=\"article:modified_time\" content=\"2025-08-15T09:31:18+00:00\" \/>\n<meta name=\"twitter:card\" content=\"summary_large_image\" \/>\n<meta name=\"twitter:label1\" content=\"Tempo estimado de leitura\" \/>\n\t<meta name=\"twitter:data1\" content=\"1 minuto\" \/>\n<script type=\"application\/ld+json\" class=\"yoast-schema-graph\">{\"@context\":\"https:\\\/\\\/schema.org\",\"@graph\":[{\"@type\":\"WebPage\",\"@id\":\"https:\\\/\\\/www.kolibrifestivaali.org\\\/pt-pt\\\/event\\\/vamos-colocar-um-bigode\\\/\",\"url\":\"https:\\\/\\\/www.kolibrifestivaali.org\\\/pt-pt\\\/event\\\/vamos-colocar-um-bigode\\\/\",\"name\":\"Vamos colocar um bigode? - Kolibri Festivaali\",\"isPartOf\":{\"@id\":\"https:\\\/\\\/www.kolibrifestivaali.org\\\/pt-pt\\\/#website\"},\"datePublished\":\"2021-08-19T21:00:00+00:00\",\"dateModified\":\"2025-08-15T09:31:18+00:00\",\"breadcrumb\":{\"@id\":\"https:\\\/\\\/www.kolibrifestivaali.org\\\/pt-pt\\\/event\\\/vamos-colocar-um-bigode\\\/#breadcrumb\"},\"inLanguage\":\"pt-PT\",\"potentialAction\":[{\"@type\":\"ReadAction\",\"target\":[\"https:\\\/\\\/www.kolibrifestivaali.org\\\/pt-pt\\\/event\\\/vamos-colocar-um-bigode\\\/\"]}]},{\"@type\":\"BreadcrumbList\",\"@id\":\"https:\\\/\\\/www.kolibrifestivaali.org\\\/pt-pt\\\/event\\\/vamos-colocar-um-bigode\\\/#breadcrumb\",\"itemListElement\":[{\"@type\":\"ListItem\",\"position\":1,\"name\":\"Home\",\"item\":\"https:\\\/\\\/www.kolibrifestivaali.org\\\/pt-pt\\\/\"},{\"@type\":\"ListItem\",\"position\":2,\"name\":\"Vamos colocar um bigode?\"}]},{\"@type\":\"WebSite\",\"@id\":\"https:\\\/\\\/www.kolibrifestivaali.org\\\/pt-pt\\\/#website\",\"url\":\"https:\\\/\\\/www.kolibrifestivaali.org\\\/pt-pt\\\/\",\"name\":\"Kolibri Festivaali\",\"description\":\"Kolibri\u0301 is a unique multicultural, free and open art festival for children and their families.\",\"inLanguage\":\"pt-PT\"}]}<\/script>\n<!-- \/ Yoast SEO plugin. -->","yoast_head_json":{"title":"Vamos colocar um bigode? - Kolibri Festivaali","robots":{"index":"index","follow":"follow","max-snippet":"max-snippet:-1","max-image-preview":"max-image-preview:large","max-video-preview":"max-video-preview:-1"},"canonical":"https:\/\/www.kolibrifestivaali.org\/pt-pt\/event\/vamos-colocar-um-bigode\/","og_locale":"pt_PT","og_type":"article","og_title":"Vamos colocar um bigode? - Kolibri Festivaali","og_description":"Vamos colocar um bigode nesse boneco? Com dois lacinhos faremos os dois bracinhos! Te convidamos para esta sess\u00e3o interativa de [\u2026] Lue lis\u00e4\u00e4 &raquo;","og_url":"https:\/\/www.kolibrifestivaali.org\/pt-pt\/event\/vamos-colocar-um-bigode\/","og_site_name":"Kolibri Festivaali","article_modified_time":"2025-08-15T09:31:18+00:00","twitter_card":"summary_large_image","twitter_misc":{"Tempo estimado de leitura":"1 minuto"},"schema":{"@context":"https:\/\/schema.org","@graph":[{"@type":"WebPage","@id":"https:\/\/www.kolibrifestivaali.org\/pt-pt\/event\/vamos-colocar-um-bigode\/","url":"https:\/\/www.kolibrifestivaali.org\/pt-pt\/event\/vamos-colocar-um-bigode\/","name":"Vamos colocar um bigode? - Kolibri Festivaali","isPartOf":{"@id":"https:\/\/www.kolibrifestivaali.org\/pt-pt\/#website"},"datePublished":"2021-08-19T21:00:00+00:00","dateModified":"2025-08-15T09:31:18+00:00","breadcrumb":{"@id":"https:\/\/www.kolibrifestivaali.org\/pt-pt\/event\/vamos-colocar-um-bigode\/#breadcrumb"},"inLanguage":"pt-PT","potentialAction":[{"@type":"ReadAction","target":["https:\/\/www.kolibrifestivaali.org\/pt-pt\/event\/vamos-colocar-um-bigode\/"]}]},{"@type":"BreadcrumbList","@id":"https:\/\/www.kolibrifestivaali.org\/pt-pt\/event\/vamos-colocar-um-bigode\/#breadcrumb","itemListElement":[{"@type":"ListItem","position":1,"name":"Home","item":"https:\/\/www.kolibrifestivaali.org\/pt-pt\/"},{"@type":"ListItem","position":2,"name":"Vamos colocar um bigode?"}]},{"@type":"WebSite","@id":"https:\/\/www.kolibrifestivaali.org\/pt-pt\/#website","url":"https:\/\/www.kolibrifestivaali.org\/pt-pt\/","name":"Kolibri Festivaali","description":"Kolibri\u0301 is a unique multicultural, free and open art festival for children and their families.","inLanguage":"pt-PT"}]}},"_links":{"self":[{"href":"https:\/\/www.kolibrifestivaali.org\/pt-pt\/wp-json\/wp\/v2\/event\/328049","targetHints":{"allow":["GET"]}}],"collection":[{"href":"https:\/\/www.kolibrifestivaali.org\/pt-pt\/wp-json\/wp\/v2\/event"}],"about":[{"href":"https:\/\/www.kolibrifestivaali.org\/pt-pt\/wp-json\/wp\/v2\/types\/event"}],"wp:attachment":[{"href":"https:\/\/www.kolibrifestivaali.org\/pt-pt\/wp-json\/wp\/v2\/media?parent=328049"}],"wp:term":[{"taxonomy":"activity_categories","embeddable":true,"href":"https:\/\/www.kolibrifestivaali.org\/pt-pt\/wp-json\/wp\/v2\/activity_categories?post=328049"},{"taxonomy":"ages","embeddable":true,"href":"https:\/\/www.kolibrifestivaali.org\/pt-pt\/wp-json\/wp\/v2\/ages?post=328049"},{"taxonomy":"languages","embeddable":true,"href":"https:\/\/www.kolibrifestivaali.org\/pt-pt\/wp-json\/wp\/v2\/languages?post=328049"}],"curies":[{"name":"wp","href":"https:\/\/api.w.org\/{rel}","templated":true}]}}

<p>Vamos colocar um bigode nesse boneco? Com dois lacinhos faremos os dois bracinhos! Te convidamos para esta sessão interativa de contação de histórias cantada com Mar Benegas (ES), Artista Convidada do Kolibrí 2025. Ela cantará “¿Le pondremos un bigote?” (Coleção La Cereza, Ed. Combel). </p>
<p>Ilustrações, música, brincadeiras e muitas rimas divertidas para despertar nos pequenos a paixão pelos livros e estimular o desenvolvimento da linguagem. Diversão garantida também para os adultos!   </p>
<p>A participação de Mar Benegas no Kolibrí Festivaali é graças à colaboração da <a href="https://www.cultura.gob.es/cultura/libro-bibliotecas.html" target="_blank"  rel="noopener">Dirección General del Libro, del Cómic y de la Lectura do Ministerio de Cultura y Deportes da Espanha.</a></p>

<!-- This site is optimized with the Yoast SEO plugin v27.4 - https://yoast.com/product/yoast-seo-wordpress/ -->
<title>Vamos colocar um bigode? - Kolibri Festivaali</title>
<meta name="robots" content="index, follow, max-snippet:-1, max-image-preview:large, max-video-preview:-1" />
<link rel="canonical" href="https://www.kolibrifestivaali.org/pt-pt/event/vamos-colocar-um-bigode/" />
<meta property="og:locale" content="pt_PT" />
<meta property="og:type" content="article" />
<meta property="og:title" content="Vamos colocar um bigode? - Kolibri Festivaali" />
<meta property="og:description" content="Vamos colocar um bigode nesse boneco? Com dois lacinhos faremos os dois bracinhos! Te convidamos para esta sessão interativa de […] Lue lisää &raquo;" />
<meta property="og:url" content="https://www.kolibrifestivaali.org/pt-pt/event/vamos-colocar-um-bigode/" />
<meta property="og:site_name" content="Kolibri Festivaali" />
<meta property="article:modified_time" content="2025-08-15T09:31:18+00:00" />
<meta name="twitter:card" content="summary_large_image" />
<meta name="twitter:label1" content="Tempo estimado de leitura" />
	<meta name="twitter:data1" content="1 minuto" />
<script type="application/ld+json" class="yoast-schema-graph">{"@context":"https:\/\/schema.org","@graph":[{"@type":"WebPage","@id":"https:\/\/www.kolibrifestivaali.org\/pt-pt\/event\/vamos-colocar-um-bigode\/","url":"https:\/\/www.kolibrifestivaali.org\/pt-pt\/event\/vamos-colocar-um-bigode\/","name":"Vamos colocar um bigode? - Kolibri Festivaali","isPartOf":{"@id":"https:\/\/www.kolibrifestivaali.org\/pt-pt\/#website"},"datePublished":"2021-08-19T21:00:00+00:00","dateModified":"2025-08-15T09:31:18+00:00","breadcrumb":{"@id":"https:\/\/www.kolibrifestivaali.org\/pt-pt\/event\/vamos-colocar-um-bigode\/#breadcrumb"},"inLanguage":"pt-PT","potentialAction":[{"@type":"ReadAction","target":["https:\/\/www.kolibrifestivaali.org\/pt-pt\/event\/vamos-colocar-um-bigode\/"]}]},{"@type":"BreadcrumbList","@id":"https:\/\/www.kolibrifestivaali.org\/pt-pt\/event\/vamos-colocar-um-bigode\/#breadcrumb","itemListElement":[{"@type":"ListItem","position":1,"name":"Home","item":"https:\/\/www.kolibrifestivaali.org\/pt-pt\/"},{"@type":"ListItem","position":2,"name":"Vamos colocar um bigode?"}]},{"@type":"WebSite","@id":"https:\/\/www.kolibrifestivaali.org\/pt-pt\/#website","url":"https:\/\/www.kolibrifestivaali.org\/pt-pt\/","name":"Kolibri Festivaali","description":"Kolibrí is a unique multicultural, free and open art festival for children and their families.","inLanguage":"pt-PT"}]}</script>
<!-- / Yoast SEO plugin. -->

Vamos colocar um bigode nesse boneco? Com dois lacinhos faremos os dois bracinhos! Te convidamos para esta sessão interativa de […] Lue lisää &raquo;
