{"id":328047,"date":"2021-08-20T00:00:00","date_gmt":"2021-08-19T21:00:00","guid":{"rendered":"https:\/\/www.kolibrifestivaali.org\/event\/como-se-fosse-uma-cereja-poesia-e-criatividade-na-infancia\/"},"modified":"2025-08-15T12:31:17","modified_gmt":"2025-08-15T09:31:17","slug":"como-se-fosse-uma-cereja-poesia-e-criatividade-na-infancia","status":"publish","type":"event","link":"https:\/\/www.kolibrifestivaali.org\/pt-pt\/event\/como-se-fosse-uma-cereja-poesia-e-criatividade-na-infancia\/","title":{"rendered":"\u2018Como se fosse uma cereja\u2019 \u2013 Poesia e criatividade na inf\u00e2ncia"},"content":{"rendered":"<p>A Artista Convidada do Kolibr\u00ed Festivaali 2025, Mar Benegas (ES), vai falar sobre a import\u00e2ncia da poesia na inf\u00e2ncia e sobre como \u2014 e por que \u2014 devemos deix\u00e1-la ao alcance das crian\u00e7as. <\/p>\n<p>Como afirma a pr\u00f3pria Benegas: \u201cA poesia \u00e9 uma caixinha de m\u00fasica que nos embala, um olhar que transforma o mundo e a voz e o brincar da inf\u00e2ncia. A poesia \u00e9 o canto dos p\u00e1ssaros e o pulsar do cora\u00e7\u00e3o. O ritmo que acompanha o mundo e finca ra\u00edzes no tempo sem tempo. Brincar, cantar, sentir, olhar o mundo com encantamento: cada idade tem um poema e cada poema tem um cora\u00e7\u00e3o pequenino que o faz soar\u201d. <\/p>\n<p>Uma palestra indicada para estudantes de Filologia Hisp\u00e2nica, professores da educa\u00e7\u00e3o infantil e do ensino fundamental, al\u00e9m de outros educadores, m\u00e3es e pais que desejam despertar nas crian\u00e7as o amor pela poesia. <\/p>\n<p>A participa\u00e7\u00e3o de Mar Benegas no Kolibr\u00ed Festivaali \u00e9 gra\u00e7as \u00e0 colabora\u00e7\u00e3o da <a href=\"https:\/\/www.cultura.gob.es\/cultura\/libro-bibliotecas.html\" target=\"_blank\"  rel=\"noopener\">Direcci\u00f3n General del Libro, del C\u00f3mic y de la Lectura do Ministerio de Cultura y Deportes da Espanha<\/a>, <a href=\"https:\/\/www.helsinki.fi\/fi\" target=\"_blank\"  rel=\"noopener\">Universidade de Helsinque<\/a>.<\/p>\n","protected":false},"featured_media":0,"template":"","activity_categories":[491],"ages":[279],"languages":[49],"class_list":["post-328047","event","type-event","status-publish","hentry","activity_categories-convidado-especial","ages-g-adults-pt","languages-b-es-pt"],"acf":[],"yoast_head":"<!-- This site is optimized with the Yoast SEO plugin v27.4 - https:\/\/yoast.com\/product\/yoast-seo-wordpress\/ -->\n<title>\u2018Como se fosse uma cereja\u2019 \u2013 Poesia e criatividade na inf\u00e2ncia - Kolibri Festivaali<\/title>\n<meta name=\"robots\" content=\"index, follow, max-snippet:-1, max-image-preview:large, max-video-preview:-1\" \/>\n<link rel=\"canonical\" href=\"https:\/\/www.kolibrifestivaali.org\/pt-pt\/event\/como-se-fosse-uma-cereja-poesia-e-criatividade-na-infancia\/\" \/>\n<meta property=\"og:locale\" content=\"pt_PT\" \/>\n<meta property=\"og:type\" content=\"article\" \/>\n<meta property=\"og:title\" content=\"\u2018Como se fosse uma cereja\u2019 \u2013 Poesia e criatividade na inf\u00e2ncia - Kolibri Festivaali\" \/>\n<meta property=\"og:description\" content=\"A Artista Convidada do Kolibr\u00ed Festivaali 2025, Mar Benegas (ES), vai falar sobre a import\u00e2ncia da poesia na inf\u00e2ncia e [\u2026] Lue lis\u00e4\u00e4 &raquo;\" \/>\n<meta property=\"og:url\" content=\"https:\/\/www.kolibrifestivaali.org\/pt-pt\/event\/como-se-fosse-uma-cereja-poesia-e-criatividade-na-infancia\/\" \/>\n<meta property=\"og:site_name\" content=\"Kolibri Festivaali\" \/>\n<meta property=\"article:modified_time\" content=\"2025-08-15T09:31:17+00:00\" \/>\n<meta name=\"twitter:card\" content=\"summary_large_image\" \/>\n<meta name=\"twitter:label1\" content=\"Tempo estimado de leitura\" \/>\n\t<meta name=\"twitter:data1\" content=\"1 minuto\" \/>\n<script type=\"application\/ld+json\" class=\"yoast-schema-graph\">{\"@context\":\"https:\\\/\\\/schema.org\",\"@graph\":[{\"@type\":\"WebPage\",\"@id\":\"https:\\\/\\\/www.kolibrifestivaali.org\\\/pt-pt\\\/event\\\/como-se-fosse-uma-cereja-poesia-e-criatividade-na-infancia\\\/\",\"url\":\"https:\\\/\\\/www.kolibrifestivaali.org\\\/pt-pt\\\/event\\\/como-se-fosse-uma-cereja-poesia-e-criatividade-na-infancia\\\/\",\"name\":\"\u2018Como se fosse uma cereja\u2019 \u2013 Poesia e criatividade na inf\u00e2ncia - Kolibri Festivaali\",\"isPartOf\":{\"@id\":\"https:\\\/\\\/www.kolibrifestivaali.org\\\/pt-pt\\\/#website\"},\"datePublished\":\"2021-08-19T21:00:00+00:00\",\"dateModified\":\"2025-08-15T09:31:17+00:00\",\"breadcrumb\":{\"@id\":\"https:\\\/\\\/www.kolibrifestivaali.org\\\/pt-pt\\\/event\\\/como-se-fosse-uma-cereja-poesia-e-criatividade-na-infancia\\\/#breadcrumb\"},\"inLanguage\":\"pt-PT\",\"potentialAction\":[{\"@type\":\"ReadAction\",\"target\":[\"https:\\\/\\\/www.kolibrifestivaali.org\\\/pt-pt\\\/event\\\/como-se-fosse-uma-cereja-poesia-e-criatividade-na-infancia\\\/\"]}]},{\"@type\":\"BreadcrumbList\",\"@id\":\"https:\\\/\\\/www.kolibrifestivaali.org\\\/pt-pt\\\/event\\\/como-se-fosse-uma-cereja-poesia-e-criatividade-na-infancia\\\/#breadcrumb\",\"itemListElement\":[{\"@type\":\"ListItem\",\"position\":1,\"name\":\"Home\",\"item\":\"https:\\\/\\\/www.kolibrifestivaali.org\\\/pt-pt\\\/\"},{\"@type\":\"ListItem\",\"position\":2,\"name\":\"\u2018Como se fosse uma cereja\u2019 \u2013 Poesia e criatividade na inf\u00e2ncia\"}]},{\"@type\":\"WebSite\",\"@id\":\"https:\\\/\\\/www.kolibrifestivaali.org\\\/pt-pt\\\/#website\",\"url\":\"https:\\\/\\\/www.kolibrifestivaali.org\\\/pt-pt\\\/\",\"name\":\"Kolibri Festivaali\",\"description\":\"Kolibri\u0301 is a unique multicultural, free and open art festival for children and their families.\",\"inLanguage\":\"pt-PT\"}]}<\/script>\n<!-- \/ Yoast SEO plugin. -->","yoast_head_json":{"title":"\u2018Como se fosse uma cereja\u2019 \u2013 Poesia e criatividade na inf\u00e2ncia - Kolibri Festivaali","robots":{"index":"index","follow":"follow","max-snippet":"max-snippet:-1","max-image-preview":"max-image-preview:large","max-video-preview":"max-video-preview:-1"},"canonical":"https:\/\/www.kolibrifestivaali.org\/pt-pt\/event\/como-se-fosse-uma-cereja-poesia-e-criatividade-na-infancia\/","og_locale":"pt_PT","og_type":"article","og_title":"\u2018Como se fosse uma cereja\u2019 \u2013 Poesia e criatividade na inf\u00e2ncia - Kolibri Festivaali","og_description":"A Artista Convidada do Kolibr\u00ed Festivaali 2025, Mar Benegas (ES), vai falar sobre a import\u00e2ncia da poesia na inf\u00e2ncia e [\u2026] Lue lis\u00e4\u00e4 &raquo;","og_url":"https:\/\/www.kolibrifestivaali.org\/pt-pt\/event\/como-se-fosse-uma-cereja-poesia-e-criatividade-na-infancia\/","og_site_name":"Kolibri Festivaali","article_modified_time":"2025-08-15T09:31:17+00:00","twitter_card":"summary_large_image","twitter_misc":{"Tempo estimado de leitura":"1 minuto"},"schema":{"@context":"https:\/\/schema.org","@graph":[{"@type":"WebPage","@id":"https:\/\/www.kolibrifestivaali.org\/pt-pt\/event\/como-se-fosse-uma-cereja-poesia-e-criatividade-na-infancia\/","url":"https:\/\/www.kolibrifestivaali.org\/pt-pt\/event\/como-se-fosse-uma-cereja-poesia-e-criatividade-na-infancia\/","name":"\u2018Como se fosse uma cereja\u2019 \u2013 Poesia e criatividade na inf\u00e2ncia - Kolibri Festivaali","isPartOf":{"@id":"https:\/\/www.kolibrifestivaali.org\/pt-pt\/#website"},"datePublished":"2021-08-19T21:00:00+00:00","dateModified":"2025-08-15T09:31:17+00:00","breadcrumb":{"@id":"https:\/\/www.kolibrifestivaali.org\/pt-pt\/event\/como-se-fosse-uma-cereja-poesia-e-criatividade-na-infancia\/#breadcrumb"},"inLanguage":"pt-PT","potentialAction":[{"@type":"ReadAction","target":["https:\/\/www.kolibrifestivaali.org\/pt-pt\/event\/como-se-fosse-uma-cereja-poesia-e-criatividade-na-infancia\/"]}]},{"@type":"BreadcrumbList","@id":"https:\/\/www.kolibrifestivaali.org\/pt-pt\/event\/como-se-fosse-uma-cereja-poesia-e-criatividade-na-infancia\/#breadcrumb","itemListElement":[{"@type":"ListItem","position":1,"name":"Home","item":"https:\/\/www.kolibrifestivaali.org\/pt-pt\/"},{"@type":"ListItem","position":2,"name":"\u2018Como se fosse uma cereja\u2019 \u2013 Poesia e criatividade na inf\u00e2ncia"}]},{"@type":"WebSite","@id":"https:\/\/www.kolibrifestivaali.org\/pt-pt\/#website","url":"https:\/\/www.kolibrifestivaali.org\/pt-pt\/","name":"Kolibri Festivaali","description":"Kolibri\u0301 is a unique multicultural, free and open art festival for children and their families.","inLanguage":"pt-PT"}]}},"_links":{"self":[{"href":"https:\/\/www.kolibrifestivaali.org\/pt-pt\/wp-json\/wp\/v2\/event\/328047","targetHints":{"allow":["GET"]}}],"collection":[{"href":"https:\/\/www.kolibrifestivaali.org\/pt-pt\/wp-json\/wp\/v2\/event"}],"about":[{"href":"https:\/\/www.kolibrifestivaali.org\/pt-pt\/wp-json\/wp\/v2\/types\/event"}],"wp:attachment":[{"href":"https:\/\/www.kolibrifestivaali.org\/pt-pt\/wp-json\/wp\/v2\/media?parent=328047"}],"wp:term":[{"taxonomy":"activity_categories","embeddable":true,"href":"https:\/\/www.kolibrifestivaali.org\/pt-pt\/wp-json\/wp\/v2\/activity_categories?post=328047"},{"taxonomy":"ages","embeddable":true,"href":"https:\/\/www.kolibrifestivaali.org\/pt-pt\/wp-json\/wp\/v2\/ages?post=328047"},{"taxonomy":"languages","embeddable":true,"href":"https:\/\/www.kolibrifestivaali.org\/pt-pt\/wp-json\/wp\/v2\/languages?post=328047"}],"curies":[{"name":"wp","href":"https:\/\/api.w.org\/{rel}","templated":true}]}}

‘Como se fosse uma cereja’ – Poesia e criatividade na infância

<p>A Artista Convidada do Kolibrí Festivaali 2025, Mar Benegas (ES), vai falar sobre a importância da poesia na infância e sobre como — e por que — devemos deixá-la ao alcance das crianças. </p>
<p>Como afirma a própria Benegas: “A poesia é uma caixinha de música que nos embala, um olhar que transforma o mundo e a voz e o brincar da infância. A poesia é o canto dos pássaros e o pulsar do coração. O ritmo que acompanha o mundo e finca raízes no tempo sem tempo. Brincar, cantar, sentir, olhar o mundo com encantamento: cada idade tem um poema e cada poema tem um coração pequenino que o faz soar”. </p>
<p>Uma palestra indicada para estudantes de Filologia Hispânica, professores da educação infantil e do ensino fundamental, além de outros educadores, mães e pais que desejam despertar nas crianças o amor pela poesia. </p>
<p>A participação de Mar Benegas no Kolibrí Festivaali é graças à colaboração da <a href="https://www.cultura.gob.es/cultura/libro-bibliotecas.html" target="_blank"  rel="noopener">Dirección General del Libro, del Cómic y de la Lectura do Ministerio de Cultura y Deportes da Espanha</a>, <a href="https://www.helsinki.fi/fi" target="_blank"  rel="noopener">Universidade de Helsinque</a>.</p>

<!-- This site is optimized with the Yoast SEO plugin v27.4 - https://yoast.com/product/yoast-seo-wordpress/ -->
<title>‘Como se fosse uma cereja’ – Poesia e criatividade na infância - Kolibri Festivaali</title>
<meta name="robots" content="index, follow, max-snippet:-1, max-image-preview:large, max-video-preview:-1" />
<link rel="canonical" href="https://www.kolibrifestivaali.org/pt-pt/event/como-se-fosse-uma-cereja-poesia-e-criatividade-na-infancia/" />
<meta property="og:locale" content="pt_PT" />
<meta property="og:type" content="article" />
<meta property="og:title" content="‘Como se fosse uma cereja’ – Poesia e criatividade na infância - Kolibri Festivaali" />
<meta property="og:description" content="A Artista Convidada do Kolibrí Festivaali 2025, Mar Benegas (ES), vai falar sobre a importância da poesia na infância e […] Lue lisää &raquo;" />
<meta property="og:url" content="https://www.kolibrifestivaali.org/pt-pt/event/como-se-fosse-uma-cereja-poesia-e-criatividade-na-infancia/" />
<meta property="og:site_name" content="Kolibri Festivaali" />
<meta property="article:modified_time" content="2025-08-15T09:31:17+00:00" />
<meta name="twitter:card" content="summary_large_image" />
<meta name="twitter:label1" content="Tempo estimado de leitura" />
	<meta name="twitter:data1" content="1 minuto" />
<script type="application/ld+json" class="yoast-schema-graph">{"@context":"https:\/\/schema.org","@graph":[{"@type":"WebPage","@id":"https:\/\/www.kolibrifestivaali.org\/pt-pt\/event\/como-se-fosse-uma-cereja-poesia-e-criatividade-na-infancia\/","url":"https:\/\/www.kolibrifestivaali.org\/pt-pt\/event\/como-se-fosse-uma-cereja-poesia-e-criatividade-na-infancia\/","name":"‘Como se fosse uma cereja’ – Poesia e criatividade na infância - Kolibri Festivaali","isPartOf":{"@id":"https:\/\/www.kolibrifestivaali.org\/pt-pt\/#website"},"datePublished":"2021-08-19T21:00:00+00:00","dateModified":"2025-08-15T09:31:17+00:00","breadcrumb":{"@id":"https:\/\/www.kolibrifestivaali.org\/pt-pt\/event\/como-se-fosse-uma-cereja-poesia-e-criatividade-na-infancia\/#breadcrumb"},"inLanguage":"pt-PT","potentialAction":[{"@type":"ReadAction","target":["https:\/\/www.kolibrifestivaali.org\/pt-pt\/event\/como-se-fosse-uma-cereja-poesia-e-criatividade-na-infancia\/"]}]},{"@type":"BreadcrumbList","@id":"https:\/\/www.kolibrifestivaali.org\/pt-pt\/event\/como-se-fosse-uma-cereja-poesia-e-criatividade-na-infancia\/#breadcrumb","itemListElement":[{"@type":"ListItem","position":1,"name":"Home","item":"https:\/\/www.kolibrifestivaali.org\/pt-pt\/"},{"@type":"ListItem","position":2,"name":"‘Como se fosse uma cereja’ – Poesia e criatividade na infância"}]},{"@type":"WebSite","@id":"https:\/\/www.kolibrifestivaali.org\/pt-pt\/#website","url":"https:\/\/www.kolibrifestivaali.org\/pt-pt\/","name":"Kolibri Festivaali","description":"Kolibrí is a unique multicultural, free and open art festival for children and their families.","inLanguage":"pt-PT"}]}</script>
<!-- / Yoast SEO plugin. -->

‘Como se fosse uma cereja’ – Poesia e criatividade na infância - Kolibri Festivaali

A Artista Convidada do Kolibrí Festivaali 2025, Mar Benegas (ES), vai falar sobre a importância da poesia na infância e […] Lue lisää &raquo;
