{"id":328046,"date":"2021-08-20T00:00:00","date_gmt":"2021-08-19T21:00:00","guid":{"rendered":"https:\/\/www.kolibrifestivaali.org\/event\/mar-benegas-sessao-de-autografos-na-feira-do-livro-infantil\/"},"modified":"2025-08-15T12:31:16","modified_gmt":"2025-08-15T09:31:16","slug":"mar-benegas-sessao-de-autografos-na-feira-do-livro-infantil","status":"publish","type":"event","link":"https:\/\/www.kolibrifestivaali.org\/pt-pt\/event\/mar-benegas-sessao-de-autografos-na-feira-do-livro-infantil\/","title":{"rendered":"Mar Benegas &#8211; Sess\u00e3o de aut\u00f3grafos na Feira do Livro Infantil"},"content":{"rendered":"<p>Este ano, a Feira do Livro ser\u00e1 focada na obra de Mar Benegas, a Artista Convidada para o Kolibr\u00ed Festivaali 2025. A escritora espanhola, autora de livros como \u201cDice el sol Dice la luna\u201d e \u201c\u00bfNicolasa, y tu casa?\u201d, estar\u00e1 autografando livros em nossa feira. Ent\u00e3o n\u00e3o perca! <\/p>\n<p>E tem mais: pela primeira vez no Kolibr\u00ed, vamos receber uma editora convidada! Na Feira do Livro, voc\u00ea vai poder comprar os livros da Mar, gra\u00e7as \u00e0 parceria com a sua editora, <a href=\"https:\/\/www.abuenpaso.com\/\" target=\"_blank\"  rel=\"noopener\">A buen paso<\/a>. <\/p>\n<p>A participa\u00e7\u00e3o de Mar Benegas no Kolibr\u00ed Festivaali \u00e9 gra\u00e7as \u00e0 colabora\u00e7\u00e3o da <a href=\"https:\/\/www.cultura.gob.es\/cultura\/libro-bibliotecas.html\" target=\"_blank\"  rel=\"noopener\">Direcci\u00f3n General del Libro, del C\u00f3mic y de la Lectura do Ministerio de Cultura y Deportes da Espanha.<\/a><\/p>\n","protected":false},"featured_media":0,"template":"","activity_categories":[491],"ages":[1052,1047,1055,1058,280],"languages":[49],"class_list":["post-328046","event","type-event","status-publish","hentry","activity_categories-convidado-especial","ages-1-ano-2","ages-2-anos-2","ages-4-anos-2","ages-bebes-2","ages-f-all-ages-pt","languages-b-es-pt"],"acf":[],"yoast_head":"<!-- This site is optimized with the Yoast SEO plugin v27.5 - https:\/\/yoast.com\/product\/yoast-seo-wordpress\/ -->\n<title>Mar Benegas - Sess\u00e3o de aut\u00f3grafos na Feira do Livro Infantil - Kolibri Festivaali<\/title>\n<meta name=\"robots\" content=\"index, follow, max-snippet:-1, max-image-preview:large, max-video-preview:-1\" \/>\n<link rel=\"canonical\" href=\"https:\/\/www.kolibrifestivaali.org\/pt-pt\/event\/mar-benegas-sessao-de-autografos-na-feira-do-livro-infantil\/\" \/>\n<meta property=\"og:locale\" content=\"pt_PT\" \/>\n<meta property=\"og:type\" content=\"article\" \/>\n<meta property=\"og:title\" content=\"Mar Benegas - Sess\u00e3o de aut\u00f3grafos na Feira do Livro Infantil - Kolibri Festivaali\" \/>\n<meta property=\"og:description\" content=\"Este ano, a Feira do Livro ser\u00e1 focada na obra de Mar Benegas, a Artista Convidada para o Kolibr\u00ed Festivaali [\u2026] Lue lis\u00e4\u00e4 &raquo;\" \/>\n<meta property=\"og:url\" content=\"https:\/\/www.kolibrifestivaali.org\/pt-pt\/event\/mar-benegas-sessao-de-autografos-na-feira-do-livro-infantil\/\" \/>\n<meta property=\"og:site_name\" content=\"Kolibri Festivaali\" \/>\n<meta property=\"article:modified_time\" content=\"2025-08-15T09:31:16+00:00\" \/>\n<meta name=\"twitter:card\" content=\"summary_large_image\" \/>\n<meta name=\"twitter:label1\" content=\"Tempo estimado de leitura\" \/>\n\t<meta name=\"twitter:data1\" content=\"1 minuto\" \/>\n<script type=\"application\/ld+json\" class=\"yoast-schema-graph\">{\"@context\":\"https:\\\/\\\/schema.org\",\"@graph\":[{\"@type\":\"WebPage\",\"@id\":\"https:\\\/\\\/www.kolibrifestivaali.org\\\/pt-pt\\\/event\\\/mar-benegas-sessao-de-autografos-na-feira-do-livro-infantil\\\/\",\"url\":\"https:\\\/\\\/www.kolibrifestivaali.org\\\/pt-pt\\\/event\\\/mar-benegas-sessao-de-autografos-na-feira-do-livro-infantil\\\/\",\"name\":\"Mar Benegas - Sess\u00e3o de aut\u00f3grafos na Feira do Livro Infantil - Kolibri Festivaali\",\"isPartOf\":{\"@id\":\"https:\\\/\\\/www.kolibrifestivaali.org\\\/pt-pt\\\/#website\"},\"datePublished\":\"2021-08-19T21:00:00+00:00\",\"dateModified\":\"2025-08-15T09:31:16+00:00\",\"breadcrumb\":{\"@id\":\"https:\\\/\\\/www.kolibrifestivaali.org\\\/pt-pt\\\/event\\\/mar-benegas-sessao-de-autografos-na-feira-do-livro-infantil\\\/#breadcrumb\"},\"inLanguage\":\"pt-PT\",\"potentialAction\":[{\"@type\":\"ReadAction\",\"target\":[\"https:\\\/\\\/www.kolibrifestivaali.org\\\/pt-pt\\\/event\\\/mar-benegas-sessao-de-autografos-na-feira-do-livro-infantil\\\/\"]}]},{\"@type\":\"BreadcrumbList\",\"@id\":\"https:\\\/\\\/www.kolibrifestivaali.org\\\/pt-pt\\\/event\\\/mar-benegas-sessao-de-autografos-na-feira-do-livro-infantil\\\/#breadcrumb\",\"itemListElement\":[{\"@type\":\"ListItem\",\"position\":1,\"name\":\"Home\",\"item\":\"https:\\\/\\\/www.kolibrifestivaali.org\\\/pt-pt\\\/\"},{\"@type\":\"ListItem\",\"position\":2,\"name\":\"Mar Benegas &#8211; Sess\u00e3o de aut\u00f3grafos na Feira do Livro Infantil\"}]},{\"@type\":\"WebSite\",\"@id\":\"https:\\\/\\\/www.kolibrifestivaali.org\\\/pt-pt\\\/#website\",\"url\":\"https:\\\/\\\/www.kolibrifestivaali.org\\\/pt-pt\\\/\",\"name\":\"Kolibri Festivaali\",\"description\":\"Kolibri\u0301 is a unique multicultural, free and open art festival for children and their families.\",\"inLanguage\":\"pt-PT\"}]}<\/script>\n<!-- \/ Yoast SEO plugin. -->","yoast_head_json":{"title":"Mar Benegas - Sess\u00e3o de aut\u00f3grafos na Feira do Livro Infantil - Kolibri Festivaali","robots":{"index":"index","follow":"follow","max-snippet":"max-snippet:-1","max-image-preview":"max-image-preview:large","max-video-preview":"max-video-preview:-1"},"canonical":"https:\/\/www.kolibrifestivaali.org\/pt-pt\/event\/mar-benegas-sessao-de-autografos-na-feira-do-livro-infantil\/","og_locale":"pt_PT","og_type":"article","og_title":"Mar Benegas - Sess\u00e3o de aut\u00f3grafos na Feira do Livro Infantil - Kolibri Festivaali","og_description":"Este ano, a Feira do Livro ser\u00e1 focada na obra de Mar Benegas, a Artista Convidada para o Kolibr\u00ed Festivaali [\u2026] Lue lis\u00e4\u00e4 &raquo;","og_url":"https:\/\/www.kolibrifestivaali.org\/pt-pt\/event\/mar-benegas-sessao-de-autografos-na-feira-do-livro-infantil\/","og_site_name":"Kolibri Festivaali","article_modified_time":"2025-08-15T09:31:16+00:00","twitter_card":"summary_large_image","twitter_misc":{"Tempo estimado de leitura":"1 minuto"},"schema":{"@context":"https:\/\/schema.org","@graph":[{"@type":"WebPage","@id":"https:\/\/www.kolibrifestivaali.org\/pt-pt\/event\/mar-benegas-sessao-de-autografos-na-feira-do-livro-infantil\/","url":"https:\/\/www.kolibrifestivaali.org\/pt-pt\/event\/mar-benegas-sessao-de-autografos-na-feira-do-livro-infantil\/","name":"Mar Benegas - Sess\u00e3o de aut\u00f3grafos na Feira do Livro Infantil - Kolibri Festivaali","isPartOf":{"@id":"https:\/\/www.kolibrifestivaali.org\/pt-pt\/#website"},"datePublished":"2021-08-19T21:00:00+00:00","dateModified":"2025-08-15T09:31:16+00:00","breadcrumb":{"@id":"https:\/\/www.kolibrifestivaali.org\/pt-pt\/event\/mar-benegas-sessao-de-autografos-na-feira-do-livro-infantil\/#breadcrumb"},"inLanguage":"pt-PT","potentialAction":[{"@type":"ReadAction","target":["https:\/\/www.kolibrifestivaali.org\/pt-pt\/event\/mar-benegas-sessao-de-autografos-na-feira-do-livro-infantil\/"]}]},{"@type":"BreadcrumbList","@id":"https:\/\/www.kolibrifestivaali.org\/pt-pt\/event\/mar-benegas-sessao-de-autografos-na-feira-do-livro-infantil\/#breadcrumb","itemListElement":[{"@type":"ListItem","position":1,"name":"Home","item":"https:\/\/www.kolibrifestivaali.org\/pt-pt\/"},{"@type":"ListItem","position":2,"name":"Mar Benegas &#8211; Sess\u00e3o de aut\u00f3grafos na Feira do Livro Infantil"}]},{"@type":"WebSite","@id":"https:\/\/www.kolibrifestivaali.org\/pt-pt\/#website","url":"https:\/\/www.kolibrifestivaali.org\/pt-pt\/","name":"Kolibri Festivaali","description":"Kolibri\u0301 is a unique multicultural, free and open art festival for children and their families.","inLanguage":"pt-PT"}]}},"_links":{"self":[{"href":"https:\/\/www.kolibrifestivaali.org\/pt-pt\/wp-json\/wp\/v2\/event\/328046","targetHints":{"allow":["GET"]}}],"collection":[{"href":"https:\/\/www.kolibrifestivaali.org\/pt-pt\/wp-json\/wp\/v2\/event"}],"about":[{"href":"https:\/\/www.kolibrifestivaali.org\/pt-pt\/wp-json\/wp\/v2\/types\/event"}],"wp:attachment":[{"href":"https:\/\/www.kolibrifestivaali.org\/pt-pt\/wp-json\/wp\/v2\/media?parent=328046"}],"wp:term":[{"taxonomy":"activity_categories","embeddable":true,"href":"https:\/\/www.kolibrifestivaali.org\/pt-pt\/wp-json\/wp\/v2\/activity_categories?post=328046"},{"taxonomy":"ages","embeddable":true,"href":"https:\/\/www.kolibrifestivaali.org\/pt-pt\/wp-json\/wp\/v2\/ages?post=328046"},{"taxonomy":"languages","embeddable":true,"href":"https:\/\/www.kolibrifestivaali.org\/pt-pt\/wp-json\/wp\/v2\/languages?post=328046"}],"curies":[{"name":"wp","href":"https:\/\/api.w.org\/{rel}","templated":true}]}}

Mar Benegas &#8211; Sessão de autógrafos na Feira do Livro Infantil

<p>Este ano, a Feira do Livro será focada na obra de Mar Benegas, a Artista Convidada para o Kolibrí Festivaali 2025. A escritora espanhola, autora de livros como “Dice el sol Dice la luna” e “¿Nicolasa, y tu casa?”, estará autografando livros em nossa feira. Então não perca! </p>
<p>E tem mais: pela primeira vez no Kolibrí, vamos receber uma editora convidada! Na Feira do Livro, você vai poder comprar os livros da Mar, graças à parceria com a sua editora, <a href="https://www.abuenpaso.com/" target="_blank"  rel="noopener">A buen paso</a>. </p>
<p>A participação de Mar Benegas no Kolibrí Festivaali é graças à colaboração da <a href="https://www.cultura.gob.es/cultura/libro-bibliotecas.html" target="_blank"  rel="noopener">Dirección General del Libro, del Cómic y de la Lectura do Ministerio de Cultura y Deportes da Espanha.</a></p>

<!-- This site is optimized with the Yoast SEO plugin v27.5 - https://yoast.com/product/yoast-seo-wordpress/ -->
<title>Mar Benegas - Sessão de autógrafos na Feira do Livro Infantil - Kolibri Festivaali</title>
<meta name="robots" content="index, follow, max-snippet:-1, max-image-preview:large, max-video-preview:-1" />
<link rel="canonical" href="https://www.kolibrifestivaali.org/pt-pt/event/mar-benegas-sessao-de-autografos-na-feira-do-livro-infantil/" />
<meta property="og:locale" content="pt_PT" />
<meta property="og:type" content="article" />
<meta property="og:title" content="Mar Benegas - Sessão de autógrafos na Feira do Livro Infantil - Kolibri Festivaali" />
<meta property="og:description" content="Este ano, a Feira do Livro será focada na obra de Mar Benegas, a Artista Convidada para o Kolibrí Festivaali […] Lue lisää &raquo;" />
<meta property="og:url" content="https://www.kolibrifestivaali.org/pt-pt/event/mar-benegas-sessao-de-autografos-na-feira-do-livro-infantil/" />
<meta property="og:site_name" content="Kolibri Festivaali" />
<meta property="article:modified_time" content="2025-08-15T09:31:16+00:00" />
<meta name="twitter:card" content="summary_large_image" />
<meta name="twitter:label1" content="Tempo estimado de leitura" />
	<meta name="twitter:data1" content="1 minuto" />
<script type="application/ld+json" class="yoast-schema-graph">{"@context":"https:\/\/schema.org","@graph":[{"@type":"WebPage","@id":"https:\/\/www.kolibrifestivaali.org\/pt-pt\/event\/mar-benegas-sessao-de-autografos-na-feira-do-livro-infantil\/","url":"https:\/\/www.kolibrifestivaali.org\/pt-pt\/event\/mar-benegas-sessao-de-autografos-na-feira-do-livro-infantil\/","name":"Mar Benegas - Sessão de autógrafos na Feira do Livro Infantil - Kolibri Festivaali","isPartOf":{"@id":"https:\/\/www.kolibrifestivaali.org\/pt-pt\/#website"},"datePublished":"2021-08-19T21:00:00+00:00","dateModified":"2025-08-15T09:31:16+00:00","breadcrumb":{"@id":"https:\/\/www.kolibrifestivaali.org\/pt-pt\/event\/mar-benegas-sessao-de-autografos-na-feira-do-livro-infantil\/#breadcrumb"},"inLanguage":"pt-PT","potentialAction":[{"@type":"ReadAction","target":["https:\/\/www.kolibrifestivaali.org\/pt-pt\/event\/mar-benegas-sessao-de-autografos-na-feira-do-livro-infantil\/"]}]},{"@type":"BreadcrumbList","@id":"https:\/\/www.kolibrifestivaali.org\/pt-pt\/event\/mar-benegas-sessao-de-autografos-na-feira-do-livro-infantil\/#breadcrumb","itemListElement":[{"@type":"ListItem","position":1,"name":"Home","item":"https:\/\/www.kolibrifestivaali.org\/pt-pt\/"},{"@type":"ListItem","position":2,"name":"Mar Benegas &#8211; Sessão de autógrafos na Feira do Livro Infantil"}]},{"@type":"WebSite","@id":"https:\/\/www.kolibrifestivaali.org\/pt-pt\/#website","url":"https:\/\/www.kolibrifestivaali.org\/pt-pt\/","name":"Kolibri Festivaali","description":"Kolibrí is a unique multicultural, free and open art festival for children and their families.","inLanguage":"pt-PT"}]}</script>
<!-- / Yoast SEO plugin. -->

Mar Benegas - Sessão de autógrafos na Feira do Livro Infantil - Kolibri Festivaali

Este ano, a Feira do Livro será focada na obra de Mar Benegas, a Artista Convidada para o Kolibrí Festivaali […] Lue lisää &raquo;
