{"id":328043,"date":"2021-08-20T00:00:00","date_gmt":"2021-08-19T21:00:00","guid":{"rendered":"https:\/\/www.kolibrifestivaali.org\/event\/loolo-dzii-coracao-vermelho\/"},"modified":"2025-08-15T12:31:14","modified_gmt":"2025-08-15T09:31:14","slug":"loolo-dzii-coracao-vermelho","status":"publish","type":"event","link":"https:\/\/www.kolibrifestivaali.org\/pt-pt\/event\/loolo-dzii-coracao-vermelho\/","title":{"rendered":"Loolo dzii &#8211; Cora\u00e7\u00e3o vermelho"},"content":{"rendered":"<p>A cultura cigana vai tomar conta do palco do Kolibr\u00ed no compasso vibrante das buler\u00edas! Diretamente da Finl\u00e2ndia, Anette \u00c5kerlund apresenta um espet\u00e1culo cheio de emo\u00e7\u00e3o e energia, pensado para encantar toda a fam\u00edlia \u2014 com muito flamenco, dan\u00e7a e canto. <\/p>\n<p>Prepare-se para um show lindo, com um repert\u00f3rio que mistura cantigas tradicionais ciganas voltadas para as crian\u00e7as, cl\u00e1ssicos populares do flamenco e composi\u00e7\u00f5es autorais em romani e finland\u00eas, todas criadas pela pr\u00f3pria Anette. <\/p>\n<p>Ela estar\u00e1 acompanhada pelo violonista flamenco Joonas Widenius e pela violinista Lotta-Maria Heiskanen, especialista em flamenco e m\u00fasica do Oriente M\u00e9dio \u2014 ambos tamb\u00e9m da Finl\u00e2ndia. <\/p>\n<p>Com esse concerto, Anette quer inspirar as crian\u00e7as ciganas a se conectarem com sua l\u00edngua, cantarem com orgulho e se reconhecerem na for\u00e7a e beleza de suas ra\u00edzes culturais. <\/p>\n<p>Esta atividade \u00e9 poss\u00edvel gra\u00e7as ao apoio da <a href=\"https:\/\/skr.fi\/\" target=\"_blank\"  rel=\"noopener\">Funda\u00e7\u00e3o Cultural da Finl\u00e2ndia.<\/a><\/p>\n","protected":false},"featured_media":0,"template":"","activity_categories":[119],"ages":[1052,1047,1055,1058,280],"languages":[46,49,52,1068],"class_list":["post-328043","event","type-event","status-publish","hentry","activity_categories-concerto","ages-1-ano-2","ages-2-anos-2","ages-4-anos-2","ages-bebes-2","ages-f-all-ages-pt","languages-a-en-pt","languages-b-es-pt","languages-c-fi-pt","languages-kal-3"],"acf":[],"yoast_head":"<!-- This site is optimized with the Yoast SEO plugin v27.4 - https:\/\/yoast.com\/product\/yoast-seo-wordpress\/ -->\n<title>Loolo dzii - Cora\u00e7\u00e3o vermelho - Kolibri Festivaali<\/title>\n<meta name=\"robots\" content=\"index, follow, max-snippet:-1, max-image-preview:large, max-video-preview:-1\" \/>\n<link rel=\"canonical\" href=\"https:\/\/www.kolibrifestivaali.org\/pt-pt\/event\/loolo-dzii-coracao-vermelho\/\" \/>\n<meta property=\"og:locale\" content=\"pt_PT\" \/>\n<meta property=\"og:type\" content=\"article\" \/>\n<meta property=\"og:title\" content=\"Loolo dzii - Cora\u00e7\u00e3o vermelho - Kolibri Festivaali\" \/>\n<meta property=\"og:description\" content=\"A cultura cigana vai tomar conta do palco do Kolibr\u00ed no compasso vibrante das buler\u00edas! Diretamente da Finl\u00e2ndia, Anette \u00c5kerlund [\u2026] Lue lis\u00e4\u00e4 &raquo;\" \/>\n<meta property=\"og:url\" content=\"https:\/\/www.kolibrifestivaali.org\/pt-pt\/event\/loolo-dzii-coracao-vermelho\/\" \/>\n<meta property=\"og:site_name\" content=\"Kolibri Festivaali\" \/>\n<meta property=\"article:modified_time\" content=\"2025-08-15T09:31:14+00:00\" \/>\n<meta name=\"twitter:card\" content=\"summary_large_image\" \/>\n<meta name=\"twitter:label1\" content=\"Tempo estimado de leitura\" \/>\n\t<meta name=\"twitter:data1\" content=\"1 minuto\" \/>\n<script type=\"application\/ld+json\" class=\"yoast-schema-graph\">{\"@context\":\"https:\\\/\\\/schema.org\",\"@graph\":[{\"@type\":\"WebPage\",\"@id\":\"https:\\\/\\\/www.kolibrifestivaali.org\\\/pt-pt\\\/event\\\/loolo-dzii-coracao-vermelho\\\/\",\"url\":\"https:\\\/\\\/www.kolibrifestivaali.org\\\/pt-pt\\\/event\\\/loolo-dzii-coracao-vermelho\\\/\",\"name\":\"Loolo dzii - Cora\u00e7\u00e3o vermelho - Kolibri Festivaali\",\"isPartOf\":{\"@id\":\"https:\\\/\\\/www.kolibrifestivaali.org\\\/pt-pt\\\/#website\"},\"datePublished\":\"2021-08-19T21:00:00+00:00\",\"dateModified\":\"2025-08-15T09:31:14+00:00\",\"breadcrumb\":{\"@id\":\"https:\\\/\\\/www.kolibrifestivaali.org\\\/pt-pt\\\/event\\\/loolo-dzii-coracao-vermelho\\\/#breadcrumb\"},\"inLanguage\":\"pt-PT\",\"potentialAction\":[{\"@type\":\"ReadAction\",\"target\":[\"https:\\\/\\\/www.kolibrifestivaali.org\\\/pt-pt\\\/event\\\/loolo-dzii-coracao-vermelho\\\/\"]}]},{\"@type\":\"BreadcrumbList\",\"@id\":\"https:\\\/\\\/www.kolibrifestivaali.org\\\/pt-pt\\\/event\\\/loolo-dzii-coracao-vermelho\\\/#breadcrumb\",\"itemListElement\":[{\"@type\":\"ListItem\",\"position\":1,\"name\":\"Home\",\"item\":\"https:\\\/\\\/www.kolibrifestivaali.org\\\/pt-pt\\\/\"},{\"@type\":\"ListItem\",\"position\":2,\"name\":\"Loolo dzii &#8211; Cora\u00e7\u00e3o vermelho\"}]},{\"@type\":\"WebSite\",\"@id\":\"https:\\\/\\\/www.kolibrifestivaali.org\\\/pt-pt\\\/#website\",\"url\":\"https:\\\/\\\/www.kolibrifestivaali.org\\\/pt-pt\\\/\",\"name\":\"Kolibri Festivaali\",\"description\":\"Kolibri\u0301 is a unique multicultural, free and open art festival for children and their families.\",\"inLanguage\":\"pt-PT\"}]}<\/script>\n<!-- \/ Yoast SEO plugin. -->","yoast_head_json":{"title":"Loolo dzii - Cora\u00e7\u00e3o vermelho - Kolibri Festivaali","robots":{"index":"index","follow":"follow","max-snippet":"max-snippet:-1","max-image-preview":"max-image-preview:large","max-video-preview":"max-video-preview:-1"},"canonical":"https:\/\/www.kolibrifestivaali.org\/pt-pt\/event\/loolo-dzii-coracao-vermelho\/","og_locale":"pt_PT","og_type":"article","og_title":"Loolo dzii - Cora\u00e7\u00e3o vermelho - Kolibri Festivaali","og_description":"A cultura cigana vai tomar conta do palco do Kolibr\u00ed no compasso vibrante das buler\u00edas! Diretamente da Finl\u00e2ndia, Anette \u00c5kerlund [\u2026] Lue lis\u00e4\u00e4 &raquo;","og_url":"https:\/\/www.kolibrifestivaali.org\/pt-pt\/event\/loolo-dzii-coracao-vermelho\/","og_site_name":"Kolibri Festivaali","article_modified_time":"2025-08-15T09:31:14+00:00","twitter_card":"summary_large_image","twitter_misc":{"Tempo estimado de leitura":"1 minuto"},"schema":{"@context":"https:\/\/schema.org","@graph":[{"@type":"WebPage","@id":"https:\/\/www.kolibrifestivaali.org\/pt-pt\/event\/loolo-dzii-coracao-vermelho\/","url":"https:\/\/www.kolibrifestivaali.org\/pt-pt\/event\/loolo-dzii-coracao-vermelho\/","name":"Loolo dzii - Cora\u00e7\u00e3o vermelho - Kolibri Festivaali","isPartOf":{"@id":"https:\/\/www.kolibrifestivaali.org\/pt-pt\/#website"},"datePublished":"2021-08-19T21:00:00+00:00","dateModified":"2025-08-15T09:31:14+00:00","breadcrumb":{"@id":"https:\/\/www.kolibrifestivaali.org\/pt-pt\/event\/loolo-dzii-coracao-vermelho\/#breadcrumb"},"inLanguage":"pt-PT","potentialAction":[{"@type":"ReadAction","target":["https:\/\/www.kolibrifestivaali.org\/pt-pt\/event\/loolo-dzii-coracao-vermelho\/"]}]},{"@type":"BreadcrumbList","@id":"https:\/\/www.kolibrifestivaali.org\/pt-pt\/event\/loolo-dzii-coracao-vermelho\/#breadcrumb","itemListElement":[{"@type":"ListItem","position":1,"name":"Home","item":"https:\/\/www.kolibrifestivaali.org\/pt-pt\/"},{"@type":"ListItem","position":2,"name":"Loolo dzii &#8211; Cora\u00e7\u00e3o vermelho"}]},{"@type":"WebSite","@id":"https:\/\/www.kolibrifestivaali.org\/pt-pt\/#website","url":"https:\/\/www.kolibrifestivaali.org\/pt-pt\/","name":"Kolibri Festivaali","description":"Kolibri\u0301 is a unique multicultural, free and open art festival for children and their families.","inLanguage":"pt-PT"}]}},"_links":{"self":[{"href":"https:\/\/www.kolibrifestivaali.org\/pt-pt\/wp-json\/wp\/v2\/event\/328043","targetHints":{"allow":["GET"]}}],"collection":[{"href":"https:\/\/www.kolibrifestivaali.org\/pt-pt\/wp-json\/wp\/v2\/event"}],"about":[{"href":"https:\/\/www.kolibrifestivaali.org\/pt-pt\/wp-json\/wp\/v2\/types\/event"}],"wp:attachment":[{"href":"https:\/\/www.kolibrifestivaali.org\/pt-pt\/wp-json\/wp\/v2\/media?parent=328043"}],"wp:term":[{"taxonomy":"activity_categories","embeddable":true,"href":"https:\/\/www.kolibrifestivaali.org\/pt-pt\/wp-json\/wp\/v2\/activity_categories?post=328043"},{"taxonomy":"ages","embeddable":true,"href":"https:\/\/www.kolibrifestivaali.org\/pt-pt\/wp-json\/wp\/v2\/ages?post=328043"},{"taxonomy":"languages","embeddable":true,"href":"https:\/\/www.kolibrifestivaali.org\/pt-pt\/wp-json\/wp\/v2\/languages?post=328043"}],"curies":[{"name":"wp","href":"https:\/\/api.w.org\/{rel}","templated":true}]}}

Loolo dzii &#8211; Coração vermelho

<p>A cultura cigana vai tomar conta do palco do Kolibrí no compasso vibrante das bulerías! Diretamente da Finlândia, Anette Åkerlund apresenta um espetáculo cheio de emoção e energia, pensado para encantar toda a família — com muito flamenco, dança e canto. </p>
<p>Prepare-se para um show lindo, com um repertório que mistura cantigas tradicionais ciganas voltadas para as crianças, clássicos populares do flamenco e composições autorais em romani e finlandês, todas criadas pela própria Anette. </p>
<p>Ela estará acompanhada pelo violonista flamenco Joonas Widenius e pela violinista Lotta-Maria Heiskanen, especialista em flamenco e música do Oriente Médio — ambos também da Finlândia. </p>
<p>Com esse concerto, Anette quer inspirar as crianças ciganas a se conectarem com sua língua, cantarem com orgulho e se reconhecerem na força e beleza de suas raízes culturais. </p>
<p>Esta atividade é possível graças ao apoio da <a href="https://skr.fi/" target="_blank"  rel="noopener">Fundação Cultural da Finlândia.</a></p>

<!-- This site is optimized with the Yoast SEO plugin v27.4 - https://yoast.com/product/yoast-seo-wordpress/ -->
<title>Loolo dzii - Coração vermelho - Kolibri Festivaali</title>
<meta name="robots" content="index, follow, max-snippet:-1, max-image-preview:large, max-video-preview:-1" />
<link rel="canonical" href="https://www.kolibrifestivaali.org/pt-pt/event/loolo-dzii-coracao-vermelho/" />
<meta property="og:locale" content="pt_PT" />
<meta property="og:type" content="article" />
<meta property="og:title" content="Loolo dzii - Coração vermelho - Kolibri Festivaali" />
<meta property="og:description" content="A cultura cigana vai tomar conta do palco do Kolibrí no compasso vibrante das bulerías! Diretamente da Finlândia, Anette Åkerlund […] Lue lisää &raquo;" />
<meta property="og:url" content="https://www.kolibrifestivaali.org/pt-pt/event/loolo-dzii-coracao-vermelho/" />
<meta property="og:site_name" content="Kolibri Festivaali" />
<meta property="article:modified_time" content="2025-08-15T09:31:14+00:00" />
<meta name="twitter:card" content="summary_large_image" />
<meta name="twitter:label1" content="Tempo estimado de leitura" />
	<meta name="twitter:data1" content="1 minuto" />
<script type="application/ld+json" class="yoast-schema-graph">{"@context":"https:\/\/schema.org","@graph":[{"@type":"WebPage","@id":"https:\/\/www.kolibrifestivaali.org\/pt-pt\/event\/loolo-dzii-coracao-vermelho\/","url":"https:\/\/www.kolibrifestivaali.org\/pt-pt\/event\/loolo-dzii-coracao-vermelho\/","name":"Loolo dzii - Coração vermelho - Kolibri Festivaali","isPartOf":{"@id":"https:\/\/www.kolibrifestivaali.org\/pt-pt\/#website"},"datePublished":"2021-08-19T21:00:00+00:00","dateModified":"2025-08-15T09:31:14+00:00","breadcrumb":{"@id":"https:\/\/www.kolibrifestivaali.org\/pt-pt\/event\/loolo-dzii-coracao-vermelho\/#breadcrumb"},"inLanguage":"pt-PT","potentialAction":[{"@type":"ReadAction","target":["https:\/\/www.kolibrifestivaali.org\/pt-pt\/event\/loolo-dzii-coracao-vermelho\/"]}]},{"@type":"BreadcrumbList","@id":"https:\/\/www.kolibrifestivaali.org\/pt-pt\/event\/loolo-dzii-coracao-vermelho\/#breadcrumb","itemListElement":[{"@type":"ListItem","position":1,"name":"Home","item":"https:\/\/www.kolibrifestivaali.org\/pt-pt\/"},{"@type":"ListItem","position":2,"name":"Loolo dzii &#8211; Coração vermelho"}]},{"@type":"WebSite","@id":"https:\/\/www.kolibrifestivaali.org\/pt-pt\/#website","url":"https:\/\/www.kolibrifestivaali.org\/pt-pt\/","name":"Kolibri Festivaali","description":"Kolibrí is a unique multicultural, free and open art festival for children and their families.","inLanguage":"pt-PT"}]}</script>
<!-- / Yoast SEO plugin. -->

Loolo dzii - Coração vermelho - Kolibri Festivaali

A cultura cigana vai tomar conta do palco do Kolibrí no compasso vibrante das bulerías! Diretamente da Finlândia, Anette Åkerlund […] Lue lisää &raquo;
