{"id":328041,"date":"2021-08-20T00:00:00","date_gmt":"2021-08-19T21:00:00","guid":{"rendered":"https:\/\/www.kolibrifestivaali.org\/event\/feira-do-livro-infantil-2025\/"},"modified":"2025-08-15T12:31:13","modified_gmt":"2025-08-15T09:31:13","slug":"feira-do-livro-infantil-2025","status":"publish","type":"event","link":"https:\/\/www.kolibrifestivaali.org\/pt-pt\/event\/feira-do-livro-infantil-2025\/","title":{"rendered":"Feira do Livro Infantil 2025"},"content":{"rendered":"<p>O Kolibr\u00ed Festivaali 2025 ir\u00e1 sediar sua tradicional Feira do Livro Infantil! <\/p>\n<p>Nossa Feira do Livro Infantil \u00e9 um dos eventos mais tradicionais e oferece uma oportunidade \u00fanica para levar para casa livros infantis em espanhol e portugu\u00eas. <\/p>\n<p>Como todos os anos, abra\u00e7amos a literatura infantil com uma ampla sele\u00e7\u00e3o de t\u00edtulos de editoras de toda a Ibero-Am\u00e9rica. A Feira do Livro Infantil de Kolibr\u00ed vai destacar as obras do ilustrador e escritor Gusti (AR), criador da imagem de Kolibr\u00ed 2025, e da poeta Mar Benegas (ES), nossa Artista Convidada 2025. Voc\u00ea ter\u00e1 a chance de comprar os livros na feira e conseguir aut\u00f3grafos dos dois autores! <\/p>\n<p>Pela primeira vez, o Kolibr\u00ed vai receber uma editora convidada: A buen paso, respons\u00e1vel por muitos dos livros de Mar Benegas. <\/p>\n<p>N\u00e3o perca a chance de levar para casa livros infantis novos e de segunda m\u00e3o para curtir com os pequenos. <\/p>\n<p>Esta atividade \u00e9 fruto de uma colabora\u00e7\u00e3o com <a href=\"https:\/\/elsitiodelaspalabras.es\/\" target=\"_blank\"  rel=\"noopener\">A buen paso<\/a>, <a href=\"https:\/\/elsitiodelaspalabras.es\/\" target=\"_blank\"  rel=\"noopener\">El sitio de las palabras<\/a>.<\/p>\n","protected":false},"featured_media":0,"template":"","activity_categories":[121],"ages":[1052,1047,1055,1058,280],"languages":[46,49,52],"class_list":["post-328041","event","type-event","status-publish","hentry","activity_categories-literatura-pt","ages-1-ano-2","ages-2-anos-2","ages-4-anos-2","ages-bebes-2","ages-f-all-ages-pt","languages-a-en-pt","languages-b-es-pt","languages-c-fi-pt"],"acf":[],"yoast_head":"<!-- This site is optimized with the Yoast SEO plugin v27.4 - https:\/\/yoast.com\/product\/yoast-seo-wordpress\/ -->\n<title>Feira do Livro Infantil 2025 - Kolibri Festivaali<\/title>\n<meta name=\"robots\" content=\"index, follow, max-snippet:-1, max-image-preview:large, max-video-preview:-1\" \/>\n<link rel=\"canonical\" href=\"https:\/\/www.kolibrifestivaali.org\/pt-pt\/event\/feira-do-livro-infantil-2025\/\" \/>\n<meta property=\"og:locale\" content=\"pt_PT\" \/>\n<meta property=\"og:type\" content=\"article\" \/>\n<meta property=\"og:title\" content=\"Feira do Livro Infantil 2025 - Kolibri Festivaali\" \/>\n<meta property=\"og:description\" content=\"O Kolibr\u00ed Festivaali 2025 ir\u00e1 sediar sua tradicional Feira do Livro Infantil! Nossa Feira do Livro Infantil \u00e9 um dos [\u2026] Lue lis\u00e4\u00e4 &raquo;\" \/>\n<meta property=\"og:url\" content=\"https:\/\/www.kolibrifestivaali.org\/pt-pt\/event\/feira-do-livro-infantil-2025\/\" \/>\n<meta property=\"og:site_name\" content=\"Kolibri Festivaali\" \/>\n<meta property=\"article:modified_time\" content=\"2025-08-15T09:31:13+00:00\" \/>\n<meta name=\"twitter:card\" content=\"summary_large_image\" \/>\n<meta name=\"twitter:label1\" content=\"Tempo estimado de leitura\" \/>\n\t<meta name=\"twitter:data1\" content=\"1 minuto\" \/>\n<script type=\"application\/ld+json\" class=\"yoast-schema-graph\">{\"@context\":\"https:\\\/\\\/schema.org\",\"@graph\":[{\"@type\":\"WebPage\",\"@id\":\"https:\\\/\\\/www.kolibrifestivaali.org\\\/pt-pt\\\/event\\\/feira-do-livro-infantil-2025\\\/\",\"url\":\"https:\\\/\\\/www.kolibrifestivaali.org\\\/pt-pt\\\/event\\\/feira-do-livro-infantil-2025\\\/\",\"name\":\"Feira do Livro Infantil 2025 - Kolibri Festivaali\",\"isPartOf\":{\"@id\":\"https:\\\/\\\/www.kolibrifestivaali.org\\\/pt-pt\\\/#website\"},\"datePublished\":\"2021-08-19T21:00:00+00:00\",\"dateModified\":\"2025-08-15T09:31:13+00:00\",\"breadcrumb\":{\"@id\":\"https:\\\/\\\/www.kolibrifestivaali.org\\\/pt-pt\\\/event\\\/feira-do-livro-infantil-2025\\\/#breadcrumb\"},\"inLanguage\":\"pt-PT\",\"potentialAction\":[{\"@type\":\"ReadAction\",\"target\":[\"https:\\\/\\\/www.kolibrifestivaali.org\\\/pt-pt\\\/event\\\/feira-do-livro-infantil-2025\\\/\"]}]},{\"@type\":\"BreadcrumbList\",\"@id\":\"https:\\\/\\\/www.kolibrifestivaali.org\\\/pt-pt\\\/event\\\/feira-do-livro-infantil-2025\\\/#breadcrumb\",\"itemListElement\":[{\"@type\":\"ListItem\",\"position\":1,\"name\":\"Home\",\"item\":\"https:\\\/\\\/www.kolibrifestivaali.org\\\/pt-pt\\\/\"},{\"@type\":\"ListItem\",\"position\":2,\"name\":\"Feira do Livro Infantil 2025\"}]},{\"@type\":\"WebSite\",\"@id\":\"https:\\\/\\\/www.kolibrifestivaali.org\\\/pt-pt\\\/#website\",\"url\":\"https:\\\/\\\/www.kolibrifestivaali.org\\\/pt-pt\\\/\",\"name\":\"Kolibri Festivaali\",\"description\":\"Kolibri\u0301 is a unique multicultural, free and open art festival for children and their families.\",\"inLanguage\":\"pt-PT\"}]}<\/script>\n<!-- \/ Yoast SEO plugin. -->","yoast_head_json":{"title":"Feira do Livro Infantil 2025 - Kolibri Festivaali","robots":{"index":"index","follow":"follow","max-snippet":"max-snippet:-1","max-image-preview":"max-image-preview:large","max-video-preview":"max-video-preview:-1"},"canonical":"https:\/\/www.kolibrifestivaali.org\/pt-pt\/event\/feira-do-livro-infantil-2025\/","og_locale":"pt_PT","og_type":"article","og_title":"Feira do Livro Infantil 2025 - Kolibri Festivaali","og_description":"O Kolibr\u00ed Festivaali 2025 ir\u00e1 sediar sua tradicional Feira do Livro Infantil! Nossa Feira do Livro Infantil \u00e9 um dos [\u2026] Lue lis\u00e4\u00e4 &raquo;","og_url":"https:\/\/www.kolibrifestivaali.org\/pt-pt\/event\/feira-do-livro-infantil-2025\/","og_site_name":"Kolibri Festivaali","article_modified_time":"2025-08-15T09:31:13+00:00","twitter_card":"summary_large_image","twitter_misc":{"Tempo estimado de leitura":"1 minuto"},"schema":{"@context":"https:\/\/schema.org","@graph":[{"@type":"WebPage","@id":"https:\/\/www.kolibrifestivaali.org\/pt-pt\/event\/feira-do-livro-infantil-2025\/","url":"https:\/\/www.kolibrifestivaali.org\/pt-pt\/event\/feira-do-livro-infantil-2025\/","name":"Feira do Livro Infantil 2025 - Kolibri Festivaali","isPartOf":{"@id":"https:\/\/www.kolibrifestivaali.org\/pt-pt\/#website"},"datePublished":"2021-08-19T21:00:00+00:00","dateModified":"2025-08-15T09:31:13+00:00","breadcrumb":{"@id":"https:\/\/www.kolibrifestivaali.org\/pt-pt\/event\/feira-do-livro-infantil-2025\/#breadcrumb"},"inLanguage":"pt-PT","potentialAction":[{"@type":"ReadAction","target":["https:\/\/www.kolibrifestivaali.org\/pt-pt\/event\/feira-do-livro-infantil-2025\/"]}]},{"@type":"BreadcrumbList","@id":"https:\/\/www.kolibrifestivaali.org\/pt-pt\/event\/feira-do-livro-infantil-2025\/#breadcrumb","itemListElement":[{"@type":"ListItem","position":1,"name":"Home","item":"https:\/\/www.kolibrifestivaali.org\/pt-pt\/"},{"@type":"ListItem","position":2,"name":"Feira do Livro Infantil 2025"}]},{"@type":"WebSite","@id":"https:\/\/www.kolibrifestivaali.org\/pt-pt\/#website","url":"https:\/\/www.kolibrifestivaali.org\/pt-pt\/","name":"Kolibri Festivaali","description":"Kolibri\u0301 is a unique multicultural, free and open art festival for children and their families.","inLanguage":"pt-PT"}]}},"_links":{"self":[{"href":"https:\/\/www.kolibrifestivaali.org\/pt-pt\/wp-json\/wp\/v2\/event\/328041","targetHints":{"allow":["GET"]}}],"collection":[{"href":"https:\/\/www.kolibrifestivaali.org\/pt-pt\/wp-json\/wp\/v2\/event"}],"about":[{"href":"https:\/\/www.kolibrifestivaali.org\/pt-pt\/wp-json\/wp\/v2\/types\/event"}],"wp:attachment":[{"href":"https:\/\/www.kolibrifestivaali.org\/pt-pt\/wp-json\/wp\/v2\/media?parent=328041"}],"wp:term":[{"taxonomy":"activity_categories","embeddable":true,"href":"https:\/\/www.kolibrifestivaali.org\/pt-pt\/wp-json\/wp\/v2\/activity_categories?post=328041"},{"taxonomy":"ages","embeddable":true,"href":"https:\/\/www.kolibrifestivaali.org\/pt-pt\/wp-json\/wp\/v2\/ages?post=328041"},{"taxonomy":"languages","embeddable":true,"href":"https:\/\/www.kolibrifestivaali.org\/pt-pt\/wp-json\/wp\/v2\/languages?post=328041"}],"curies":[{"name":"wp","href":"https:\/\/api.w.org\/{rel}","templated":true}]}}

<p>O Kolibrí Festivaali 2025 irá sediar sua tradicional Feira do Livro Infantil! </p>
<p>Nossa Feira do Livro Infantil é um dos eventos mais tradicionais e oferece uma oportunidade única para levar para casa livros infantis em espanhol e português. </p>
<p>Como todos os anos, abraçamos a literatura infantil com uma ampla seleção de títulos de editoras de toda a Ibero-América. A Feira do Livro Infantil de Kolibrí vai destacar as obras do ilustrador e escritor Gusti (AR), criador da imagem de Kolibrí 2025, e da poeta Mar Benegas (ES), nossa Artista Convidada 2025. Você terá a chance de comprar os livros na feira e conseguir autógrafos dos dois autores! </p>
<p>Pela primeira vez, o Kolibrí vai receber uma editora convidada: A buen paso, responsável por muitos dos livros de Mar Benegas. </p>
<p>Não perca a chance de levar para casa livros infantis novos e de segunda mão para curtir com os pequenos. </p>
<p>Esta atividade é fruto de uma colaboração com <a href="https://elsitiodelaspalabras.es/" target="_blank"  rel="noopener">A buen paso</a>, <a href="https://elsitiodelaspalabras.es/" target="_blank"  rel="noopener">El sitio de las palabras</a>.</p>

<!-- This site is optimized with the Yoast SEO plugin v27.4 - https://yoast.com/product/yoast-seo-wordpress/ -->
<title>Feira do Livro Infantil 2025 - Kolibri Festivaali</title>
<meta name="robots" content="index, follow, max-snippet:-1, max-image-preview:large, max-video-preview:-1" />
<link rel="canonical" href="https://www.kolibrifestivaali.org/pt-pt/event/feira-do-livro-infantil-2025/" />
<meta property="og:locale" content="pt_PT" />
<meta property="og:type" content="article" />
<meta property="og:title" content="Feira do Livro Infantil 2025 - Kolibri Festivaali" />
<meta property="og:description" content="O Kolibrí Festivaali 2025 irá sediar sua tradicional Feira do Livro Infantil! Nossa Feira do Livro Infantil é um dos […] Lue lisää &raquo;" />
<meta property="og:url" content="https://www.kolibrifestivaali.org/pt-pt/event/feira-do-livro-infantil-2025/" />
<meta property="og:site_name" content="Kolibri Festivaali" />
<meta property="article:modified_time" content="2025-08-15T09:31:13+00:00" />
<meta name="twitter:card" content="summary_large_image" />
<meta name="twitter:label1" content="Tempo estimado de leitura" />
	<meta name="twitter:data1" content="1 minuto" />
<script type="application/ld+json" class="yoast-schema-graph">{"@context":"https:\/\/schema.org","@graph":[{"@type":"WebPage","@id":"https:\/\/www.kolibrifestivaali.org\/pt-pt\/event\/feira-do-livro-infantil-2025\/","url":"https:\/\/www.kolibrifestivaali.org\/pt-pt\/event\/feira-do-livro-infantil-2025\/","name":"Feira do Livro Infantil 2025 - Kolibri Festivaali","isPartOf":{"@id":"https:\/\/www.kolibrifestivaali.org\/pt-pt\/#website"},"datePublished":"2021-08-19T21:00:00+00:00","dateModified":"2025-08-15T09:31:13+00:00","breadcrumb":{"@id":"https:\/\/www.kolibrifestivaali.org\/pt-pt\/event\/feira-do-livro-infantil-2025\/#breadcrumb"},"inLanguage":"pt-PT","potentialAction":[{"@type":"ReadAction","target":["https:\/\/www.kolibrifestivaali.org\/pt-pt\/event\/feira-do-livro-infantil-2025\/"]}]},{"@type":"BreadcrumbList","@id":"https:\/\/www.kolibrifestivaali.org\/pt-pt\/event\/feira-do-livro-infantil-2025\/#breadcrumb","itemListElement":[{"@type":"ListItem","position":1,"name":"Home","item":"https:\/\/www.kolibrifestivaali.org\/pt-pt\/"},{"@type":"ListItem","position":2,"name":"Feira do Livro Infantil 2025"}]},{"@type":"WebSite","@id":"https:\/\/www.kolibrifestivaali.org\/pt-pt\/#website","url":"https:\/\/www.kolibrifestivaali.org\/pt-pt\/","name":"Kolibri Festivaali","description":"Kolibrí is a unique multicultural, free and open art festival for children and their families.","inLanguage":"pt-PT"}]}</script>
<!-- / Yoast SEO plugin. -->

O Kolibrí Festivaali 2025 irá sediar sua tradicional Feira do Livro Infantil! Nossa Feira do Livro Infantil é um dos […] Lue lisää &raquo;
