{"id":328036,"date":"2021-08-20T00:00:00","date_gmt":"2021-08-19T21:00:00","guid":{"rendered":"https:\/\/www.kolibrifestivaali.org\/event\/atamanaa-eu-desejo\/"},"modified":"2025-08-15T12:31:11","modified_gmt":"2025-08-15T09:31:11","slug":"atamanaa-eu-desejo","status":"publish","type":"event","link":"https:\/\/www.kolibrifestivaali.org\/pt-pt\/event\/atamanaa-eu-desejo\/","title":{"rendered":"Atamanaa &#8211; Eu desejo"},"content":{"rendered":"<p>Descubra a cultura palestina no Kolibr\u00ed Festivaali! Junte-se a n\u00f3s neste dia cheio de vida no Kolibr\u00ed, repleto de m\u00fasicas, jogos, poemas e dan\u00e7as tradicionais. O Kampa Kollektiivi deseja manter viva a cultura palestina atrav\u00e9s desta atividade interativa. <\/p>\n<p>Noor Assad (PAL-FI) nos ensinar\u00e1 m\u00fasicas, poemas e jogos, enquanto Moe (PAL) nos guiar\u00e1 pelos passos mais comuns da dan\u00e7a dabke, acompanhado pelos dan\u00e7arinos do grupo finland\u00eas de dabke, Al Huriya. N\u00e3o perca esta experi\u00eancia emocionante, com a esperan\u00e7a de um mundo onde todas as crian\u00e7as possam brincar em paz.<\/p>\n","protected":false},"featured_media":0,"template":"","activity_categories":[1061],"ages":[1047,1055],"languages":[334,46,52],"class_list":["post-328036","event","type-event","status-publish","hentry","activity_categories-oficina-multidisciplinar","ages-2-anos-2","ages-4-anos-2","languages-o-ar-pt","languages-a-en-pt","languages-c-fi-pt"],"acf":[],"yoast_head":"<!-- This site is optimized with the Yoast SEO plugin v27.4 - https:\/\/yoast.com\/product\/yoast-seo-wordpress\/ -->\n<title>Atamanaa - Eu desejo - Kolibri Festivaali<\/title>\n<meta name=\"robots\" content=\"index, follow, max-snippet:-1, max-image-preview:large, max-video-preview:-1\" \/>\n<link rel=\"canonical\" href=\"https:\/\/www.kolibrifestivaali.org\/pt-pt\/event\/atamanaa-eu-desejo\/\" \/>\n<meta property=\"og:locale\" content=\"pt_PT\" \/>\n<meta property=\"og:type\" content=\"article\" \/>\n<meta property=\"og:title\" content=\"Atamanaa - Eu desejo - Kolibri Festivaali\" \/>\n<meta property=\"og:description\" content=\"Descubra a cultura palestina no Kolibr\u00ed Festivaali! Junte-se a n\u00f3s neste dia cheio de vida no Kolibr\u00ed, repleto de m\u00fasicas, [\u2026] Lue lis\u00e4\u00e4 &raquo;\" \/>\n<meta property=\"og:url\" content=\"https:\/\/www.kolibrifestivaali.org\/pt-pt\/event\/atamanaa-eu-desejo\/\" \/>\n<meta property=\"og:site_name\" content=\"Kolibri Festivaali\" \/>\n<meta property=\"article:modified_time\" content=\"2025-08-15T09:31:11+00:00\" \/>\n<meta name=\"twitter:card\" content=\"summary_large_image\" \/>\n<meta name=\"twitter:label1\" content=\"Tempo estimado de leitura\" \/>\n\t<meta name=\"twitter:data1\" content=\"1 minuto\" \/>\n<script type=\"application\/ld+json\" class=\"yoast-schema-graph\">{\"@context\":\"https:\\\/\\\/schema.org\",\"@graph\":[{\"@type\":\"WebPage\",\"@id\":\"https:\\\/\\\/www.kolibrifestivaali.org\\\/pt-pt\\\/event\\\/atamanaa-eu-desejo\\\/\",\"url\":\"https:\\\/\\\/www.kolibrifestivaali.org\\\/pt-pt\\\/event\\\/atamanaa-eu-desejo\\\/\",\"name\":\"Atamanaa - Eu desejo - Kolibri Festivaali\",\"isPartOf\":{\"@id\":\"https:\\\/\\\/www.kolibrifestivaali.org\\\/pt-pt\\\/#website\"},\"datePublished\":\"2021-08-19T21:00:00+00:00\",\"dateModified\":\"2025-08-15T09:31:11+00:00\",\"breadcrumb\":{\"@id\":\"https:\\\/\\\/www.kolibrifestivaali.org\\\/pt-pt\\\/event\\\/atamanaa-eu-desejo\\\/#breadcrumb\"},\"inLanguage\":\"pt-PT\",\"potentialAction\":[{\"@type\":\"ReadAction\",\"target\":[\"https:\\\/\\\/www.kolibrifestivaali.org\\\/pt-pt\\\/event\\\/atamanaa-eu-desejo\\\/\"]}]},{\"@type\":\"BreadcrumbList\",\"@id\":\"https:\\\/\\\/www.kolibrifestivaali.org\\\/pt-pt\\\/event\\\/atamanaa-eu-desejo\\\/#breadcrumb\",\"itemListElement\":[{\"@type\":\"ListItem\",\"position\":1,\"name\":\"Home\",\"item\":\"https:\\\/\\\/www.kolibrifestivaali.org\\\/pt-pt\\\/\"},{\"@type\":\"ListItem\",\"position\":2,\"name\":\"Atamanaa &#8211; Eu desejo\"}]},{\"@type\":\"WebSite\",\"@id\":\"https:\\\/\\\/www.kolibrifestivaali.org\\\/pt-pt\\\/#website\",\"url\":\"https:\\\/\\\/www.kolibrifestivaali.org\\\/pt-pt\\\/\",\"name\":\"Kolibri Festivaali\",\"description\":\"Kolibri\u0301 is a unique multicultural, free and open art festival for children and their families.\",\"inLanguage\":\"pt-PT\"}]}<\/script>\n<!-- \/ Yoast SEO plugin. -->","yoast_head_json":{"title":"Atamanaa - Eu desejo - Kolibri Festivaali","robots":{"index":"index","follow":"follow","max-snippet":"max-snippet:-1","max-image-preview":"max-image-preview:large","max-video-preview":"max-video-preview:-1"},"canonical":"https:\/\/www.kolibrifestivaali.org\/pt-pt\/event\/atamanaa-eu-desejo\/","og_locale":"pt_PT","og_type":"article","og_title":"Atamanaa - Eu desejo - Kolibri Festivaali","og_description":"Descubra a cultura palestina no Kolibr\u00ed Festivaali! Junte-se a n\u00f3s neste dia cheio de vida no Kolibr\u00ed, repleto de m\u00fasicas, [\u2026] Lue lis\u00e4\u00e4 &raquo;","og_url":"https:\/\/www.kolibrifestivaali.org\/pt-pt\/event\/atamanaa-eu-desejo\/","og_site_name":"Kolibri Festivaali","article_modified_time":"2025-08-15T09:31:11+00:00","twitter_card":"summary_large_image","twitter_misc":{"Tempo estimado de leitura":"1 minuto"},"schema":{"@context":"https:\/\/schema.org","@graph":[{"@type":"WebPage","@id":"https:\/\/www.kolibrifestivaali.org\/pt-pt\/event\/atamanaa-eu-desejo\/","url":"https:\/\/www.kolibrifestivaali.org\/pt-pt\/event\/atamanaa-eu-desejo\/","name":"Atamanaa - Eu desejo - Kolibri Festivaali","isPartOf":{"@id":"https:\/\/www.kolibrifestivaali.org\/pt-pt\/#website"},"datePublished":"2021-08-19T21:00:00+00:00","dateModified":"2025-08-15T09:31:11+00:00","breadcrumb":{"@id":"https:\/\/www.kolibrifestivaali.org\/pt-pt\/event\/atamanaa-eu-desejo\/#breadcrumb"},"inLanguage":"pt-PT","potentialAction":[{"@type":"ReadAction","target":["https:\/\/www.kolibrifestivaali.org\/pt-pt\/event\/atamanaa-eu-desejo\/"]}]},{"@type":"BreadcrumbList","@id":"https:\/\/www.kolibrifestivaali.org\/pt-pt\/event\/atamanaa-eu-desejo\/#breadcrumb","itemListElement":[{"@type":"ListItem","position":1,"name":"Home","item":"https:\/\/www.kolibrifestivaali.org\/pt-pt\/"},{"@type":"ListItem","position":2,"name":"Atamanaa &#8211; Eu desejo"}]},{"@type":"WebSite","@id":"https:\/\/www.kolibrifestivaali.org\/pt-pt\/#website","url":"https:\/\/www.kolibrifestivaali.org\/pt-pt\/","name":"Kolibri Festivaali","description":"Kolibri\u0301 is a unique multicultural, free and open art festival for children and their families.","inLanguage":"pt-PT"}]}},"_links":{"self":[{"href":"https:\/\/www.kolibrifestivaali.org\/pt-pt\/wp-json\/wp\/v2\/event\/328036","targetHints":{"allow":["GET"]}}],"collection":[{"href":"https:\/\/www.kolibrifestivaali.org\/pt-pt\/wp-json\/wp\/v2\/event"}],"about":[{"href":"https:\/\/www.kolibrifestivaali.org\/pt-pt\/wp-json\/wp\/v2\/types\/event"}],"wp:attachment":[{"href":"https:\/\/www.kolibrifestivaali.org\/pt-pt\/wp-json\/wp\/v2\/media?parent=328036"}],"wp:term":[{"taxonomy":"activity_categories","embeddable":true,"href":"https:\/\/www.kolibrifestivaali.org\/pt-pt\/wp-json\/wp\/v2\/activity_categories?post=328036"},{"taxonomy":"ages","embeddable":true,"href":"https:\/\/www.kolibrifestivaali.org\/pt-pt\/wp-json\/wp\/v2\/ages?post=328036"},{"taxonomy":"languages","embeddable":true,"href":"https:\/\/www.kolibrifestivaali.org\/pt-pt\/wp-json\/wp\/v2\/languages?post=328036"}],"curies":[{"name":"wp","href":"https:\/\/api.w.org\/{rel}","templated":true}]}}

<p>Descubra a cultura palestina no Kolibrí Festivaali! Junte-se a nós neste dia cheio de vida no Kolibrí, repleto de músicas, jogos, poemas e danças tradicionais. O Kampa Kollektiivi deseja manter viva a cultura palestina através desta atividade interativa. </p>
<p>Noor Assad (PAL-FI) nos ensinará músicas, poemas e jogos, enquanto Moe (PAL) nos guiará pelos passos mais comuns da dança dabke, acompanhado pelos dançarinos do grupo finlandês de dabke, Al Huriya. Não perca esta experiência emocionante, com a esperança de um mundo onde todas as crianças possam brincar em paz.</p>

<!-- This site is optimized with the Yoast SEO plugin v27.4 - https://yoast.com/product/yoast-seo-wordpress/ -->
<title>Atamanaa - Eu desejo - Kolibri Festivaali</title>
<meta name="robots" content="index, follow, max-snippet:-1, max-image-preview:large, max-video-preview:-1" />
<link rel="canonical" href="https://www.kolibrifestivaali.org/pt-pt/event/atamanaa-eu-desejo/" />
<meta property="og:locale" content="pt_PT" />
<meta property="og:type" content="article" />
<meta property="og:title" content="Atamanaa - Eu desejo - Kolibri Festivaali" />
<meta property="og:description" content="Descubra a cultura palestina no Kolibrí Festivaali! Junte-se a nós neste dia cheio de vida no Kolibrí, repleto de músicas, […] Lue lisää &raquo;" />
<meta property="og:url" content="https://www.kolibrifestivaali.org/pt-pt/event/atamanaa-eu-desejo/" />
<meta property="og:site_name" content="Kolibri Festivaali" />
<meta property="article:modified_time" content="2025-08-15T09:31:11+00:00" />
<meta name="twitter:card" content="summary_large_image" />
<meta name="twitter:label1" content="Tempo estimado de leitura" />
	<meta name="twitter:data1" content="1 minuto" />
<script type="application/ld+json" class="yoast-schema-graph">{"@context":"https:\/\/schema.org","@graph":[{"@type":"WebPage","@id":"https:\/\/www.kolibrifestivaali.org\/pt-pt\/event\/atamanaa-eu-desejo\/","url":"https:\/\/www.kolibrifestivaali.org\/pt-pt\/event\/atamanaa-eu-desejo\/","name":"Atamanaa - Eu desejo - Kolibri Festivaali","isPartOf":{"@id":"https:\/\/www.kolibrifestivaali.org\/pt-pt\/#website"},"datePublished":"2021-08-19T21:00:00+00:00","dateModified":"2025-08-15T09:31:11+00:00","breadcrumb":{"@id":"https:\/\/www.kolibrifestivaali.org\/pt-pt\/event\/atamanaa-eu-desejo\/#breadcrumb"},"inLanguage":"pt-PT","potentialAction":[{"@type":"ReadAction","target":["https:\/\/www.kolibrifestivaali.org\/pt-pt\/event\/atamanaa-eu-desejo\/"]}]},{"@type":"BreadcrumbList","@id":"https:\/\/www.kolibrifestivaali.org\/pt-pt\/event\/atamanaa-eu-desejo\/#breadcrumb","itemListElement":[{"@type":"ListItem","position":1,"name":"Home","item":"https:\/\/www.kolibrifestivaali.org\/pt-pt\/"},{"@type":"ListItem","position":2,"name":"Atamanaa &#8211; Eu desejo"}]},{"@type":"WebSite","@id":"https:\/\/www.kolibrifestivaali.org\/pt-pt\/#website","url":"https:\/\/www.kolibrifestivaali.org\/pt-pt\/","name":"Kolibri Festivaali","description":"Kolibrí is a unique multicultural, free and open art festival for children and their families.","inLanguage":"pt-PT"}]}</script>
<!-- / Yoast SEO plugin. -->

Descubra a cultura palestina no Kolibrí Festivaali! Junte-se a nós neste dia cheio de vida no Kolibrí, repleto de músicas, […] Lue lisää &raquo;
