{"id":328023,"date":"2021-08-20T00:00:00","date_gmt":"2021-08-19T21:00:00","guid":{"rendered":"https:\/\/www.kolibrifestivaali.org\/event\/ritmos-de-vida-compartilhada-done\/"},"modified":"2025-08-15T12:31:05","modified_gmt":"2025-08-15T09:31:05","slug":"ritmos-de-vida-compartilhada","status":"publish","type":"event","link":"https:\/\/www.kolibrifestivaali.org\/pt-pt\/event\/ritmos-de-vida-compartilhada\/","title":{"rendered":"Ritmos de vida compartilhada"},"content":{"rendered":"<p>Delado Duo &#8211; Rodrigo Rodr\u00edguez (CL) e Sanna Karlsson-Sutisna (FI) v\u00e3o reunir as fam\u00edlias em uma comunidade vibrante com uma emocionante oficina de dan\u00e7a e m\u00fasica. Embarque nessa divertida jornada musical onde ir\u00e3o aprender as origens da m\u00fasica, seus movimentos e ritmos atrav\u00e9s de instrumentos como o caj\u00f3n peruano, o djembe, o dundun e as flautas de pan. <\/p>\n<p>Descubra como as culturas latino-americanas e africanas chegaram \u00e0 Finl\u00e2ndia, criando uma fus\u00e3o \u00fanica e diversa, assim como a nossa sociedade contempor\u00e2nea. Que comece a aventura! <\/p>\n<p>  O repert\u00f3rio inclui finland\u00eas, sueco, dyula, espanhol, qu\u00e9chua e mapuche. A oficina ser\u00e1 realizada principalmente em espanhol, finland\u00eas e sueco, com outros idiomas dispon\u00edveis, se necess\u00e1rio.<\/p>\n","protected":false},"featured_media":0,"template":"","activity_categories":[908],"ages":[1047,1055],"languages":[46,49,52,64],"class_list":["post-328023","event","type-event","status-publish","hentry","activity_categories-oficina-de-musica","ages-2-anos-2","ages-4-anos-2","languages-a-en-pt","languages-b-es-pt","languages-c-fi-pt","languages-e-sv-pt"],"acf":[],"yoast_head":"<!-- This site is optimized with the Yoast SEO plugin v27.4 - https:\/\/yoast.com\/product\/yoast-seo-wordpress\/ -->\n<title>Ritmos de vida compartilhada - Kolibri Festivaali<\/title>\n<meta name=\"robots\" content=\"index, follow, max-snippet:-1, max-image-preview:large, max-video-preview:-1\" \/>\n<link rel=\"canonical\" href=\"https:\/\/www.kolibrifestivaali.org\/pt-pt\/event\/ritmos-de-vida-compartilhada\/\" \/>\n<meta property=\"og:locale\" content=\"pt_PT\" \/>\n<meta property=\"og:type\" content=\"article\" \/>\n<meta property=\"og:title\" content=\"Ritmos de vida compartilhada - Kolibri Festivaali\" \/>\n<meta property=\"og:description\" content=\"Delado Duo &#8211; Rodrigo Rodr\u00edguez (CL) e Sanna Karlsson-Sutisna (FI) v\u00e3o reunir as fam\u00edlias em uma comunidade vibrante com uma [\u2026] Lue lis\u00e4\u00e4 &raquo;\" \/>\n<meta property=\"og:url\" content=\"https:\/\/www.kolibrifestivaali.org\/pt-pt\/event\/ritmos-de-vida-compartilhada\/\" \/>\n<meta property=\"og:site_name\" content=\"Kolibri Festivaali\" \/>\n<meta property=\"article:modified_time\" content=\"2025-08-15T09:31:05+00:00\" \/>\n<meta name=\"twitter:card\" content=\"summary_large_image\" \/>\n<meta name=\"twitter:label1\" content=\"Tempo estimado de leitura\" \/>\n\t<meta name=\"twitter:data1\" content=\"1 minuto\" \/>\n<script type=\"application\/ld+json\" class=\"yoast-schema-graph\">{\"@context\":\"https:\\\/\\\/schema.org\",\"@graph\":[{\"@type\":\"WebPage\",\"@id\":\"https:\\\/\\\/www.kolibrifestivaali.org\\\/pt-pt\\\/event\\\/ritmos-de-vida-compartilhada\\\/\",\"url\":\"https:\\\/\\\/www.kolibrifestivaali.org\\\/pt-pt\\\/event\\\/ritmos-de-vida-compartilhada\\\/\",\"name\":\"Ritmos de vida compartilhada - Kolibri Festivaali\",\"isPartOf\":{\"@id\":\"https:\\\/\\\/www.kolibrifestivaali.org\\\/pt-pt\\\/#website\"},\"datePublished\":\"2021-08-19T21:00:00+00:00\",\"dateModified\":\"2025-08-15T09:31:05+00:00\",\"breadcrumb\":{\"@id\":\"https:\\\/\\\/www.kolibrifestivaali.org\\\/pt-pt\\\/event\\\/ritmos-de-vida-compartilhada\\\/#breadcrumb\"},\"inLanguage\":\"pt-PT\",\"potentialAction\":[{\"@type\":\"ReadAction\",\"target\":[\"https:\\\/\\\/www.kolibrifestivaali.org\\\/pt-pt\\\/event\\\/ritmos-de-vida-compartilhada\\\/\"]}]},{\"@type\":\"BreadcrumbList\",\"@id\":\"https:\\\/\\\/www.kolibrifestivaali.org\\\/pt-pt\\\/event\\\/ritmos-de-vida-compartilhada\\\/#breadcrumb\",\"itemListElement\":[{\"@type\":\"ListItem\",\"position\":1,\"name\":\"Home\",\"item\":\"https:\\\/\\\/www.kolibrifestivaali.org\\\/pt-pt\\\/\"},{\"@type\":\"ListItem\",\"position\":2,\"name\":\"Ritmos de vida compartilhada\"}]},{\"@type\":\"WebSite\",\"@id\":\"https:\\\/\\\/www.kolibrifestivaali.org\\\/pt-pt\\\/#website\",\"url\":\"https:\\\/\\\/www.kolibrifestivaali.org\\\/pt-pt\\\/\",\"name\":\"Kolibri Festivaali\",\"description\":\"Kolibri\u0301 is a unique multicultural, free and open art festival for children and their families.\",\"inLanguage\":\"pt-PT\"}]}<\/script>\n<!-- \/ Yoast SEO plugin. -->","yoast_head_json":{"title":"Ritmos de vida compartilhada - Kolibri Festivaali","robots":{"index":"index","follow":"follow","max-snippet":"max-snippet:-1","max-image-preview":"max-image-preview:large","max-video-preview":"max-video-preview:-1"},"canonical":"https:\/\/www.kolibrifestivaali.org\/pt-pt\/event\/ritmos-de-vida-compartilhada\/","og_locale":"pt_PT","og_type":"article","og_title":"Ritmos de vida compartilhada - Kolibri Festivaali","og_description":"Delado Duo &#8211; Rodrigo Rodr\u00edguez (CL) e Sanna Karlsson-Sutisna (FI) v\u00e3o reunir as fam\u00edlias em uma comunidade vibrante com uma [\u2026] Lue lis\u00e4\u00e4 &raquo;","og_url":"https:\/\/www.kolibrifestivaali.org\/pt-pt\/event\/ritmos-de-vida-compartilhada\/","og_site_name":"Kolibri Festivaali","article_modified_time":"2025-08-15T09:31:05+00:00","twitter_card":"summary_large_image","twitter_misc":{"Tempo estimado de leitura":"1 minuto"},"schema":{"@context":"https:\/\/schema.org","@graph":[{"@type":"WebPage","@id":"https:\/\/www.kolibrifestivaali.org\/pt-pt\/event\/ritmos-de-vida-compartilhada\/","url":"https:\/\/www.kolibrifestivaali.org\/pt-pt\/event\/ritmos-de-vida-compartilhada\/","name":"Ritmos de vida compartilhada - Kolibri Festivaali","isPartOf":{"@id":"https:\/\/www.kolibrifestivaali.org\/pt-pt\/#website"},"datePublished":"2021-08-19T21:00:00+00:00","dateModified":"2025-08-15T09:31:05+00:00","breadcrumb":{"@id":"https:\/\/www.kolibrifestivaali.org\/pt-pt\/event\/ritmos-de-vida-compartilhada\/#breadcrumb"},"inLanguage":"pt-PT","potentialAction":[{"@type":"ReadAction","target":["https:\/\/www.kolibrifestivaali.org\/pt-pt\/event\/ritmos-de-vida-compartilhada\/"]}]},{"@type":"BreadcrumbList","@id":"https:\/\/www.kolibrifestivaali.org\/pt-pt\/event\/ritmos-de-vida-compartilhada\/#breadcrumb","itemListElement":[{"@type":"ListItem","position":1,"name":"Home","item":"https:\/\/www.kolibrifestivaali.org\/pt-pt\/"},{"@type":"ListItem","position":2,"name":"Ritmos de vida compartilhada"}]},{"@type":"WebSite","@id":"https:\/\/www.kolibrifestivaali.org\/pt-pt\/#website","url":"https:\/\/www.kolibrifestivaali.org\/pt-pt\/","name":"Kolibri Festivaali","description":"Kolibri\u0301 is a unique multicultural, free and open art festival for children and their families.","inLanguage":"pt-PT"}]}},"_links":{"self":[{"href":"https:\/\/www.kolibrifestivaali.org\/pt-pt\/wp-json\/wp\/v2\/event\/328023","targetHints":{"allow":["GET"]}}],"collection":[{"href":"https:\/\/www.kolibrifestivaali.org\/pt-pt\/wp-json\/wp\/v2\/event"}],"about":[{"href":"https:\/\/www.kolibrifestivaali.org\/pt-pt\/wp-json\/wp\/v2\/types\/event"}],"wp:attachment":[{"href":"https:\/\/www.kolibrifestivaali.org\/pt-pt\/wp-json\/wp\/v2\/media?parent=328023"}],"wp:term":[{"taxonomy":"activity_categories","embeddable":true,"href":"https:\/\/www.kolibrifestivaali.org\/pt-pt\/wp-json\/wp\/v2\/activity_categories?post=328023"},{"taxonomy":"ages","embeddable":true,"href":"https:\/\/www.kolibrifestivaali.org\/pt-pt\/wp-json\/wp\/v2\/ages?post=328023"},{"taxonomy":"languages","embeddable":true,"href":"https:\/\/www.kolibrifestivaali.org\/pt-pt\/wp-json\/wp\/v2\/languages?post=328023"}],"curies":[{"name":"wp","href":"https:\/\/api.w.org\/{rel}","templated":true}]}}

<p>Delado Duo &#8211; Rodrigo Rodríguez (CL) e Sanna Karlsson-Sutisna (FI) vão reunir as famílias em uma comunidade vibrante com uma emocionante oficina de dança e música. Embarque nessa divertida jornada musical onde irão aprender as origens da música, seus movimentos e ritmos através de instrumentos como o cajón peruano, o djembe, o dundun e as flautas de pan. </p>
<p>Descubra como as culturas latino-americanas e africanas chegaram à Finlândia, criando uma fusão única e diversa, assim como a nossa sociedade contemporânea. Que comece a aventura! </p>
<p>  O repertório inclui finlandês, sueco, dyula, espanhol, quéchua e mapuche. A oficina será realizada principalmente em espanhol, finlandês e sueco, com outros idiomas disponíveis, se necessário.</p>

<!-- This site is optimized with the Yoast SEO plugin v27.4 - https://yoast.com/product/yoast-seo-wordpress/ -->
<title>Ritmos de vida compartilhada - Kolibri Festivaali</title>
<meta name="robots" content="index, follow, max-snippet:-1, max-image-preview:large, max-video-preview:-1" />
<link rel="canonical" href="https://www.kolibrifestivaali.org/pt-pt/event/ritmos-de-vida-compartilhada/" />
<meta property="og:locale" content="pt_PT" />
<meta property="og:type" content="article" />
<meta property="og:title" content="Ritmos de vida compartilhada - Kolibri Festivaali" />
<meta property="og:description" content="Delado Duo &#8211; Rodrigo Rodríguez (CL) e Sanna Karlsson-Sutisna (FI) vão reunir as famílias em uma comunidade vibrante com uma […] Lue lisää &raquo;" />
<meta property="og:url" content="https://www.kolibrifestivaali.org/pt-pt/event/ritmos-de-vida-compartilhada/" />
<meta property="og:site_name" content="Kolibri Festivaali" />
<meta property="article:modified_time" content="2025-08-15T09:31:05+00:00" />
<meta name="twitter:card" content="summary_large_image" />
<meta name="twitter:label1" content="Tempo estimado de leitura" />
	<meta name="twitter:data1" content="1 minuto" />
<script type="application/ld+json" class="yoast-schema-graph">{"@context":"https:\/\/schema.org","@graph":[{"@type":"WebPage","@id":"https:\/\/www.kolibrifestivaali.org\/pt-pt\/event\/ritmos-de-vida-compartilhada\/","url":"https:\/\/www.kolibrifestivaali.org\/pt-pt\/event\/ritmos-de-vida-compartilhada\/","name":"Ritmos de vida compartilhada - Kolibri Festivaali","isPartOf":{"@id":"https:\/\/www.kolibrifestivaali.org\/pt-pt\/#website"},"datePublished":"2021-08-19T21:00:00+00:00","dateModified":"2025-08-15T09:31:05+00:00","breadcrumb":{"@id":"https:\/\/www.kolibrifestivaali.org\/pt-pt\/event\/ritmos-de-vida-compartilhada\/#breadcrumb"},"inLanguage":"pt-PT","potentialAction":[{"@type":"ReadAction","target":["https:\/\/www.kolibrifestivaali.org\/pt-pt\/event\/ritmos-de-vida-compartilhada\/"]}]},{"@type":"BreadcrumbList","@id":"https:\/\/www.kolibrifestivaali.org\/pt-pt\/event\/ritmos-de-vida-compartilhada\/#breadcrumb","itemListElement":[{"@type":"ListItem","position":1,"name":"Home","item":"https:\/\/www.kolibrifestivaali.org\/pt-pt\/"},{"@type":"ListItem","position":2,"name":"Ritmos de vida compartilhada"}]},{"@type":"WebSite","@id":"https:\/\/www.kolibrifestivaali.org\/pt-pt\/#website","url":"https:\/\/www.kolibrifestivaali.org\/pt-pt\/","name":"Kolibri Festivaali","description":"Kolibrí is a unique multicultural, free and open art festival for children and their families.","inLanguage":"pt-PT"}]}</script>
<!-- / Yoast SEO plugin. -->

Delado Duo &#8211; Rodrigo Rodríguez (CL) e Sanna Karlsson-Sutisna (FI) vão reunir as famílias em uma comunidade vibrante com uma […] Lue lisää &raquo;
