{"id":328022,"date":"2021-08-20T00:00:00","date_gmt":"2021-08-19T21:00:00","guid":{"rendered":"https:\/\/www.kolibrifestivaali.org\/event\/contacao-de-historias-em-portugues-2\/"},"modified":"2025-08-15T12:31:04","modified_gmt":"2025-08-15T09:31:04","slug":"contacao-de-historias-em-portugues","status":"publish","type":"event","link":"https:\/\/www.kolibrifestivaali.org\/pt-pt\/event\/contacao-de-historias-em-portugues\/","title":{"rendered":"Conta\u00e7\u00e3o de hist\u00f3rias em portugu\u00eas"},"content":{"rendered":"<p>Uma maratona de conta\u00e7\u00e3o de hist\u00f3rias em portugu\u00eas! Autores, personagens e hist\u00f3rias falam sobre a diversidade da inf\u00e2ncia que usa esse idioma. Leremos, cantaremos, jogaremos e compartilharemos experi\u00eancias em portugu\u00eas. Uma oportunidade imperd\u00edvel! <\/p>\n<p>Esta atividade \u00e9 poss\u00edvel gra\u00e7as ao apoio da <a href=\"https:\/\/www.appfinlandia.com\/\" target=\"_blank\"  rel=\"noopener\">APPF &#8211; Associa\u00e7\u00e3o de Professores  de Portugu\u00eas na Finl\u00e2ndia<\/a> e <a href=\"https:\/\/www.gov.br\/mre\/pt-br\/embaixada-helsinque\" target=\"_blank\"  rel=\"noopener\">Embaixada do Brasil<\/a>.<\/p>\n","protected":false},"featured_media":0,"template":"","activity_categories":[909],"ages":[1052,1058],"languages":[61],"class_list":["post-328022","event","type-event","status-publish","hentry","activity_categories-contacao-de-historias","ages-1-ano-2","ages-bebes-2","languages-d-pt-pt"],"acf":[],"yoast_head":"<!-- This site is optimized with the Yoast SEO plugin v27.4 - https:\/\/yoast.com\/product\/yoast-seo-wordpress\/ -->\n<title>Conta\u00e7\u00e3o de hist\u00f3rias em portugu\u00eas - Kolibri Festivaali<\/title>\n<meta name=\"robots\" content=\"index, follow, max-snippet:-1, max-image-preview:large, max-video-preview:-1\" \/>\n<link rel=\"canonical\" href=\"https:\/\/www.kolibrifestivaali.org\/pt-pt\/event\/contacao-de-historias-em-portugues\/\" \/>\n<meta property=\"og:locale\" content=\"pt_PT\" \/>\n<meta property=\"og:type\" content=\"article\" \/>\n<meta property=\"og:title\" content=\"Conta\u00e7\u00e3o de hist\u00f3rias em portugu\u00eas - Kolibri Festivaali\" \/>\n<meta property=\"og:description\" content=\"Uma maratona de conta\u00e7\u00e3o de hist\u00f3rias em portugu\u00eas! Autores, personagens e hist\u00f3rias falam sobre a diversidade da inf\u00e2ncia que usa [\u2026] Lue lis\u00e4\u00e4 &raquo;\" \/>\n<meta property=\"og:url\" content=\"https:\/\/www.kolibrifestivaali.org\/pt-pt\/event\/contacao-de-historias-em-portugues\/\" \/>\n<meta property=\"og:site_name\" content=\"Kolibri Festivaali\" \/>\n<meta property=\"article:modified_time\" content=\"2025-08-15T09:31:04+00:00\" \/>\n<meta name=\"twitter:card\" content=\"summary_large_image\" \/>\n<script type=\"application\/ld+json\" class=\"yoast-schema-graph\">{\"@context\":\"https:\\\/\\\/schema.org\",\"@graph\":[{\"@type\":\"WebPage\",\"@id\":\"https:\\\/\\\/www.kolibrifestivaali.org\\\/pt-pt\\\/event\\\/contacao-de-historias-em-portugues\\\/\",\"url\":\"https:\\\/\\\/www.kolibrifestivaali.org\\\/pt-pt\\\/event\\\/contacao-de-historias-em-portugues\\\/\",\"name\":\"Conta\u00e7\u00e3o de hist\u00f3rias em portugu\u00eas - Kolibri Festivaali\",\"isPartOf\":{\"@id\":\"https:\\\/\\\/www.kolibrifestivaali.org\\\/pt-pt\\\/#website\"},\"datePublished\":\"2021-08-19T21:00:00+00:00\",\"dateModified\":\"2025-08-15T09:31:04+00:00\",\"breadcrumb\":{\"@id\":\"https:\\\/\\\/www.kolibrifestivaali.org\\\/pt-pt\\\/event\\\/contacao-de-historias-em-portugues\\\/#breadcrumb\"},\"inLanguage\":\"pt-PT\",\"potentialAction\":[{\"@type\":\"ReadAction\",\"target\":[\"https:\\\/\\\/www.kolibrifestivaali.org\\\/pt-pt\\\/event\\\/contacao-de-historias-em-portugues\\\/\"]}]},{\"@type\":\"BreadcrumbList\",\"@id\":\"https:\\\/\\\/www.kolibrifestivaali.org\\\/pt-pt\\\/event\\\/contacao-de-historias-em-portugues\\\/#breadcrumb\",\"itemListElement\":[{\"@type\":\"ListItem\",\"position\":1,\"name\":\"Home\",\"item\":\"https:\\\/\\\/www.kolibrifestivaali.org\\\/pt-pt\\\/\"},{\"@type\":\"ListItem\",\"position\":2,\"name\":\"Conta\u00e7\u00e3o de hist\u00f3rias em portugu\u00eas\"}]},{\"@type\":\"WebSite\",\"@id\":\"https:\\\/\\\/www.kolibrifestivaali.org\\\/pt-pt\\\/#website\",\"url\":\"https:\\\/\\\/www.kolibrifestivaali.org\\\/pt-pt\\\/\",\"name\":\"Kolibri Festivaali\",\"description\":\"Kolibri\u0301 is a unique multicultural, free and open art festival for children and their families.\",\"inLanguage\":\"pt-PT\"}]}<\/script>\n<!-- \/ Yoast SEO plugin. -->","yoast_head_json":{"title":"Conta\u00e7\u00e3o de hist\u00f3rias em portugu\u00eas - Kolibri Festivaali","robots":{"index":"index","follow":"follow","max-snippet":"max-snippet:-1","max-image-preview":"max-image-preview:large","max-video-preview":"max-video-preview:-1"},"canonical":"https:\/\/www.kolibrifestivaali.org\/pt-pt\/event\/contacao-de-historias-em-portugues\/","og_locale":"pt_PT","og_type":"article","og_title":"Conta\u00e7\u00e3o de hist\u00f3rias em portugu\u00eas - Kolibri Festivaali","og_description":"Uma maratona de conta\u00e7\u00e3o de hist\u00f3rias em portugu\u00eas! Autores, personagens e hist\u00f3rias falam sobre a diversidade da inf\u00e2ncia que usa [\u2026] Lue lis\u00e4\u00e4 &raquo;","og_url":"https:\/\/www.kolibrifestivaali.org\/pt-pt\/event\/contacao-de-historias-em-portugues\/","og_site_name":"Kolibri Festivaali","article_modified_time":"2025-08-15T09:31:04+00:00","twitter_card":"summary_large_image","schema":{"@context":"https:\/\/schema.org","@graph":[{"@type":"WebPage","@id":"https:\/\/www.kolibrifestivaali.org\/pt-pt\/event\/contacao-de-historias-em-portugues\/","url":"https:\/\/www.kolibrifestivaali.org\/pt-pt\/event\/contacao-de-historias-em-portugues\/","name":"Conta\u00e7\u00e3o de hist\u00f3rias em portugu\u00eas - Kolibri Festivaali","isPartOf":{"@id":"https:\/\/www.kolibrifestivaali.org\/pt-pt\/#website"},"datePublished":"2021-08-19T21:00:00+00:00","dateModified":"2025-08-15T09:31:04+00:00","breadcrumb":{"@id":"https:\/\/www.kolibrifestivaali.org\/pt-pt\/event\/contacao-de-historias-em-portugues\/#breadcrumb"},"inLanguage":"pt-PT","potentialAction":[{"@type":"ReadAction","target":["https:\/\/www.kolibrifestivaali.org\/pt-pt\/event\/contacao-de-historias-em-portugues\/"]}]},{"@type":"BreadcrumbList","@id":"https:\/\/www.kolibrifestivaali.org\/pt-pt\/event\/contacao-de-historias-em-portugues\/#breadcrumb","itemListElement":[{"@type":"ListItem","position":1,"name":"Home","item":"https:\/\/www.kolibrifestivaali.org\/pt-pt\/"},{"@type":"ListItem","position":2,"name":"Conta\u00e7\u00e3o de hist\u00f3rias em portugu\u00eas"}]},{"@type":"WebSite","@id":"https:\/\/www.kolibrifestivaali.org\/pt-pt\/#website","url":"https:\/\/www.kolibrifestivaali.org\/pt-pt\/","name":"Kolibri Festivaali","description":"Kolibri\u0301 is a unique multicultural, free and open art festival for children and their families.","inLanguage":"pt-PT"}]}},"_links":{"self":[{"href":"https:\/\/www.kolibrifestivaali.org\/pt-pt\/wp-json\/wp\/v2\/event\/328022","targetHints":{"allow":["GET"]}}],"collection":[{"href":"https:\/\/www.kolibrifestivaali.org\/pt-pt\/wp-json\/wp\/v2\/event"}],"about":[{"href":"https:\/\/www.kolibrifestivaali.org\/pt-pt\/wp-json\/wp\/v2\/types\/event"}],"wp:attachment":[{"href":"https:\/\/www.kolibrifestivaali.org\/pt-pt\/wp-json\/wp\/v2\/media?parent=328022"}],"wp:term":[{"taxonomy":"activity_categories","embeddable":true,"href":"https:\/\/www.kolibrifestivaali.org\/pt-pt\/wp-json\/wp\/v2\/activity_categories?post=328022"},{"taxonomy":"ages","embeddable":true,"href":"https:\/\/www.kolibrifestivaali.org\/pt-pt\/wp-json\/wp\/v2\/ages?post=328022"},{"taxonomy":"languages","embeddable":true,"href":"https:\/\/www.kolibrifestivaali.org\/pt-pt\/wp-json\/wp\/v2\/languages?post=328022"}],"curies":[{"name":"wp","href":"https:\/\/api.w.org\/{rel}","templated":true}]}}

Contação de histórias em português

<p>Uma maratona de contação de histórias em português! Autores, personagens e histórias falam sobre a diversidade da infância que usa esse idioma. Leremos, cantaremos, jogaremos e compartilharemos experiências em português. Uma oportunidade imperdível! </p>
<p>Esta atividade é possível graças ao apoio da <a href="https://www.appfinlandia.com/" target="_blank"  rel="noopener">APPF &#8211; Associação de Professores  de Português na Finlândia</a> e <a href="https://www.gov.br/mre/pt-br/embaixada-helsinque" target="_blank"  rel="noopener">Embaixada do Brasil</a>.</p>

<!-- This site is optimized with the Yoast SEO plugin v27.4 - https://yoast.com/product/yoast-seo-wordpress/ -->
<title>Contação de histórias em português - Kolibri Festivaali</title>
<meta name="robots" content="index, follow, max-snippet:-1, max-image-preview:large, max-video-preview:-1" />
<link rel="canonical" href="https://www.kolibrifestivaali.org/pt-pt/event/contacao-de-historias-em-portugues/" />
<meta property="og:locale" content="pt_PT" />
<meta property="og:type" content="article" />
<meta property="og:title" content="Contação de histórias em português - Kolibri Festivaali" />
<meta property="og:description" content="Uma maratona de contação de histórias em português! Autores, personagens e histórias falam sobre a diversidade da infância que usa […] Lue lisää &raquo;" />
<meta property="og:url" content="https://www.kolibrifestivaali.org/pt-pt/event/contacao-de-historias-em-portugues/" />
<meta property="og:site_name" content="Kolibri Festivaali" />
<meta property="article:modified_time" content="2025-08-15T09:31:04+00:00" />
<meta name="twitter:card" content="summary_large_image" />
<script type="application/ld+json" class="yoast-schema-graph">{"@context":"https:\/\/schema.org","@graph":[{"@type":"WebPage","@id":"https:\/\/www.kolibrifestivaali.org\/pt-pt\/event\/contacao-de-historias-em-portugues\/","url":"https:\/\/www.kolibrifestivaali.org\/pt-pt\/event\/contacao-de-historias-em-portugues\/","name":"Contação de histórias em português - Kolibri Festivaali","isPartOf":{"@id":"https:\/\/www.kolibrifestivaali.org\/pt-pt\/#website"},"datePublished":"2021-08-19T21:00:00+00:00","dateModified":"2025-08-15T09:31:04+00:00","breadcrumb":{"@id":"https:\/\/www.kolibrifestivaali.org\/pt-pt\/event\/contacao-de-historias-em-portugues\/#breadcrumb"},"inLanguage":"pt-PT","potentialAction":[{"@type":"ReadAction","target":["https:\/\/www.kolibrifestivaali.org\/pt-pt\/event\/contacao-de-historias-em-portugues\/"]}]},{"@type":"BreadcrumbList","@id":"https:\/\/www.kolibrifestivaali.org\/pt-pt\/event\/contacao-de-historias-em-portugues\/#breadcrumb","itemListElement":[{"@type":"ListItem","position":1,"name":"Home","item":"https:\/\/www.kolibrifestivaali.org\/pt-pt\/"},{"@type":"ListItem","position":2,"name":"Contação de histórias em português"}]},{"@type":"WebSite","@id":"https:\/\/www.kolibrifestivaali.org\/pt-pt\/#website","url":"https:\/\/www.kolibrifestivaali.org\/pt-pt\/","name":"Kolibri Festivaali","description":"Kolibrí is a unique multicultural, free and open art festival for children and their families.","inLanguage":"pt-PT"}]}</script>
<!-- / Yoast SEO plugin. -->

Contação de histórias em português - Kolibri Festivaali

Uma maratona de contação de histórias em português! Autores, personagens e histórias falam sobre a diversidade da infância que usa […] Lue lisää &raquo;
