{"id":327619,"date":"2021-08-20T00:00:00","date_gmt":"2021-08-19T21:00:00","guid":{"rendered":"https:\/\/www.kolibrifestivaali.org\/artist\/mar-benegas\/"},"modified":"2025-08-12T17:10:40","modified_gmt":"2025-08-12T14:10:40","slug":"mar-benegas","status":"publish","type":"artist","link":"https:\/\/www.kolibrifestivaali.org\/pt-pt\/artist\/mar-benegas\/","title":{"rendered":"Mar Benegas"},"content":{"rendered":"<p>Artista Convidada para o Kolibr\u00ed Festivaali 2025 \u2013 10\u00ba Anivers\u00e1rio <\/p>\n<p>E num ano t\u00e3o especial como o d\u00e9cimo anivers\u00e1rio do festival, teremos a grande sorte de passar alguns dias na companhia da escritora e gestora cultural Mar Benegas (Val\u00eancia, Espanha, 1975). <\/p>\n<p>At\u00e9 o momento, publicou 61 livros infantis e juvenis, al\u00e9m de ensaios, poesias para adultos, e antologias. Hist\u00f3rias que alcan\u00e7aram a China, o Brasil, a Coreia do Sul, a It\u00e1lia e a Fran\u00e7a; e que foram reconhecidas em premia\u00e7\u00f5es importantes. <\/p>\n<p><a href=\"https:\/\/www.kolibrifestivaali.org\/pt-pt\/news-archive-pt\/mar-benegas-guest-artist-kolibri-2025\/\" target=\"_blank\"  rel=\"noopener\">Conhe\u00e7a seu trabalho!<\/a> <\/p>\n<p>A participa\u00e7\u00e3o de Mar Benegas no Kolibr\u00ed Festivaali \u00e9 gra\u00e7as \u00e0 colabora\u00e7\u00e3o da <a href=\"https:\/\/www.cultura.gob.es\/cultura\/libro-bibliotecas.html\" target=\"_blank\"  rel=\"noopener\">Direcci\u00f3n General del Libro, del C\u00f3mic y de la Lectura do Ministerio de Cultura y Deportes da Espanha.<\/a><\/p>\n","protected":false},"featured_media":327577,"menu_order":0,"template":"","class_list":["post-327619","artist","type-artist","status-publish","has-post-thumbnail","hentry"],"acf":[],"yoast_head":"<!-- This site is optimized with the Yoast SEO plugin v27.5 - https:\/\/yoast.com\/product\/yoast-seo-wordpress\/ -->\n<title>Mar Benegas - Kolibri Festivaali<\/title>\n<meta name=\"robots\" content=\"index, follow, max-snippet:-1, max-image-preview:large, max-video-preview:-1\" \/>\n<link rel=\"canonical\" href=\"https:\/\/www.kolibrifestivaali.org\/pt-pt\/artist\/mar-benegas\/\" \/>\n<meta property=\"og:locale\" content=\"pt_PT\" \/>\n<meta property=\"og:type\" content=\"article\" \/>\n<meta property=\"og:title\" content=\"Mar Benegas - Kolibri Festivaali\" \/>\n<meta property=\"og:description\" content=\"Artista Convidada para o Kolibr\u00ed Festivaali 2025 \u2013 10\u00ba Anivers\u00e1rio E num ano t\u00e3o especial como o d\u00e9cimo anivers\u00e1rio do [\u2026] Lue lis\u00e4\u00e4 &raquo;\" \/>\n<meta property=\"og:url\" content=\"https:\/\/www.kolibrifestivaali.org\/pt-pt\/artist\/mar-benegas\/\" \/>\n<meta property=\"og:site_name\" content=\"Kolibri Festivaali\" \/>\n<meta property=\"article:modified_time\" content=\"2025-08-12T14:10:40+00:00\" \/>\n<meta property=\"og:image\" content=\"https:\/\/www.kolibrifestivaali.org\/wp-content\/uploads\/2025\/08\/min-mar-benegas-picturecopy.jpg\" \/>\n\t<meta property=\"og:image:width\" content=\"1554\" \/>\n\t<meta property=\"og:image:height\" content=\"1139\" \/>\n\t<meta property=\"og:image:type\" content=\"image\/jpeg\" \/>\n<meta name=\"twitter:card\" content=\"summary_large_image\" \/>\n<meta name=\"twitter:label1\" content=\"Tempo estimado de leitura\" \/>\n\t<meta name=\"twitter:data1\" content=\"1 minuto\" \/>\n<script type=\"application\/ld+json\" class=\"yoast-schema-graph\">{\"@context\":\"https:\\\/\\\/schema.org\",\"@graph\":[{\"@type\":\"WebPage\",\"@id\":\"https:\\\/\\\/www.kolibrifestivaali.org\\\/pt-pt\\\/artist\\\/mar-benegas\\\/\",\"url\":\"https:\\\/\\\/www.kolibrifestivaali.org\\\/pt-pt\\\/artist\\\/mar-benegas\\\/\",\"name\":\"Mar Benegas - Kolibri Festivaali\",\"isPartOf\":{\"@id\":\"https:\\\/\\\/www.kolibrifestivaali.org\\\/pt-pt\\\/#website\"},\"primaryImageOfPage\":{\"@id\":\"https:\\\/\\\/www.kolibrifestivaali.org\\\/pt-pt\\\/artist\\\/mar-benegas\\\/#primaryimage\"},\"image\":{\"@id\":\"https:\\\/\\\/www.kolibrifestivaali.org\\\/pt-pt\\\/artist\\\/mar-benegas\\\/#primaryimage\"},\"thumbnailUrl\":\"https:\\\/\\\/www.kolibrifestivaali.org\\\/wp-content\\\/uploads\\\/2025\\\/08\\\/min-mar-benegas-picturecopy.jpg\",\"datePublished\":\"2021-08-19T21:00:00+00:00\",\"dateModified\":\"2025-08-12T14:10:40+00:00\",\"breadcrumb\":{\"@id\":\"https:\\\/\\\/www.kolibrifestivaali.org\\\/pt-pt\\\/artist\\\/mar-benegas\\\/#breadcrumb\"},\"inLanguage\":\"pt-PT\",\"potentialAction\":[{\"@type\":\"ReadAction\",\"target\":[\"https:\\\/\\\/www.kolibrifestivaali.org\\\/pt-pt\\\/artist\\\/mar-benegas\\\/\"]}]},{\"@type\":\"ImageObject\",\"inLanguage\":\"pt-PT\",\"@id\":\"https:\\\/\\\/www.kolibrifestivaali.org\\\/pt-pt\\\/artist\\\/mar-benegas\\\/#primaryimage\",\"url\":\"https:\\\/\\\/www.kolibrifestivaali.org\\\/wp-content\\\/uploads\\\/2025\\\/08\\\/min-mar-benegas-picturecopy.jpg\",\"contentUrl\":\"https:\\\/\\\/www.kolibrifestivaali.org\\\/wp-content\\\/uploads\\\/2025\\\/08\\\/min-mar-benegas-picturecopy.jpg\",\"width\":1554,\"height\":1139},{\"@type\":\"BreadcrumbList\",\"@id\":\"https:\\\/\\\/www.kolibrifestivaali.org\\\/pt-pt\\\/artist\\\/mar-benegas\\\/#breadcrumb\",\"itemListElement\":[{\"@type\":\"ListItem\",\"position\":1,\"name\":\"Home\",\"item\":\"https:\\\/\\\/www.kolibrifestivaali.org\\\/pt-pt\\\/\"},{\"@type\":\"ListItem\",\"position\":2,\"name\":\"Mar Benegas\"}]},{\"@type\":\"WebSite\",\"@id\":\"https:\\\/\\\/www.kolibrifestivaali.org\\\/pt-pt\\\/#website\",\"url\":\"https:\\\/\\\/www.kolibrifestivaali.org\\\/pt-pt\\\/\",\"name\":\"Kolibri Festivaali\",\"description\":\"Kolibri\u0301 is a unique multicultural, free and open art festival for children and their families.\",\"inLanguage\":\"pt-PT\"}]}<\/script>\n<!-- \/ Yoast SEO plugin. -->","yoast_head_json":{"title":"Mar Benegas - Kolibri Festivaali","robots":{"index":"index","follow":"follow","max-snippet":"max-snippet:-1","max-image-preview":"max-image-preview:large","max-video-preview":"max-video-preview:-1"},"canonical":"https:\/\/www.kolibrifestivaali.org\/pt-pt\/artist\/mar-benegas\/","og_locale":"pt_PT","og_type":"article","og_title":"Mar Benegas - Kolibri Festivaali","og_description":"Artista Convidada para o Kolibr\u00ed Festivaali 2025 \u2013 10\u00ba Anivers\u00e1rio E num ano t\u00e3o especial como o d\u00e9cimo anivers\u00e1rio do [\u2026] Lue lis\u00e4\u00e4 &raquo;","og_url":"https:\/\/www.kolibrifestivaali.org\/pt-pt\/artist\/mar-benegas\/","og_site_name":"Kolibri Festivaali","article_modified_time":"2025-08-12T14:10:40+00:00","og_image":[{"width":1554,"height":1139,"url":"https:\/\/www.kolibrifestivaali.org\/wp-content\/uploads\/2025\/08\/min-mar-benegas-picturecopy.jpg","type":"image\/jpeg"}],"twitter_card":"summary_large_image","twitter_misc":{"Tempo estimado de leitura":"1 minuto"},"schema":{"@context":"https:\/\/schema.org","@graph":[{"@type":"WebPage","@id":"https:\/\/www.kolibrifestivaali.org\/pt-pt\/artist\/mar-benegas\/","url":"https:\/\/www.kolibrifestivaali.org\/pt-pt\/artist\/mar-benegas\/","name":"Mar Benegas - Kolibri Festivaali","isPartOf":{"@id":"https:\/\/www.kolibrifestivaali.org\/pt-pt\/#website"},"primaryImageOfPage":{"@id":"https:\/\/www.kolibrifestivaali.org\/pt-pt\/artist\/mar-benegas\/#primaryimage"},"image":{"@id":"https:\/\/www.kolibrifestivaali.org\/pt-pt\/artist\/mar-benegas\/#primaryimage"},"thumbnailUrl":"https:\/\/www.kolibrifestivaali.org\/wp-content\/uploads\/2025\/08\/min-mar-benegas-picturecopy.jpg","datePublished":"2021-08-19T21:00:00+00:00","dateModified":"2025-08-12T14:10:40+00:00","breadcrumb":{"@id":"https:\/\/www.kolibrifestivaali.org\/pt-pt\/artist\/mar-benegas\/#breadcrumb"},"inLanguage":"pt-PT","potentialAction":[{"@type":"ReadAction","target":["https:\/\/www.kolibrifestivaali.org\/pt-pt\/artist\/mar-benegas\/"]}]},{"@type":"ImageObject","inLanguage":"pt-PT","@id":"https:\/\/www.kolibrifestivaali.org\/pt-pt\/artist\/mar-benegas\/#primaryimage","url":"https:\/\/www.kolibrifestivaali.org\/wp-content\/uploads\/2025\/08\/min-mar-benegas-picturecopy.jpg","contentUrl":"https:\/\/www.kolibrifestivaali.org\/wp-content\/uploads\/2025\/08\/min-mar-benegas-picturecopy.jpg","width":1554,"height":1139},{"@type":"BreadcrumbList","@id":"https:\/\/www.kolibrifestivaali.org\/pt-pt\/artist\/mar-benegas\/#breadcrumb","itemListElement":[{"@type":"ListItem","position":1,"name":"Home","item":"https:\/\/www.kolibrifestivaali.org\/pt-pt\/"},{"@type":"ListItem","position":2,"name":"Mar Benegas"}]},{"@type":"WebSite","@id":"https:\/\/www.kolibrifestivaali.org\/pt-pt\/#website","url":"https:\/\/www.kolibrifestivaali.org\/pt-pt\/","name":"Kolibri Festivaali","description":"Kolibri\u0301 is a unique multicultural, free and open art festival for children and their families.","inLanguage":"pt-PT"}]}},"_links":{"self":[{"href":"https:\/\/www.kolibrifestivaali.org\/pt-pt\/wp-json\/wp\/v2\/artist\/327619","targetHints":{"allow":["GET"]}}],"collection":[{"href":"https:\/\/www.kolibrifestivaali.org\/pt-pt\/wp-json\/wp\/v2\/artist"}],"about":[{"href":"https:\/\/www.kolibrifestivaali.org\/pt-pt\/wp-json\/wp\/v2\/types\/artist"}],"wp:featuredmedia":[{"embeddable":true,"href":"https:\/\/www.kolibrifestivaali.org\/pt-pt\/wp-json\/wp\/v2\/media\/327577"}],"wp:attachment":[{"href":"https:\/\/www.kolibrifestivaali.org\/pt-pt\/wp-json\/wp\/v2\/media?parent=327619"}],"curies":[{"name":"wp","href":"https:\/\/api.w.org\/{rel}","templated":true}]}}

<p>Artista Convidada para o Kolibrí Festivaali 2025 – 10º Aniversário </p>
<p>E num ano tão especial como o décimo aniversário do festival, teremos a grande sorte de passar alguns dias na companhia da escritora e gestora cultural Mar Benegas (Valência, Espanha, 1975). </p>
<p>Até o momento, publicou 61 livros infantis e juvenis, além de ensaios, poesias para adultos, e antologias. Histórias que alcançaram a China, o Brasil, a Coreia do Sul, a Itália e a França; e que foram reconhecidas em premiações importantes. </p>
<p><a href="https://www.kolibrifestivaali.org/pt-pt/news-archive-pt/mar-benegas-guest-artist-kolibri-2025/" target="_blank"  rel="noopener">Conheça seu trabalho!</a> </p>
<p>A participação de Mar Benegas no Kolibrí Festivaali é graças à colaboração da <a href="https://www.cultura.gob.es/cultura/libro-bibliotecas.html" target="_blank"  rel="noopener">Dirección General del Libro, del Cómic y de la Lectura do Ministerio de Cultura y Deportes da Espanha.</a></p>

<!-- This site is optimized with the Yoast SEO plugin v27.5 - https://yoast.com/product/yoast-seo-wordpress/ -->
<title>Mar Benegas - Kolibri Festivaali</title>
<meta name="robots" content="index, follow, max-snippet:-1, max-image-preview:large, max-video-preview:-1" />
<link rel="canonical" href="https://www.kolibrifestivaali.org/pt-pt/artist/mar-benegas/" />
<meta property="og:locale" content="pt_PT" />
<meta property="og:type" content="article" />
<meta property="og:title" content="Mar Benegas - Kolibri Festivaali" />
<meta property="og:description" content="Artista Convidada para o Kolibrí Festivaali 2025 – 10º Aniversário E num ano tão especial como o décimo aniversário do […] Lue lisää &raquo;" />
<meta property="og:url" content="https://www.kolibrifestivaali.org/pt-pt/artist/mar-benegas/" />
<meta property="og:site_name" content="Kolibri Festivaali" />
<meta property="article:modified_time" content="2025-08-12T14:10:40+00:00" />
<meta property="og:image" content="https://www.kolibrifestivaali.org/wp-content/uploads/2025/08/min-mar-benegas-picturecopy.jpg" />
	<meta property="og:image:width" content="1554" />
	<meta property="og:image:height" content="1139" />
	<meta property="og:image:type" content="image/jpeg" />
<meta name="twitter:card" content="summary_large_image" />
<meta name="twitter:label1" content="Tempo estimado de leitura" />
	<meta name="twitter:data1" content="1 minuto" />
<script type="application/ld+json" class="yoast-schema-graph">{"@context":"https:\/\/schema.org","@graph":[{"@type":"WebPage","@id":"https:\/\/www.kolibrifestivaali.org\/pt-pt\/artist\/mar-benegas\/","url":"https:\/\/www.kolibrifestivaali.org\/pt-pt\/artist\/mar-benegas\/","name":"Mar Benegas - Kolibri Festivaali","isPartOf":{"@id":"https:\/\/www.kolibrifestivaali.org\/pt-pt\/#website"},"primaryImageOfPage":{"@id":"https:\/\/www.kolibrifestivaali.org\/pt-pt\/artist\/mar-benegas\/#primaryimage"},"image":{"@id":"https:\/\/www.kolibrifestivaali.org\/pt-pt\/artist\/mar-benegas\/#primaryimage"},"thumbnailUrl":"https:\/\/www.kolibrifestivaali.org\/wp-content\/uploads\/2025\/08\/min-mar-benegas-picturecopy.jpg","datePublished":"2021-08-19T21:00:00+00:00","dateModified":"2025-08-12T14:10:40+00:00","breadcrumb":{"@id":"https:\/\/www.kolibrifestivaali.org\/pt-pt\/artist\/mar-benegas\/#breadcrumb"},"inLanguage":"pt-PT","potentialAction":[{"@type":"ReadAction","target":["https:\/\/www.kolibrifestivaali.org\/pt-pt\/artist\/mar-benegas\/"]}]},{"@type":"ImageObject","inLanguage":"pt-PT","@id":"https:\/\/www.kolibrifestivaali.org\/pt-pt\/artist\/mar-benegas\/#primaryimage","url":"https:\/\/www.kolibrifestivaali.org\/wp-content\/uploads\/2025\/08\/min-mar-benegas-picturecopy.jpg","contentUrl":"https:\/\/www.kolibrifestivaali.org\/wp-content\/uploads\/2025\/08\/min-mar-benegas-picturecopy.jpg","width":1554,"height":1139},{"@type":"BreadcrumbList","@id":"https:\/\/www.kolibrifestivaali.org\/pt-pt\/artist\/mar-benegas\/#breadcrumb","itemListElement":[{"@type":"ListItem","position":1,"name":"Home","item":"https:\/\/www.kolibrifestivaali.org\/pt-pt\/"},{"@type":"ListItem","position":2,"name":"Mar Benegas"}]},{"@type":"WebSite","@id":"https:\/\/www.kolibrifestivaali.org\/pt-pt\/#website","url":"https:\/\/www.kolibrifestivaali.org\/pt-pt\/","name":"Kolibri Festivaali","description":"Kolibrí is a unique multicultural, free and open art festival for children and their families.","inLanguage":"pt-PT"}]}</script>
<!-- / Yoast SEO plugin. -->

Artista Convidada para o Kolibrí Festivaali 2025 – 10º Aniversário E num ano tão especial como o décimo aniversário do […] Lue lisää &raquo;
