{"id":327613,"date":"2021-08-20T00:00:00","date_gmt":"2021-08-19T21:00:00","guid":{"rendered":"https:\/\/www.kolibrifestivaali.org\/artist\/anar-ensemble\/"},"modified":"2025-08-12T17:10:38","modified_gmt":"2025-08-12T14:10:38","slug":"anar-ensemble","status":"publish","type":"artist","link":"https:\/\/www.kolibrifestivaali.org\/pt-pt\/artist\/anar-ensemble\/","title":{"rendered":"Anar Ensemble"},"content":{"rendered":"<p><a href=\"https:\/\/www.instagram.com\/anar_ensemble\/\" target=\"_blank\"  rel=\"noopener\">Anar Ensemble<\/a> \u00e9 um coletivo criativo de educadoras iranianas (Banafshe, Mahsa e Sara) que unem seus conhecimentos em educa\u00e7\u00e3o, artes visuais e m\u00fasica para criar experi\u00eancias comunit\u00e1rias para crian\u00e7as e fam\u00edlias.  <\/p>\n<p>Formado ap\u00f3s sua inspiradora primeira apresenta\u00e7\u00e3o no Kulttuurikeskus Ninho em 2023, o Anar Ensemble nasceu de uma vis\u00e3o compartilhada: nutrir a criatividade e a conex\u00e3o cultural em jovens aprendizes atrav\u00e9s de uma explora\u00e7\u00e3o alegre e pr\u00e1tica.  <\/p>\n<p>Atrav\u00e9s de visuais vibrantes, m\u00fasica r\u00edtmica, conta\u00e7\u00e3o de hist\u00f3rias e brincadeiras interativas, o Anar Ensemble projeta workshops e apresenta\u00e7\u00f5es que celebram identidade, integra\u00e7\u00e3o e pertencimento. Seu trabalho convida crian\u00e7as e suas fam\u00edlias a explorar uma jornada compartilhada, onde o aprendizado se torna um espa\u00e7o tanto para a descoberta quanto para estar em comunidade, e onde cada voz, cultura e hist\u00f3ria \u00e9 bem-vinda e celebrada.<\/p>\n","protected":false},"featured_media":327541,"menu_order":0,"template":"","class_list":["post-327613","artist","type-artist","status-publish","has-post-thumbnail","hentry"],"acf":[],"yoast_head":"<!-- This site is optimized with the Yoast SEO plugin v27.4 - https:\/\/yoast.com\/product\/yoast-seo-wordpress\/ -->\n<title>Anar Ensemble - Kolibri Festivaali<\/title>\n<meta name=\"robots\" content=\"index, follow, max-snippet:-1, max-image-preview:large, max-video-preview:-1\" \/>\n<link rel=\"canonical\" href=\"https:\/\/www.kolibrifestivaali.org\/pt-pt\/artist\/anar-ensemble\/\" \/>\n<meta property=\"og:locale\" content=\"pt_PT\" \/>\n<meta property=\"og:type\" content=\"article\" \/>\n<meta property=\"og:title\" content=\"Anar Ensemble - Kolibri Festivaali\" \/>\n<meta property=\"og:description\" content=\"Anar Ensemble \u00e9 um coletivo criativo de educadoras iranianas (Banafshe, Mahsa e Sara) que unem seus conhecimentos em educa\u00e7\u00e3o, artes [\u2026] Lue lis\u00e4\u00e4 &raquo;\" \/>\n<meta property=\"og:url\" content=\"https:\/\/www.kolibrifestivaali.org\/pt-pt\/artist\/anar-ensemble\/\" \/>\n<meta property=\"og:site_name\" content=\"Kolibri Festivaali\" \/>\n<meta property=\"article:modified_time\" content=\"2025-08-12T14:10:38+00:00\" \/>\n<meta property=\"og:image\" content=\"https:\/\/www.kolibrifestivaali.org\/wp-content\/uploads\/2025\/08\/anarensemble26min.jpg\" \/>\n\t<meta property=\"og:image:width\" content=\"1062\" \/>\n\t<meta property=\"og:image:height\" content=\"708\" \/>\n\t<meta property=\"og:image:type\" content=\"image\/jpeg\" \/>\n<meta name=\"twitter:card\" content=\"summary_large_image\" \/>\n<meta name=\"twitter:label1\" content=\"Tempo estimado de leitura\" \/>\n\t<meta name=\"twitter:data1\" content=\"1 minuto\" \/>\n<script type=\"application\/ld+json\" class=\"yoast-schema-graph\">{\"@context\":\"https:\\\/\\\/schema.org\",\"@graph\":[{\"@type\":\"WebPage\",\"@id\":\"https:\\\/\\\/www.kolibrifestivaali.org\\\/pt-pt\\\/artist\\\/anar-ensemble\\\/\",\"url\":\"https:\\\/\\\/www.kolibrifestivaali.org\\\/pt-pt\\\/artist\\\/anar-ensemble\\\/\",\"name\":\"Anar Ensemble - Kolibri Festivaali\",\"isPartOf\":{\"@id\":\"https:\\\/\\\/www.kolibrifestivaali.org\\\/pt-pt\\\/#website\"},\"primaryImageOfPage\":{\"@id\":\"https:\\\/\\\/www.kolibrifestivaali.org\\\/pt-pt\\\/artist\\\/anar-ensemble\\\/#primaryimage\"},\"image\":{\"@id\":\"https:\\\/\\\/www.kolibrifestivaali.org\\\/pt-pt\\\/artist\\\/anar-ensemble\\\/#primaryimage\"},\"thumbnailUrl\":\"https:\\\/\\\/www.kolibrifestivaali.org\\\/wp-content\\\/uploads\\\/2025\\\/08\\\/anarensemble26min.jpg\",\"datePublished\":\"2021-08-19T21:00:00+00:00\",\"dateModified\":\"2025-08-12T14:10:38+00:00\",\"breadcrumb\":{\"@id\":\"https:\\\/\\\/www.kolibrifestivaali.org\\\/pt-pt\\\/artist\\\/anar-ensemble\\\/#breadcrumb\"},\"inLanguage\":\"pt-PT\",\"potentialAction\":[{\"@type\":\"ReadAction\",\"target\":[\"https:\\\/\\\/www.kolibrifestivaali.org\\\/pt-pt\\\/artist\\\/anar-ensemble\\\/\"]}]},{\"@type\":\"ImageObject\",\"inLanguage\":\"pt-PT\",\"@id\":\"https:\\\/\\\/www.kolibrifestivaali.org\\\/pt-pt\\\/artist\\\/anar-ensemble\\\/#primaryimage\",\"url\":\"https:\\\/\\\/www.kolibrifestivaali.org\\\/wp-content\\\/uploads\\\/2025\\\/08\\\/anarensemble26min.jpg\",\"contentUrl\":\"https:\\\/\\\/www.kolibrifestivaali.org\\\/wp-content\\\/uploads\\\/2025\\\/08\\\/anarensemble26min.jpg\",\"width\":1062,\"height\":708},{\"@type\":\"BreadcrumbList\",\"@id\":\"https:\\\/\\\/www.kolibrifestivaali.org\\\/pt-pt\\\/artist\\\/anar-ensemble\\\/#breadcrumb\",\"itemListElement\":[{\"@type\":\"ListItem\",\"position\":1,\"name\":\"Home\",\"item\":\"https:\\\/\\\/www.kolibrifestivaali.org\\\/pt-pt\\\/\"},{\"@type\":\"ListItem\",\"position\":2,\"name\":\"Anar Ensemble\"}]},{\"@type\":\"WebSite\",\"@id\":\"https:\\\/\\\/www.kolibrifestivaali.org\\\/pt-pt\\\/#website\",\"url\":\"https:\\\/\\\/www.kolibrifestivaali.org\\\/pt-pt\\\/\",\"name\":\"Kolibri Festivaali\",\"description\":\"Kolibri\u0301 is a unique multicultural, free and open art festival for children and their families.\",\"inLanguage\":\"pt-PT\"}]}<\/script>\n<!-- \/ Yoast SEO plugin. -->","yoast_head_json":{"title":"Anar Ensemble - Kolibri Festivaali","robots":{"index":"index","follow":"follow","max-snippet":"max-snippet:-1","max-image-preview":"max-image-preview:large","max-video-preview":"max-video-preview:-1"},"canonical":"https:\/\/www.kolibrifestivaali.org\/pt-pt\/artist\/anar-ensemble\/","og_locale":"pt_PT","og_type":"article","og_title":"Anar Ensemble - Kolibri Festivaali","og_description":"Anar Ensemble \u00e9 um coletivo criativo de educadoras iranianas (Banafshe, Mahsa e Sara) que unem seus conhecimentos em educa\u00e7\u00e3o, artes [\u2026] Lue lis\u00e4\u00e4 &raquo;","og_url":"https:\/\/www.kolibrifestivaali.org\/pt-pt\/artist\/anar-ensemble\/","og_site_name":"Kolibri Festivaali","article_modified_time":"2025-08-12T14:10:38+00:00","og_image":[{"width":1062,"height":708,"url":"https:\/\/www.kolibrifestivaali.org\/wp-content\/uploads\/2025\/08\/anarensemble26min.jpg","type":"image\/jpeg"}],"twitter_card":"summary_large_image","twitter_misc":{"Tempo estimado de leitura":"1 minuto"},"schema":{"@context":"https:\/\/schema.org","@graph":[{"@type":"WebPage","@id":"https:\/\/www.kolibrifestivaali.org\/pt-pt\/artist\/anar-ensemble\/","url":"https:\/\/www.kolibrifestivaali.org\/pt-pt\/artist\/anar-ensemble\/","name":"Anar Ensemble - Kolibri Festivaali","isPartOf":{"@id":"https:\/\/www.kolibrifestivaali.org\/pt-pt\/#website"},"primaryImageOfPage":{"@id":"https:\/\/www.kolibrifestivaali.org\/pt-pt\/artist\/anar-ensemble\/#primaryimage"},"image":{"@id":"https:\/\/www.kolibrifestivaali.org\/pt-pt\/artist\/anar-ensemble\/#primaryimage"},"thumbnailUrl":"https:\/\/www.kolibrifestivaali.org\/wp-content\/uploads\/2025\/08\/anarensemble26min.jpg","datePublished":"2021-08-19T21:00:00+00:00","dateModified":"2025-08-12T14:10:38+00:00","breadcrumb":{"@id":"https:\/\/www.kolibrifestivaali.org\/pt-pt\/artist\/anar-ensemble\/#breadcrumb"},"inLanguage":"pt-PT","potentialAction":[{"@type":"ReadAction","target":["https:\/\/www.kolibrifestivaali.org\/pt-pt\/artist\/anar-ensemble\/"]}]},{"@type":"ImageObject","inLanguage":"pt-PT","@id":"https:\/\/www.kolibrifestivaali.org\/pt-pt\/artist\/anar-ensemble\/#primaryimage","url":"https:\/\/www.kolibrifestivaali.org\/wp-content\/uploads\/2025\/08\/anarensemble26min.jpg","contentUrl":"https:\/\/www.kolibrifestivaali.org\/wp-content\/uploads\/2025\/08\/anarensemble26min.jpg","width":1062,"height":708},{"@type":"BreadcrumbList","@id":"https:\/\/www.kolibrifestivaali.org\/pt-pt\/artist\/anar-ensemble\/#breadcrumb","itemListElement":[{"@type":"ListItem","position":1,"name":"Home","item":"https:\/\/www.kolibrifestivaali.org\/pt-pt\/"},{"@type":"ListItem","position":2,"name":"Anar Ensemble"}]},{"@type":"WebSite","@id":"https:\/\/www.kolibrifestivaali.org\/pt-pt\/#website","url":"https:\/\/www.kolibrifestivaali.org\/pt-pt\/","name":"Kolibri Festivaali","description":"Kolibri\u0301 is a unique multicultural, free and open art festival for children and their families.","inLanguage":"pt-PT"}]}},"_links":{"self":[{"href":"https:\/\/www.kolibrifestivaali.org\/pt-pt\/wp-json\/wp\/v2\/artist\/327613","targetHints":{"allow":["GET"]}}],"collection":[{"href":"https:\/\/www.kolibrifestivaali.org\/pt-pt\/wp-json\/wp\/v2\/artist"}],"about":[{"href":"https:\/\/www.kolibrifestivaali.org\/pt-pt\/wp-json\/wp\/v2\/types\/artist"}],"wp:featuredmedia":[{"embeddable":true,"href":"https:\/\/www.kolibrifestivaali.org\/pt-pt\/wp-json\/wp\/v2\/media\/327541"}],"wp:attachment":[{"href":"https:\/\/www.kolibrifestivaali.org\/pt-pt\/wp-json\/wp\/v2\/media?parent=327613"}],"curies":[{"name":"wp","href":"https:\/\/api.w.org\/{rel}","templated":true}]}}

<p><a href="https://www.instagram.com/anar_ensemble/" target="_blank"  rel="noopener">Anar Ensemble</a> é um coletivo criativo de educadoras iranianas (Banafshe, Mahsa e Sara) que unem seus conhecimentos em educação, artes visuais e música para criar experiências comunitárias para crianças e famílias.  </p>
<p>Formado após sua inspiradora primeira apresentação no Kulttuurikeskus Ninho em 2023, o Anar Ensemble nasceu de uma visão compartilhada: nutrir a criatividade e a conexão cultural em jovens aprendizes através de uma exploração alegre e prática.  </p>
<p>Através de visuais vibrantes, música rítmica, contação de histórias e brincadeiras interativas, o Anar Ensemble projeta workshops e apresentações que celebram identidade, integração e pertencimento. Seu trabalho convida crianças e suas famílias a explorar uma jornada compartilhada, onde o aprendizado se torna um espaço tanto para a descoberta quanto para estar em comunidade, e onde cada voz, cultura e história é bem-vinda e celebrada.</p>

<!-- This site is optimized with the Yoast SEO plugin v27.4 - https://yoast.com/product/yoast-seo-wordpress/ -->
<title>Anar Ensemble - Kolibri Festivaali</title>
<meta name="robots" content="index, follow, max-snippet:-1, max-image-preview:large, max-video-preview:-1" />
<link rel="canonical" href="https://www.kolibrifestivaali.org/pt-pt/artist/anar-ensemble/" />
<meta property="og:locale" content="pt_PT" />
<meta property="og:type" content="article" />
<meta property="og:title" content="Anar Ensemble - Kolibri Festivaali" />
<meta property="og:description" content="Anar Ensemble é um coletivo criativo de educadoras iranianas (Banafshe, Mahsa e Sara) que unem seus conhecimentos em educação, artes […] Lue lisää &raquo;" />
<meta property="og:url" content="https://www.kolibrifestivaali.org/pt-pt/artist/anar-ensemble/" />
<meta property="og:site_name" content="Kolibri Festivaali" />
<meta property="article:modified_time" content="2025-08-12T14:10:38+00:00" />
<meta property="og:image" content="https://www.kolibrifestivaali.org/wp-content/uploads/2025/08/anarensemble26min.jpg" />
	<meta property="og:image:width" content="1062" />
	<meta property="og:image:height" content="708" />
	<meta property="og:image:type" content="image/jpeg" />
<meta name="twitter:card" content="summary_large_image" />
<meta name="twitter:label1" content="Tempo estimado de leitura" />
	<meta name="twitter:data1" content="1 minuto" />
<script type="application/ld+json" class="yoast-schema-graph">{"@context":"https:\/\/schema.org","@graph":[{"@type":"WebPage","@id":"https:\/\/www.kolibrifestivaali.org\/pt-pt\/artist\/anar-ensemble\/","url":"https:\/\/www.kolibrifestivaali.org\/pt-pt\/artist\/anar-ensemble\/","name":"Anar Ensemble - Kolibri Festivaali","isPartOf":{"@id":"https:\/\/www.kolibrifestivaali.org\/pt-pt\/#website"},"primaryImageOfPage":{"@id":"https:\/\/www.kolibrifestivaali.org\/pt-pt\/artist\/anar-ensemble\/#primaryimage"},"image":{"@id":"https:\/\/www.kolibrifestivaali.org\/pt-pt\/artist\/anar-ensemble\/#primaryimage"},"thumbnailUrl":"https:\/\/www.kolibrifestivaali.org\/wp-content\/uploads\/2025\/08\/anarensemble26min.jpg","datePublished":"2021-08-19T21:00:00+00:00","dateModified":"2025-08-12T14:10:38+00:00","breadcrumb":{"@id":"https:\/\/www.kolibrifestivaali.org\/pt-pt\/artist\/anar-ensemble\/#breadcrumb"},"inLanguage":"pt-PT","potentialAction":[{"@type":"ReadAction","target":["https:\/\/www.kolibrifestivaali.org\/pt-pt\/artist\/anar-ensemble\/"]}]},{"@type":"ImageObject","inLanguage":"pt-PT","@id":"https:\/\/www.kolibrifestivaali.org\/pt-pt\/artist\/anar-ensemble\/#primaryimage","url":"https:\/\/www.kolibrifestivaali.org\/wp-content\/uploads\/2025\/08\/anarensemble26min.jpg","contentUrl":"https:\/\/www.kolibrifestivaali.org\/wp-content\/uploads\/2025\/08\/anarensemble26min.jpg","width":1062,"height":708},{"@type":"BreadcrumbList","@id":"https:\/\/www.kolibrifestivaali.org\/pt-pt\/artist\/anar-ensemble\/#breadcrumb","itemListElement":[{"@type":"ListItem","position":1,"name":"Home","item":"https:\/\/www.kolibrifestivaali.org\/pt-pt\/"},{"@type":"ListItem","position":2,"name":"Anar Ensemble"}]},{"@type":"WebSite","@id":"https:\/\/www.kolibrifestivaali.org\/pt-pt\/#website","url":"https:\/\/www.kolibrifestivaali.org\/pt-pt\/","name":"Kolibri Festivaali","description":"Kolibrí is a unique multicultural, free and open art festival for children and their families.","inLanguage":"pt-PT"}]}</script>
<!-- / Yoast SEO plugin. -->

Anar Ensemble é um coletivo criativo de educadoras iranianas (Banafshe, Mahsa e Sara) que unem seus conhecimentos em educação, artes […] Lue lisää &raquo;
