{"id":327610,"date":"2021-08-20T00:00:00","date_gmt":"2021-08-19T21:00:00","guid":{"rendered":"https:\/\/www.kolibrifestivaali.org\/artist\/sanna-karlsson-sutisna\/"},"modified":"2025-08-12T17:10:37","modified_gmt":"2025-08-12T14:10:37","slug":"sanna-karlsson-sutisna","status":"publish","type":"artist","link":"https:\/\/www.kolibrifestivaali.org\/pt-pt\/artist\/sanna-karlsson-sutisna\/","title":{"rendered":"Sanna Karlsson-Sutisna"},"content":{"rendered":"<p><a href=\"https:\/\/www.karlsson-sutisna.com\/\" target=\"_blank\"  rel=\"noopener\">Sanna Karlsson-Sutisna<\/a> \u00e9 uma artista visual, pintora, escultora, dan\u00e7arina e professora finlandesa, com mais de 30 anos de experi\u00eancia. Ela ensina a crian\u00e7as e adultos e j\u00e1 se apresentou na Alemanha, Dinamarca, R\u00fassia, Su\u00e9cia, \u00c1ustria, Pol\u00f4nia, Inglaterra, Indon\u00e9sia e Cuba. <\/p>\n<p>Ela se formou na Academia de Arte da Finl\u00e2ndia em 1989, e seu trabalho tem se concentrado em estudar as ra\u00edzes da arte nas culturas rituais e em como combinar dan\u00e7a e audiovisuais nas artes. Sua experi\u00eancia profissional inclui estudos na Escola Superior de Artes de Berlim, bem como estudos adicionais em Cuba e Bali. Ela se especializou em Dan\u00e7a Balinesa desde 1991, e em dan\u00e7a e m\u00fasica africana. Tamb\u00e9m \u00e9 fundadora do Delado International, um grupo de m\u00fasica e dan\u00e7a com m\u00fasicos que vivem em Burkina Faso.<\/p>\n","protected":false},"featured_media":327523,"menu_order":0,"template":"","class_list":["post-327610","artist","type-artist","status-publish","has-post-thumbnail","hentry"],"acf":[],"yoast_head":"<!-- This site is optimized with the Yoast SEO plugin v27.4 - https:\/\/yoast.com\/product\/yoast-seo-wordpress\/ -->\n<title>Sanna Karlsson-Sutisna - Kolibri Festivaali<\/title>\n<meta name=\"robots\" content=\"index, follow, max-snippet:-1, max-image-preview:large, max-video-preview:-1\" \/>\n<link rel=\"canonical\" href=\"https:\/\/www.kolibrifestivaali.org\/pt-pt\/artist\/sanna-karlsson-sutisna\/\" \/>\n<meta property=\"og:locale\" content=\"pt_PT\" \/>\n<meta property=\"og:type\" content=\"article\" \/>\n<meta property=\"og:title\" content=\"Sanna Karlsson-Sutisna - Kolibri Festivaali\" \/>\n<meta property=\"og:description\" content=\"Sanna Karlsson-Sutisna \u00e9 uma artista visual, pintora, escultora, dan\u00e7arina e professora finlandesa, com mais de 30 anos de experi\u00eancia. Ela [\u2026] Lue lis\u00e4\u00e4 &raquo;\" \/>\n<meta property=\"og:url\" content=\"https:\/\/www.kolibrifestivaali.org\/pt-pt\/artist\/sanna-karlsson-sutisna\/\" \/>\n<meta property=\"og:site_name\" content=\"Kolibri Festivaali\" \/>\n<meta property=\"article:modified_time\" content=\"2025-08-12T14:10:37+00:00\" \/>\n<meta property=\"og:image\" content=\"https:\/\/www.kolibrifestivaali.org\/wp-content\/uploads\/2025\/08\/sanna-karlsson-profile.jpg\" \/>\n\t<meta property=\"og:image:width\" content=\"1055\" \/>\n\t<meta property=\"og:image:height\" content=\"1057\" \/>\n\t<meta property=\"og:image:type\" content=\"image\/jpeg\" \/>\n<meta name=\"twitter:card\" content=\"summary_large_image\" \/>\n<meta name=\"twitter:label1\" content=\"Tempo estimado de leitura\" \/>\n\t<meta name=\"twitter:data1\" content=\"1 minuto\" \/>\n<script type=\"application\/ld+json\" class=\"yoast-schema-graph\">{\"@context\":\"https:\\\/\\\/schema.org\",\"@graph\":[{\"@type\":\"WebPage\",\"@id\":\"https:\\\/\\\/www.kolibrifestivaali.org\\\/pt-pt\\\/artist\\\/sanna-karlsson-sutisna\\\/\",\"url\":\"https:\\\/\\\/www.kolibrifestivaali.org\\\/pt-pt\\\/artist\\\/sanna-karlsson-sutisna\\\/\",\"name\":\"Sanna Karlsson-Sutisna - Kolibri Festivaali\",\"isPartOf\":{\"@id\":\"https:\\\/\\\/www.kolibrifestivaali.org\\\/pt-pt\\\/#website\"},\"primaryImageOfPage\":{\"@id\":\"https:\\\/\\\/www.kolibrifestivaali.org\\\/pt-pt\\\/artist\\\/sanna-karlsson-sutisna\\\/#primaryimage\"},\"image\":{\"@id\":\"https:\\\/\\\/www.kolibrifestivaali.org\\\/pt-pt\\\/artist\\\/sanna-karlsson-sutisna\\\/#primaryimage\"},\"thumbnailUrl\":\"https:\\\/\\\/www.kolibrifestivaali.org\\\/wp-content\\\/uploads\\\/2025\\\/08\\\/sanna-karlsson-profile.jpg\",\"datePublished\":\"2021-08-19T21:00:00+00:00\",\"dateModified\":\"2025-08-12T14:10:37+00:00\",\"breadcrumb\":{\"@id\":\"https:\\\/\\\/www.kolibrifestivaali.org\\\/pt-pt\\\/artist\\\/sanna-karlsson-sutisna\\\/#breadcrumb\"},\"inLanguage\":\"pt-PT\",\"potentialAction\":[{\"@type\":\"ReadAction\",\"target\":[\"https:\\\/\\\/www.kolibrifestivaali.org\\\/pt-pt\\\/artist\\\/sanna-karlsson-sutisna\\\/\"]}]},{\"@type\":\"ImageObject\",\"inLanguage\":\"pt-PT\",\"@id\":\"https:\\\/\\\/www.kolibrifestivaali.org\\\/pt-pt\\\/artist\\\/sanna-karlsson-sutisna\\\/#primaryimage\",\"url\":\"https:\\\/\\\/www.kolibrifestivaali.org\\\/wp-content\\\/uploads\\\/2025\\\/08\\\/sanna-karlsson-profile.jpg\",\"contentUrl\":\"https:\\\/\\\/www.kolibrifestivaali.org\\\/wp-content\\\/uploads\\\/2025\\\/08\\\/sanna-karlsson-profile.jpg\",\"width\":1055,\"height\":1057},{\"@type\":\"BreadcrumbList\",\"@id\":\"https:\\\/\\\/www.kolibrifestivaali.org\\\/pt-pt\\\/artist\\\/sanna-karlsson-sutisna\\\/#breadcrumb\",\"itemListElement\":[{\"@type\":\"ListItem\",\"position\":1,\"name\":\"Home\",\"item\":\"https:\\\/\\\/www.kolibrifestivaali.org\\\/pt-pt\\\/\"},{\"@type\":\"ListItem\",\"position\":2,\"name\":\"Sanna Karlsson-Sutisna\"}]},{\"@type\":\"WebSite\",\"@id\":\"https:\\\/\\\/www.kolibrifestivaali.org\\\/pt-pt\\\/#website\",\"url\":\"https:\\\/\\\/www.kolibrifestivaali.org\\\/pt-pt\\\/\",\"name\":\"Kolibri Festivaali\",\"description\":\"Kolibri\u0301 is a unique multicultural, free and open art festival for children and their families.\",\"inLanguage\":\"pt-PT\"}]}<\/script>\n<!-- \/ Yoast SEO plugin. -->","yoast_head_json":{"title":"Sanna Karlsson-Sutisna - Kolibri Festivaali","robots":{"index":"index","follow":"follow","max-snippet":"max-snippet:-1","max-image-preview":"max-image-preview:large","max-video-preview":"max-video-preview:-1"},"canonical":"https:\/\/www.kolibrifestivaali.org\/pt-pt\/artist\/sanna-karlsson-sutisna\/","og_locale":"pt_PT","og_type":"article","og_title":"Sanna Karlsson-Sutisna - Kolibri Festivaali","og_description":"Sanna Karlsson-Sutisna \u00e9 uma artista visual, pintora, escultora, dan\u00e7arina e professora finlandesa, com mais de 30 anos de experi\u00eancia. Ela [\u2026] Lue lis\u00e4\u00e4 &raquo;","og_url":"https:\/\/www.kolibrifestivaali.org\/pt-pt\/artist\/sanna-karlsson-sutisna\/","og_site_name":"Kolibri Festivaali","article_modified_time":"2025-08-12T14:10:37+00:00","og_image":[{"width":1055,"height":1057,"url":"https:\/\/www.kolibrifestivaali.org\/wp-content\/uploads\/2025\/08\/sanna-karlsson-profile.jpg","type":"image\/jpeg"}],"twitter_card":"summary_large_image","twitter_misc":{"Tempo estimado de leitura":"1 minuto"},"schema":{"@context":"https:\/\/schema.org","@graph":[{"@type":"WebPage","@id":"https:\/\/www.kolibrifestivaali.org\/pt-pt\/artist\/sanna-karlsson-sutisna\/","url":"https:\/\/www.kolibrifestivaali.org\/pt-pt\/artist\/sanna-karlsson-sutisna\/","name":"Sanna Karlsson-Sutisna - Kolibri Festivaali","isPartOf":{"@id":"https:\/\/www.kolibrifestivaali.org\/pt-pt\/#website"},"primaryImageOfPage":{"@id":"https:\/\/www.kolibrifestivaali.org\/pt-pt\/artist\/sanna-karlsson-sutisna\/#primaryimage"},"image":{"@id":"https:\/\/www.kolibrifestivaali.org\/pt-pt\/artist\/sanna-karlsson-sutisna\/#primaryimage"},"thumbnailUrl":"https:\/\/www.kolibrifestivaali.org\/wp-content\/uploads\/2025\/08\/sanna-karlsson-profile.jpg","datePublished":"2021-08-19T21:00:00+00:00","dateModified":"2025-08-12T14:10:37+00:00","breadcrumb":{"@id":"https:\/\/www.kolibrifestivaali.org\/pt-pt\/artist\/sanna-karlsson-sutisna\/#breadcrumb"},"inLanguage":"pt-PT","potentialAction":[{"@type":"ReadAction","target":["https:\/\/www.kolibrifestivaali.org\/pt-pt\/artist\/sanna-karlsson-sutisna\/"]}]},{"@type":"ImageObject","inLanguage":"pt-PT","@id":"https:\/\/www.kolibrifestivaali.org\/pt-pt\/artist\/sanna-karlsson-sutisna\/#primaryimage","url":"https:\/\/www.kolibrifestivaali.org\/wp-content\/uploads\/2025\/08\/sanna-karlsson-profile.jpg","contentUrl":"https:\/\/www.kolibrifestivaali.org\/wp-content\/uploads\/2025\/08\/sanna-karlsson-profile.jpg","width":1055,"height":1057},{"@type":"BreadcrumbList","@id":"https:\/\/www.kolibrifestivaali.org\/pt-pt\/artist\/sanna-karlsson-sutisna\/#breadcrumb","itemListElement":[{"@type":"ListItem","position":1,"name":"Home","item":"https:\/\/www.kolibrifestivaali.org\/pt-pt\/"},{"@type":"ListItem","position":2,"name":"Sanna Karlsson-Sutisna"}]},{"@type":"WebSite","@id":"https:\/\/www.kolibrifestivaali.org\/pt-pt\/#website","url":"https:\/\/www.kolibrifestivaali.org\/pt-pt\/","name":"Kolibri Festivaali","description":"Kolibri\u0301 is a unique multicultural, free and open art festival for children and their families.","inLanguage":"pt-PT"}]}},"_links":{"self":[{"href":"https:\/\/www.kolibrifestivaali.org\/pt-pt\/wp-json\/wp\/v2\/artist\/327610","targetHints":{"allow":["GET"]}}],"collection":[{"href":"https:\/\/www.kolibrifestivaali.org\/pt-pt\/wp-json\/wp\/v2\/artist"}],"about":[{"href":"https:\/\/www.kolibrifestivaali.org\/pt-pt\/wp-json\/wp\/v2\/types\/artist"}],"wp:featuredmedia":[{"embeddable":true,"href":"https:\/\/www.kolibrifestivaali.org\/pt-pt\/wp-json\/wp\/v2\/media\/327523"}],"wp:attachment":[{"href":"https:\/\/www.kolibrifestivaali.org\/pt-pt\/wp-json\/wp\/v2\/media?parent=327610"}],"curies":[{"name":"wp","href":"https:\/\/api.w.org\/{rel}","templated":true}]}}

<p><a href="https://www.karlsson-sutisna.com/" target="_blank"  rel="noopener">Sanna Karlsson-Sutisna</a> é uma artista visual, pintora, escultora, dançarina e professora finlandesa, com mais de 30 anos de experiência. Ela ensina a crianças e adultos e já se apresentou na Alemanha, Dinamarca, Rússia, Suécia, Áustria, Polônia, Inglaterra, Indonésia e Cuba. </p>
<p>Ela se formou na Academia de Arte da Finlândia em 1989, e seu trabalho tem se concentrado em estudar as raízes da arte nas culturas rituais e em como combinar dança e audiovisuais nas artes. Sua experiência profissional inclui estudos na Escola Superior de Artes de Berlim, bem como estudos adicionais em Cuba e Bali. Ela se especializou em Dança Balinesa desde 1991, e em dança e música africana. Também é fundadora do Delado International, um grupo de música e dança com músicos que vivem em Burkina Faso.</p>

<!-- This site is optimized with the Yoast SEO plugin v27.4 - https://yoast.com/product/yoast-seo-wordpress/ -->
<title>Sanna Karlsson-Sutisna - Kolibri Festivaali</title>
<meta name="robots" content="index, follow, max-snippet:-1, max-image-preview:large, max-video-preview:-1" />
<link rel="canonical" href="https://www.kolibrifestivaali.org/pt-pt/artist/sanna-karlsson-sutisna/" />
<meta property="og:locale" content="pt_PT" />
<meta property="og:type" content="article" />
<meta property="og:title" content="Sanna Karlsson-Sutisna - Kolibri Festivaali" />
<meta property="og:description" content="Sanna Karlsson-Sutisna é uma artista visual, pintora, escultora, dançarina e professora finlandesa, com mais de 30 anos de experiência. Ela […] Lue lisää &raquo;" />
<meta property="og:url" content="https://www.kolibrifestivaali.org/pt-pt/artist/sanna-karlsson-sutisna/" />
<meta property="og:site_name" content="Kolibri Festivaali" />
<meta property="article:modified_time" content="2025-08-12T14:10:37+00:00" />
<meta property="og:image" content="https://www.kolibrifestivaali.org/wp-content/uploads/2025/08/sanna-karlsson-profile.jpg" />
	<meta property="og:image:width" content="1055" />
	<meta property="og:image:height" content="1057" />
	<meta property="og:image:type" content="image/jpeg" />
<meta name="twitter:card" content="summary_large_image" />
<meta name="twitter:label1" content="Tempo estimado de leitura" />
	<meta name="twitter:data1" content="1 minuto" />
<script type="application/ld+json" class="yoast-schema-graph">{"@context":"https:\/\/schema.org","@graph":[{"@type":"WebPage","@id":"https:\/\/www.kolibrifestivaali.org\/pt-pt\/artist\/sanna-karlsson-sutisna\/","url":"https:\/\/www.kolibrifestivaali.org\/pt-pt\/artist\/sanna-karlsson-sutisna\/","name":"Sanna Karlsson-Sutisna - Kolibri Festivaali","isPartOf":{"@id":"https:\/\/www.kolibrifestivaali.org\/pt-pt\/#website"},"primaryImageOfPage":{"@id":"https:\/\/www.kolibrifestivaali.org\/pt-pt\/artist\/sanna-karlsson-sutisna\/#primaryimage"},"image":{"@id":"https:\/\/www.kolibrifestivaali.org\/pt-pt\/artist\/sanna-karlsson-sutisna\/#primaryimage"},"thumbnailUrl":"https:\/\/www.kolibrifestivaali.org\/wp-content\/uploads\/2025\/08\/sanna-karlsson-profile.jpg","datePublished":"2021-08-19T21:00:00+00:00","dateModified":"2025-08-12T14:10:37+00:00","breadcrumb":{"@id":"https:\/\/www.kolibrifestivaali.org\/pt-pt\/artist\/sanna-karlsson-sutisna\/#breadcrumb"},"inLanguage":"pt-PT","potentialAction":[{"@type":"ReadAction","target":["https:\/\/www.kolibrifestivaali.org\/pt-pt\/artist\/sanna-karlsson-sutisna\/"]}]},{"@type":"ImageObject","inLanguage":"pt-PT","@id":"https:\/\/www.kolibrifestivaali.org\/pt-pt\/artist\/sanna-karlsson-sutisna\/#primaryimage","url":"https:\/\/www.kolibrifestivaali.org\/wp-content\/uploads\/2025\/08\/sanna-karlsson-profile.jpg","contentUrl":"https:\/\/www.kolibrifestivaali.org\/wp-content\/uploads\/2025\/08\/sanna-karlsson-profile.jpg","width":1055,"height":1057},{"@type":"BreadcrumbList","@id":"https:\/\/www.kolibrifestivaali.org\/pt-pt\/artist\/sanna-karlsson-sutisna\/#breadcrumb","itemListElement":[{"@type":"ListItem","position":1,"name":"Home","item":"https:\/\/www.kolibrifestivaali.org\/pt-pt\/"},{"@type":"ListItem","position":2,"name":"Sanna Karlsson-Sutisna"}]},{"@type":"WebSite","@id":"https:\/\/www.kolibrifestivaali.org\/pt-pt\/#website","url":"https:\/\/www.kolibrifestivaali.org\/pt-pt\/","name":"Kolibri Festivaali","description":"Kolibrí is a unique multicultural, free and open art festival for children and their families.","inLanguage":"pt-PT"}]}</script>
<!-- / Yoast SEO plugin. -->

Sanna Karlsson-Sutisna é uma artista visual, pintora, escultora, dançarina e professora finlandesa, com mais de 30 anos de experiência. Ela […] Lue lisää &raquo;
