{"id":327606,"date":"2021-08-20T00:00:00","date_gmt":"2021-08-19T21:00:00","guid":{"rendered":"https:\/\/www.kolibrifestivaali.org\/artist\/daniela-alatorre\/"},"modified":"2025-08-12T17:10:37","modified_gmt":"2025-08-12T14:10:37","slug":"daniela-alatorre","status":"publish","type":"artist","link":"https:\/\/www.kolibrifestivaali.org\/pt-pt\/artist\/daniela-alatorre\/","title":{"rendered":"Daniela Alatorre"},"content":{"rendered":"<p>Daniela Alatorre \u00e9 uma arquiteta mexicana especializada em constru\u00e7\u00f5es em madeira. Formada pela UNAM, sua trajet\u00f3ria profissional se estende pelo M\u00e9xico, Brasil e Finl\u00e2ndia, onde Laura pode ampliar sua experi\u00eancia na \u00e1rea de arquitetura em madeira atrav\u00e9s do Programa de Constru\u00e7\u00e3o em Madeira da Universidade de Aalto. Participou de v\u00e1rios projetos experimentais, trabalhando com design, fabrica\u00e7\u00e3o, constru\u00e7\u00e3o e montagem. Atualmente, Daniela atua como professora no Programa de Constru\u00e7\u00e3o em Madeira da Aalto, e em suas aulas destaca a import\u00e2ncia do aprendizado pr\u00e1tico, da inova\u00e7\u00e3o e da experimenta\u00e7\u00e3o, aprofundando o seu entendimento da madeira como material de constru\u00e7\u00e3o.<\/p>\n","protected":false},"featured_media":327499,"menu_order":0,"template":"","class_list":["post-327606","artist","type-artist","status-publish","has-post-thumbnail","hentry"],"acf":[],"yoast_head":"<!-- This site is optimized with the Yoast SEO plugin v27.4 - https:\/\/yoast.com\/product\/yoast-seo-wordpress\/ -->\n<title>Daniela Alatorre - Kolibri Festivaali<\/title>\n<meta name=\"robots\" content=\"index, follow, max-snippet:-1, max-image-preview:large, max-video-preview:-1\" \/>\n<link rel=\"canonical\" href=\"https:\/\/www.kolibrifestivaali.org\/pt-pt\/artist\/daniela-alatorre\/\" \/>\n<meta property=\"og:locale\" content=\"pt_PT\" \/>\n<meta property=\"og:type\" content=\"article\" \/>\n<meta property=\"og:title\" content=\"Daniela Alatorre - Kolibri Festivaali\" \/>\n<meta property=\"og:description\" content=\"Daniela Alatorre \u00e9 uma arquiteta mexicana especializada em constru\u00e7\u00f5es em madeira. Formada pela UNAM, sua trajet\u00f3ria profissional se estende pelo [\u2026] Lue lis\u00e4\u00e4 &raquo;\" \/>\n<meta property=\"og:url\" content=\"https:\/\/www.kolibrifestivaali.org\/pt-pt\/artist\/daniela-alatorre\/\" \/>\n<meta property=\"og:site_name\" content=\"Kolibri Festivaali\" \/>\n<meta property=\"article:modified_time\" content=\"2025-08-12T14:10:37+00:00\" \/>\n<meta property=\"og:image\" content=\"https:\/\/www.kolibrifestivaali.org\/wp-content\/uploads\/2025\/08\/danielaalatorre.jpeg\" \/>\n\t<meta property=\"og:image:width\" content=\"1600\" \/>\n\t<meta property=\"og:image:height\" content=\"1200\" \/>\n\t<meta property=\"og:image:type\" content=\"image\/jpeg\" \/>\n<meta name=\"twitter:card\" content=\"summary_large_image\" \/>\n<meta name=\"twitter:label1\" content=\"Tempo estimado de leitura\" \/>\n\t<meta name=\"twitter:data1\" content=\"1 minuto\" \/>\n<script type=\"application\/ld+json\" class=\"yoast-schema-graph\">{\"@context\":\"https:\\\/\\\/schema.org\",\"@graph\":[{\"@type\":\"WebPage\",\"@id\":\"https:\\\/\\\/www.kolibrifestivaali.org\\\/pt-pt\\\/artist\\\/daniela-alatorre\\\/\",\"url\":\"https:\\\/\\\/www.kolibrifestivaali.org\\\/pt-pt\\\/artist\\\/daniela-alatorre\\\/\",\"name\":\"Daniela Alatorre - Kolibri Festivaali\",\"isPartOf\":{\"@id\":\"https:\\\/\\\/www.kolibrifestivaali.org\\\/pt-pt\\\/#website\"},\"primaryImageOfPage\":{\"@id\":\"https:\\\/\\\/www.kolibrifestivaali.org\\\/pt-pt\\\/artist\\\/daniela-alatorre\\\/#primaryimage\"},\"image\":{\"@id\":\"https:\\\/\\\/www.kolibrifestivaali.org\\\/pt-pt\\\/artist\\\/daniela-alatorre\\\/#primaryimage\"},\"thumbnailUrl\":\"https:\\\/\\\/www.kolibrifestivaali.org\\\/wp-content\\\/uploads\\\/2025\\\/08\\\/danielaalatorre.jpeg\",\"datePublished\":\"2021-08-19T21:00:00+00:00\",\"dateModified\":\"2025-08-12T14:10:37+00:00\",\"breadcrumb\":{\"@id\":\"https:\\\/\\\/www.kolibrifestivaali.org\\\/pt-pt\\\/artist\\\/daniela-alatorre\\\/#breadcrumb\"},\"inLanguage\":\"pt-PT\",\"potentialAction\":[{\"@type\":\"ReadAction\",\"target\":[\"https:\\\/\\\/www.kolibrifestivaali.org\\\/pt-pt\\\/artist\\\/daniela-alatorre\\\/\"]}]},{\"@type\":\"ImageObject\",\"inLanguage\":\"pt-PT\",\"@id\":\"https:\\\/\\\/www.kolibrifestivaali.org\\\/pt-pt\\\/artist\\\/daniela-alatorre\\\/#primaryimage\",\"url\":\"https:\\\/\\\/www.kolibrifestivaali.org\\\/wp-content\\\/uploads\\\/2025\\\/08\\\/danielaalatorre.jpeg\",\"contentUrl\":\"https:\\\/\\\/www.kolibrifestivaali.org\\\/wp-content\\\/uploads\\\/2025\\\/08\\\/danielaalatorre.jpeg\",\"width\":1600,\"height\":1200},{\"@type\":\"BreadcrumbList\",\"@id\":\"https:\\\/\\\/www.kolibrifestivaali.org\\\/pt-pt\\\/artist\\\/daniela-alatorre\\\/#breadcrumb\",\"itemListElement\":[{\"@type\":\"ListItem\",\"position\":1,\"name\":\"Home\",\"item\":\"https:\\\/\\\/www.kolibrifestivaali.org\\\/pt-pt\\\/\"},{\"@type\":\"ListItem\",\"position\":2,\"name\":\"Daniela Alatorre\"}]},{\"@type\":\"WebSite\",\"@id\":\"https:\\\/\\\/www.kolibrifestivaali.org\\\/pt-pt\\\/#website\",\"url\":\"https:\\\/\\\/www.kolibrifestivaali.org\\\/pt-pt\\\/\",\"name\":\"Kolibri Festivaali\",\"description\":\"Kolibri\u0301 is a unique multicultural, free and open art festival for children and their families.\",\"inLanguage\":\"pt-PT\"}]}<\/script>\n<!-- \/ Yoast SEO plugin. -->","yoast_head_json":{"title":"Daniela Alatorre - Kolibri Festivaali","robots":{"index":"index","follow":"follow","max-snippet":"max-snippet:-1","max-image-preview":"max-image-preview:large","max-video-preview":"max-video-preview:-1"},"canonical":"https:\/\/www.kolibrifestivaali.org\/pt-pt\/artist\/daniela-alatorre\/","og_locale":"pt_PT","og_type":"article","og_title":"Daniela Alatorre - Kolibri Festivaali","og_description":"Daniela Alatorre \u00e9 uma arquiteta mexicana especializada em constru\u00e7\u00f5es em madeira. Formada pela UNAM, sua trajet\u00f3ria profissional se estende pelo [\u2026] Lue lis\u00e4\u00e4 &raquo;","og_url":"https:\/\/www.kolibrifestivaali.org\/pt-pt\/artist\/daniela-alatorre\/","og_site_name":"Kolibri Festivaali","article_modified_time":"2025-08-12T14:10:37+00:00","og_image":[{"width":1600,"height":1200,"url":"https:\/\/www.kolibrifestivaali.org\/wp-content\/uploads\/2025\/08\/danielaalatorre.jpeg","type":"image\/jpeg"}],"twitter_card":"summary_large_image","twitter_misc":{"Tempo estimado de leitura":"1 minuto"},"schema":{"@context":"https:\/\/schema.org","@graph":[{"@type":"WebPage","@id":"https:\/\/www.kolibrifestivaali.org\/pt-pt\/artist\/daniela-alatorre\/","url":"https:\/\/www.kolibrifestivaali.org\/pt-pt\/artist\/daniela-alatorre\/","name":"Daniela Alatorre - Kolibri Festivaali","isPartOf":{"@id":"https:\/\/www.kolibrifestivaali.org\/pt-pt\/#website"},"primaryImageOfPage":{"@id":"https:\/\/www.kolibrifestivaali.org\/pt-pt\/artist\/daniela-alatorre\/#primaryimage"},"image":{"@id":"https:\/\/www.kolibrifestivaali.org\/pt-pt\/artist\/daniela-alatorre\/#primaryimage"},"thumbnailUrl":"https:\/\/www.kolibrifestivaali.org\/wp-content\/uploads\/2025\/08\/danielaalatorre.jpeg","datePublished":"2021-08-19T21:00:00+00:00","dateModified":"2025-08-12T14:10:37+00:00","breadcrumb":{"@id":"https:\/\/www.kolibrifestivaali.org\/pt-pt\/artist\/daniela-alatorre\/#breadcrumb"},"inLanguage":"pt-PT","potentialAction":[{"@type":"ReadAction","target":["https:\/\/www.kolibrifestivaali.org\/pt-pt\/artist\/daniela-alatorre\/"]}]},{"@type":"ImageObject","inLanguage":"pt-PT","@id":"https:\/\/www.kolibrifestivaali.org\/pt-pt\/artist\/daniela-alatorre\/#primaryimage","url":"https:\/\/www.kolibrifestivaali.org\/wp-content\/uploads\/2025\/08\/danielaalatorre.jpeg","contentUrl":"https:\/\/www.kolibrifestivaali.org\/wp-content\/uploads\/2025\/08\/danielaalatorre.jpeg","width":1600,"height":1200},{"@type":"BreadcrumbList","@id":"https:\/\/www.kolibrifestivaali.org\/pt-pt\/artist\/daniela-alatorre\/#breadcrumb","itemListElement":[{"@type":"ListItem","position":1,"name":"Home","item":"https:\/\/www.kolibrifestivaali.org\/pt-pt\/"},{"@type":"ListItem","position":2,"name":"Daniela Alatorre"}]},{"@type":"WebSite","@id":"https:\/\/www.kolibrifestivaali.org\/pt-pt\/#website","url":"https:\/\/www.kolibrifestivaali.org\/pt-pt\/","name":"Kolibri Festivaali","description":"Kolibri\u0301 is a unique multicultural, free and open art festival for children and their families.","inLanguage":"pt-PT"}]}},"_links":{"self":[{"href":"https:\/\/www.kolibrifestivaali.org\/pt-pt\/wp-json\/wp\/v2\/artist\/327606","targetHints":{"allow":["GET"]}}],"collection":[{"href":"https:\/\/www.kolibrifestivaali.org\/pt-pt\/wp-json\/wp\/v2\/artist"}],"about":[{"href":"https:\/\/www.kolibrifestivaali.org\/pt-pt\/wp-json\/wp\/v2\/types\/artist"}],"wp:featuredmedia":[{"embeddable":true,"href":"https:\/\/www.kolibrifestivaali.org\/pt-pt\/wp-json\/wp\/v2\/media\/327499"}],"wp:attachment":[{"href":"https:\/\/www.kolibrifestivaali.org\/pt-pt\/wp-json\/wp\/v2\/media?parent=327606"}],"curies":[{"name":"wp","href":"https:\/\/api.w.org\/{rel}","templated":true}]}}

<p>Daniela Alatorre é uma arquiteta mexicana especializada em construções em madeira. Formada pela UNAM, sua trajetória profissional se estende pelo México, Brasil e Finlândia, onde Laura pode ampliar sua experiência na área de arquitetura em madeira através do Programa de Construção em Madeira da Universidade de Aalto. Participou de vários projetos experimentais, trabalhando com design, fabricação, construção e montagem. Atualmente, Daniela atua como professora no Programa de Construção em Madeira da Aalto, e em suas aulas destaca a importância do aprendizado prático, da inovação e da experimentação, aprofundando o seu entendimento da madeira como material de construção.</p>

<!-- This site is optimized with the Yoast SEO plugin v27.4 - https://yoast.com/product/yoast-seo-wordpress/ -->
<title>Daniela Alatorre - Kolibri Festivaali</title>
<meta name="robots" content="index, follow, max-snippet:-1, max-image-preview:large, max-video-preview:-1" />
<link rel="canonical" href="https://www.kolibrifestivaali.org/pt-pt/artist/daniela-alatorre/" />
<meta property="og:locale" content="pt_PT" />
<meta property="og:type" content="article" />
<meta property="og:title" content="Daniela Alatorre - Kolibri Festivaali" />
<meta property="og:description" content="Daniela Alatorre é uma arquiteta mexicana especializada em construções em madeira. Formada pela UNAM, sua trajetória profissional se estende pelo […] Lue lisää &raquo;" />
<meta property="og:url" content="https://www.kolibrifestivaali.org/pt-pt/artist/daniela-alatorre/" />
<meta property="og:site_name" content="Kolibri Festivaali" />
<meta property="article:modified_time" content="2025-08-12T14:10:37+00:00" />
<meta property="og:image" content="https://www.kolibrifestivaali.org/wp-content/uploads/2025/08/danielaalatorre.jpeg" />
	<meta property="og:image:width" content="1600" />
	<meta property="og:image:height" content="1200" />
	<meta property="og:image:type" content="image/jpeg" />
<meta name="twitter:card" content="summary_large_image" />
<meta name="twitter:label1" content="Tempo estimado de leitura" />
	<meta name="twitter:data1" content="1 minuto" />
<script type="application/ld+json" class="yoast-schema-graph">{"@context":"https:\/\/schema.org","@graph":[{"@type":"WebPage","@id":"https:\/\/www.kolibrifestivaali.org\/pt-pt\/artist\/daniela-alatorre\/","url":"https:\/\/www.kolibrifestivaali.org\/pt-pt\/artist\/daniela-alatorre\/","name":"Daniela Alatorre - Kolibri Festivaali","isPartOf":{"@id":"https:\/\/www.kolibrifestivaali.org\/pt-pt\/#website"},"primaryImageOfPage":{"@id":"https:\/\/www.kolibrifestivaali.org\/pt-pt\/artist\/daniela-alatorre\/#primaryimage"},"image":{"@id":"https:\/\/www.kolibrifestivaali.org\/pt-pt\/artist\/daniela-alatorre\/#primaryimage"},"thumbnailUrl":"https:\/\/www.kolibrifestivaali.org\/wp-content\/uploads\/2025\/08\/danielaalatorre.jpeg","datePublished":"2021-08-19T21:00:00+00:00","dateModified":"2025-08-12T14:10:37+00:00","breadcrumb":{"@id":"https:\/\/www.kolibrifestivaali.org\/pt-pt\/artist\/daniela-alatorre\/#breadcrumb"},"inLanguage":"pt-PT","potentialAction":[{"@type":"ReadAction","target":["https:\/\/www.kolibrifestivaali.org\/pt-pt\/artist\/daniela-alatorre\/"]}]},{"@type":"ImageObject","inLanguage":"pt-PT","@id":"https:\/\/www.kolibrifestivaali.org\/pt-pt\/artist\/daniela-alatorre\/#primaryimage","url":"https:\/\/www.kolibrifestivaali.org\/wp-content\/uploads\/2025\/08\/danielaalatorre.jpeg","contentUrl":"https:\/\/www.kolibrifestivaali.org\/wp-content\/uploads\/2025\/08\/danielaalatorre.jpeg","width":1600,"height":1200},{"@type":"BreadcrumbList","@id":"https:\/\/www.kolibrifestivaali.org\/pt-pt\/artist\/daniela-alatorre\/#breadcrumb","itemListElement":[{"@type":"ListItem","position":1,"name":"Home","item":"https:\/\/www.kolibrifestivaali.org\/pt-pt\/"},{"@type":"ListItem","position":2,"name":"Daniela Alatorre"}]},{"@type":"WebSite","@id":"https:\/\/www.kolibrifestivaali.org\/pt-pt\/#website","url":"https:\/\/www.kolibrifestivaali.org\/pt-pt\/","name":"Kolibri Festivaali","description":"Kolibrí is a unique multicultural, free and open art festival for children and their families.","inLanguage":"pt-PT"}]}</script>
<!-- / Yoast SEO plugin. -->

Daniela Alatorre é uma arquiteta mexicana especializada em construções em madeira. Formada pela UNAM, sua trajetória profissional se estende pelo […] Lue lisää &raquo;
