{"id":328086,"date":"2021-08-20T00:00:00","date_gmt":"2021-08-19T21:00:00","guid":{"rendered":"https:\/\/www.kolibrifestivaali.org\/event\/puetaanko-hanelle-viikset\/"},"modified":"2025-08-15T12:31:59","modified_gmt":"2025-08-15T09:31:59","slug":"puetaanko-hanelle-viikset","status":"publish","type":"event","link":"https:\/\/www.kolibrifestivaali.org\/fi\/event\/puetaanko-hanelle-viikset\/","title":{"rendered":"Puetaanko h\u00e4nelle viikset?"},"content":{"rendered":"<p>Laitetaanko viikset t\u00e4lle ukkelille? Kaksi kaunista rusettia \u2013 ja k\u00e4deth\u00e4n meill\u00e4 jo on!<br \/>\nTervetuloa mukaan t\u00e4h\u00e4n laululliseen ja osallistavaan satutuokioon espanjalaisen Mar Benegasin kanssa, joka on Kolibr\u00ed 2025:n kutsuvieras. H\u00e4n esitt\u00e4\u00e4 laulaen kirjansa &#8221;\u00bfLe pondremos un bigote?&#8221; (La Cereza -sarja, kustantaja Combel). <\/p>\n<p>Kuvituksia, musiikkia, leikkej\u00e4 ja hauskoja riimej\u00e4, jotka her\u00e4tt\u00e4v\u00e4t pieniss\u00e4 innon kirjoihin ja tukevat kielen kehityst\u00e4. My\u00f6s aikuisille on luvassa iloa ja naurua!    <\/p>\n<p><a href=\"https:\/\/www.cultura.gob.es\/cultura\/libro-bibliotecas.html\" target=\"_blank\"  rel=\"noopener\">Espanjan kulttuuri- ja urheiluministeri\u00f6n kirja-, sarjakuva- ja lukuviraston<\/a> ansiosta Mar Benegas osallistuu Kolibri Festivaaliin.<\/p>\n<p>\u00a0<\/p>\n","protected":false},"featured_media":0,"template":"","activity_categories":[492],"ages":[1077,1071],"languages":[37],"class_list":["post-328086","event","type-event","status-publish","hentry","activity_categories-vuoden-kutsuvieras","ages-1-vuotias","ages-2-vuotta","languages-b-es-fi"],"acf":[],"yoast_head":"<!-- This site is optimized with the Yoast SEO plugin v27.4 - https:\/\/yoast.com\/product\/yoast-seo-wordpress\/ -->\n<title>Puetaanko h\u00e4nelle viikset? - Kolibri Festivaali<\/title>\n<meta name=\"robots\" content=\"index, follow, max-snippet:-1, max-image-preview:large, max-video-preview:-1\" \/>\n<link rel=\"canonical\" href=\"https:\/\/www.kolibrifestivaali.org\/fi\/event\/puetaanko-hanelle-viikset\/\" \/>\n<meta property=\"og:locale\" content=\"fi_FI\" \/>\n<meta property=\"og:type\" content=\"article\" \/>\n<meta property=\"og:title\" content=\"Puetaanko h\u00e4nelle viikset? - Kolibri Festivaali\" \/>\n<meta property=\"og:description\" content=\"Laitetaanko viikset t\u00e4lle ukkelille? Kaksi kaunista rusettia \u2013 ja k\u00e4deth\u00e4n meill\u00e4 jo on! Tervetuloa mukaan t\u00e4h\u00e4n laululliseen ja osallistavaan satutuokioon [\u2026] Lue lis\u00e4\u00e4 &raquo;\" \/>\n<meta property=\"og:url\" content=\"https:\/\/www.kolibrifestivaali.org\/fi\/event\/puetaanko-hanelle-viikset\/\" \/>\n<meta property=\"og:site_name\" content=\"Kolibri Festivaali\" \/>\n<meta property=\"article:modified_time\" content=\"2025-08-15T09:31:59+00:00\" \/>\n<meta name=\"twitter:card\" content=\"summary_large_image\" \/>\n<script type=\"application\/ld+json\" class=\"yoast-schema-graph\">{\"@context\":\"https:\\\/\\\/schema.org\",\"@graph\":[{\"@type\":\"WebPage\",\"@id\":\"https:\\\/\\\/www.kolibrifestivaali.org\\\/fi\\\/event\\\/puetaanko-hanelle-viikset\\\/\",\"url\":\"https:\\\/\\\/www.kolibrifestivaali.org\\\/fi\\\/event\\\/puetaanko-hanelle-viikset\\\/\",\"name\":\"Puetaanko h\u00e4nelle viikset? - Kolibri Festivaali\",\"isPartOf\":{\"@id\":\"https:\\\/\\\/www.kolibrifestivaali.org\\\/fi\\\/#website\"},\"datePublished\":\"2021-08-19T21:00:00+00:00\",\"dateModified\":\"2025-08-15T09:31:59+00:00\",\"breadcrumb\":{\"@id\":\"https:\\\/\\\/www.kolibrifestivaali.org\\\/fi\\\/event\\\/puetaanko-hanelle-viikset\\\/#breadcrumb\"},\"inLanguage\":\"fi\",\"potentialAction\":[{\"@type\":\"ReadAction\",\"target\":[\"https:\\\/\\\/www.kolibrifestivaali.org\\\/fi\\\/event\\\/puetaanko-hanelle-viikset\\\/\"]}]},{\"@type\":\"BreadcrumbList\",\"@id\":\"https:\\\/\\\/www.kolibrifestivaali.org\\\/fi\\\/event\\\/puetaanko-hanelle-viikset\\\/#breadcrumb\",\"itemListElement\":[{\"@type\":\"ListItem\",\"position\":1,\"name\":\"Home\",\"item\":\"https:\\\/\\\/www.kolibrifestivaali.org\\\/fi\\\/\"},{\"@type\":\"ListItem\",\"position\":2,\"name\":\"Puetaanko h\u00e4nelle viikset?\"}]},{\"@type\":\"WebSite\",\"@id\":\"https:\\\/\\\/www.kolibrifestivaali.org\\\/fi\\\/#website\",\"url\":\"https:\\\/\\\/www.kolibrifestivaali.org\\\/fi\\\/\",\"name\":\"Kolibri Festivaali\",\"description\":\"Kolibri\u0301 is a unique multicultural, free and open art festival for children and their families.\",\"inLanguage\":\"fi\"}]}<\/script>\n<!-- \/ Yoast SEO plugin. -->","yoast_head_json":{"title":"Puetaanko h\u00e4nelle viikset? - Kolibri Festivaali","robots":{"index":"index","follow":"follow","max-snippet":"max-snippet:-1","max-image-preview":"max-image-preview:large","max-video-preview":"max-video-preview:-1"},"canonical":"https:\/\/www.kolibrifestivaali.org\/fi\/event\/puetaanko-hanelle-viikset\/","og_locale":"fi_FI","og_type":"article","og_title":"Puetaanko h\u00e4nelle viikset? - Kolibri Festivaali","og_description":"Laitetaanko viikset t\u00e4lle ukkelille? Kaksi kaunista rusettia \u2013 ja k\u00e4deth\u00e4n meill\u00e4 jo on! Tervetuloa mukaan t\u00e4h\u00e4n laululliseen ja osallistavaan satutuokioon [\u2026] Lue lis\u00e4\u00e4 &raquo;","og_url":"https:\/\/www.kolibrifestivaali.org\/fi\/event\/puetaanko-hanelle-viikset\/","og_site_name":"Kolibri Festivaali","article_modified_time":"2025-08-15T09:31:59+00:00","twitter_card":"summary_large_image","schema":{"@context":"https:\/\/schema.org","@graph":[{"@type":"WebPage","@id":"https:\/\/www.kolibrifestivaali.org\/fi\/event\/puetaanko-hanelle-viikset\/","url":"https:\/\/www.kolibrifestivaali.org\/fi\/event\/puetaanko-hanelle-viikset\/","name":"Puetaanko h\u00e4nelle viikset? - Kolibri Festivaali","isPartOf":{"@id":"https:\/\/www.kolibrifestivaali.org\/fi\/#website"},"datePublished":"2021-08-19T21:00:00+00:00","dateModified":"2025-08-15T09:31:59+00:00","breadcrumb":{"@id":"https:\/\/www.kolibrifestivaali.org\/fi\/event\/puetaanko-hanelle-viikset\/#breadcrumb"},"inLanguage":"fi","potentialAction":[{"@type":"ReadAction","target":["https:\/\/www.kolibrifestivaali.org\/fi\/event\/puetaanko-hanelle-viikset\/"]}]},{"@type":"BreadcrumbList","@id":"https:\/\/www.kolibrifestivaali.org\/fi\/event\/puetaanko-hanelle-viikset\/#breadcrumb","itemListElement":[{"@type":"ListItem","position":1,"name":"Home","item":"https:\/\/www.kolibrifestivaali.org\/fi\/"},{"@type":"ListItem","position":2,"name":"Puetaanko h\u00e4nelle viikset?"}]},{"@type":"WebSite","@id":"https:\/\/www.kolibrifestivaali.org\/fi\/#website","url":"https:\/\/www.kolibrifestivaali.org\/fi\/","name":"Kolibri Festivaali","description":"Kolibri\u0301 is a unique multicultural, free and open art festival for children and their families.","inLanguage":"fi"}]}},"_links":{"self":[{"href":"https:\/\/www.kolibrifestivaali.org\/fi\/wp-json\/wp\/v2\/event\/328086","targetHints":{"allow":["GET"]}}],"collection":[{"href":"https:\/\/www.kolibrifestivaali.org\/fi\/wp-json\/wp\/v2\/event"}],"about":[{"href":"https:\/\/www.kolibrifestivaali.org\/fi\/wp-json\/wp\/v2\/types\/event"}],"wp:attachment":[{"href":"https:\/\/www.kolibrifestivaali.org\/fi\/wp-json\/wp\/v2\/media?parent=328086"}],"wp:term":[{"taxonomy":"activity_categories","embeddable":true,"href":"https:\/\/www.kolibrifestivaali.org\/fi\/wp-json\/wp\/v2\/activity_categories?post=328086"},{"taxonomy":"ages","embeddable":true,"href":"https:\/\/www.kolibrifestivaali.org\/fi\/wp-json\/wp\/v2\/ages?post=328086"},{"taxonomy":"languages","embeddable":true,"href":"https:\/\/www.kolibrifestivaali.org\/fi\/wp-json\/wp\/v2\/languages?post=328086"}],"curies":[{"name":"wp","href":"https:\/\/api.w.org\/{rel}","templated":true}]}}

Puetaanko hänelle viikset?

<p>Laitetaanko viikset tälle ukkelille? Kaksi kaunista rusettia – ja kädethän meillä jo on!<br />
Tervetuloa mukaan tähän laululliseen ja osallistavaan satutuokioon espanjalaisen Mar Benegasin kanssa, joka on Kolibrí 2025:n kutsuvieras. Hän esittää laulaen kirjansa &#8221;¿Le pondremos un bigote?&#8221; (La Cereza -sarja, kustantaja Combel). </p>
<p>Kuvituksia, musiikkia, leikkejä ja hauskoja riimejä, jotka herättävät pienissä innon kirjoihin ja tukevat kielen kehitystä. Myös aikuisille on luvassa iloa ja naurua!    </p>
<p><a href="https://www.cultura.gob.es/cultura/libro-bibliotecas.html" target="_blank"  rel="noopener">Espanjan kulttuuri- ja urheiluministeriön kirja-, sarjakuva- ja lukuviraston</a> ansiosta Mar Benegas osallistuu Kolibri Festivaaliin.</p>
<p> </p>

<!-- This site is optimized with the Yoast SEO plugin v27.4 - https://yoast.com/product/yoast-seo-wordpress/ -->
<title>Puetaanko hänelle viikset? - Kolibri Festivaali</title>
<meta name="robots" content="index, follow, max-snippet:-1, max-image-preview:large, max-video-preview:-1" />
<link rel="canonical" href="https://www.kolibrifestivaali.org/fi/event/puetaanko-hanelle-viikset/" />
<meta property="og:locale" content="fi_FI" />
<meta property="og:type" content="article" />
<meta property="og:title" content="Puetaanko hänelle viikset? - Kolibri Festivaali" />
<meta property="og:description" content="Laitetaanko viikset tälle ukkelille? Kaksi kaunista rusettia – ja kädethän meillä jo on! Tervetuloa mukaan tähän laululliseen ja osallistavaan satutuokioon […] Lue lisää &raquo;" />
<meta property="og:url" content="https://www.kolibrifestivaali.org/fi/event/puetaanko-hanelle-viikset/" />
<meta property="og:site_name" content="Kolibri Festivaali" />
<meta property="article:modified_time" content="2025-08-15T09:31:59+00:00" />
<meta name="twitter:card" content="summary_large_image" />
<script type="application/ld+json" class="yoast-schema-graph">{"@context":"https:\/\/schema.org","@graph":[{"@type":"WebPage","@id":"https:\/\/www.kolibrifestivaali.org\/fi\/event\/puetaanko-hanelle-viikset\/","url":"https:\/\/www.kolibrifestivaali.org\/fi\/event\/puetaanko-hanelle-viikset\/","name":"Puetaanko hänelle viikset? - Kolibri Festivaali","isPartOf":{"@id":"https:\/\/www.kolibrifestivaali.org\/fi\/#website"},"datePublished":"2021-08-19T21:00:00+00:00","dateModified":"2025-08-15T09:31:59+00:00","breadcrumb":{"@id":"https:\/\/www.kolibrifestivaali.org\/fi\/event\/puetaanko-hanelle-viikset\/#breadcrumb"},"inLanguage":"fi","potentialAction":[{"@type":"ReadAction","target":["https:\/\/www.kolibrifestivaali.org\/fi\/event\/puetaanko-hanelle-viikset\/"]}]},{"@type":"BreadcrumbList","@id":"https:\/\/www.kolibrifestivaali.org\/fi\/event\/puetaanko-hanelle-viikset\/#breadcrumb","itemListElement":[{"@type":"ListItem","position":1,"name":"Home","item":"https:\/\/www.kolibrifestivaali.org\/fi\/"},{"@type":"ListItem","position":2,"name":"Puetaanko hänelle viikset?"}]},{"@type":"WebSite","@id":"https:\/\/www.kolibrifestivaali.org\/fi\/#website","url":"https:\/\/www.kolibrifestivaali.org\/fi\/","name":"Kolibri Festivaali","description":"Kolibrí is a unique multicultural, free and open art festival for children and their families.","inLanguage":"fi"}]}</script>
<!-- / Yoast SEO plugin. -->

Puetaanko hänelle viikset? - Kolibri Festivaali

Laitetaanko viikset tälle ukkelille? Kaksi kaunista rusettia – ja kädethän meillä jo on! Tervetuloa mukaan tähän laululliseen ja osallistavaan satutuokioon […] Lue lisää &raquo;
