{"id":328083,"date":"2021-08-20T00:00:00","date_gmt":"2021-08-19T21:00:00","guid":{"rendered":"https:\/\/www.kolibrifestivaali.org\/event\/mar-benegas-kirjan-signeeraus-lastenkirjamessuilla\/"},"modified":"2025-08-15T12:31:57","modified_gmt":"2025-08-15T09:31:57","slug":"mar-benegas-kirjan-signeeraus-lastenkirjamessuilla","status":"publish","type":"event","link":"https:\/\/www.kolibrifestivaali.org\/fi\/event\/mar-benegas-kirjan-signeeraus-lastenkirjamessuilla\/","title":{"rendered":"Mar Benegas \u2013 Kirjan signeeraus Lastenkirjamessuilla"},"content":{"rendered":"<p>T\u00e4n\u00e4 vuonna Lastenkirjamessut keskittyv\u00e4t Kolibr\u00ed Festivaalin 2025 kutsuvieraan, Mar Benegasin ty\u00f6h\u00f6n. H\u00e4n on espanjalainen kirjailija, joka on kirjoittanut teokset \u201cDice el sol Dice la luna\u201d ja \u201c\u00bfNicolasa, y tu casa?\u201d. Benegas tulee signeeraamaan kirjojaan messuillamme.  <\/p>\n<p>Lis\u00e4ksi \u2013 ensimm\u00e4ist\u00e4 kertaa Kolibr\u00edssa \u2013 meill\u00e4 on mukana kutsuttu kustantamo! Kirjamessuilla voit ostaa Marin kirjoja <a href=\"https:\/\/www.abuenpaso.com\/\" target=\"_blank\"  rel=\"noopener\">A buen paso<\/a> -kustantamon ansiosta. <\/p>\n<p><a href=\"https:\/\/www.cultura.gob.es\/cultura\/libro-bibliotecas.html\" target=\"_blank\"  rel=\"noopener\">Espanjan kulttuuri- ja urheiluministeri\u00f6n kirja-, sarjakuva- ja lukuviraston<\/a> ansiosta Mar Benegas osallistuu Kolibri Festivaaliin.<\/p>\n<p>\u00a0<\/p>\n","protected":false},"featured_media":0,"template":"","activity_categories":[492],"ages":[1077,1071,912,269,1081],"languages":[37],"class_list":["post-328083","event","type-event","status-publish","hentry","activity_categories-vuoden-kutsuvieras","ages-1-vuotias","ages-2-vuotta","ages-4-vuotta","ages-f-all-ages-fi","ages-vauvat","languages-b-es-fi"],"acf":[],"yoast_head":"<!-- This site is optimized with the Yoast SEO plugin v27.4 - https:\/\/yoast.com\/product\/yoast-seo-wordpress\/ -->\n<title>Mar Benegas \u2013 Kirjan signeeraus Lastenkirjamessuilla - Kolibri Festivaali<\/title>\n<meta name=\"robots\" content=\"index, follow, max-snippet:-1, max-image-preview:large, max-video-preview:-1\" \/>\n<link rel=\"canonical\" href=\"https:\/\/www.kolibrifestivaali.org\/fi\/event\/mar-benegas-kirjan-signeeraus-lastenkirjamessuilla\/\" \/>\n<meta property=\"og:locale\" content=\"fi_FI\" \/>\n<meta property=\"og:type\" content=\"article\" \/>\n<meta property=\"og:title\" content=\"Mar Benegas \u2013 Kirjan signeeraus Lastenkirjamessuilla - Kolibri Festivaali\" \/>\n<meta property=\"og:description\" content=\"T\u00e4n\u00e4 vuonna Lastenkirjamessut keskittyv\u00e4t Kolibr\u00ed Festivaalin 2025 kutsuvieraan, Mar Benegasin ty\u00f6h\u00f6n. H\u00e4n on espanjalainen kirjailija, joka on kirjoittanut teokset \u201cDice [\u2026] Lue lis\u00e4\u00e4 &raquo;\" \/>\n<meta property=\"og:url\" content=\"https:\/\/www.kolibrifestivaali.org\/fi\/event\/mar-benegas-kirjan-signeeraus-lastenkirjamessuilla\/\" \/>\n<meta property=\"og:site_name\" content=\"Kolibri Festivaali\" \/>\n<meta property=\"article:modified_time\" content=\"2025-08-15T09:31:57+00:00\" \/>\n<meta name=\"twitter:card\" content=\"summary_large_image\" \/>\n<script type=\"application\/ld+json\" class=\"yoast-schema-graph\">{\"@context\":\"https:\\\/\\\/schema.org\",\"@graph\":[{\"@type\":\"WebPage\",\"@id\":\"https:\\\/\\\/www.kolibrifestivaali.org\\\/fi\\\/event\\\/mar-benegas-kirjan-signeeraus-lastenkirjamessuilla\\\/\",\"url\":\"https:\\\/\\\/www.kolibrifestivaali.org\\\/fi\\\/event\\\/mar-benegas-kirjan-signeeraus-lastenkirjamessuilla\\\/\",\"name\":\"Mar Benegas \u2013 Kirjan signeeraus Lastenkirjamessuilla - Kolibri Festivaali\",\"isPartOf\":{\"@id\":\"https:\\\/\\\/www.kolibrifestivaali.org\\\/fi\\\/#website\"},\"datePublished\":\"2021-08-19T21:00:00+00:00\",\"dateModified\":\"2025-08-15T09:31:57+00:00\",\"breadcrumb\":{\"@id\":\"https:\\\/\\\/www.kolibrifestivaali.org\\\/fi\\\/event\\\/mar-benegas-kirjan-signeeraus-lastenkirjamessuilla\\\/#breadcrumb\"},\"inLanguage\":\"fi\",\"potentialAction\":[{\"@type\":\"ReadAction\",\"target\":[\"https:\\\/\\\/www.kolibrifestivaali.org\\\/fi\\\/event\\\/mar-benegas-kirjan-signeeraus-lastenkirjamessuilla\\\/\"]}]},{\"@type\":\"BreadcrumbList\",\"@id\":\"https:\\\/\\\/www.kolibrifestivaali.org\\\/fi\\\/event\\\/mar-benegas-kirjan-signeeraus-lastenkirjamessuilla\\\/#breadcrumb\",\"itemListElement\":[{\"@type\":\"ListItem\",\"position\":1,\"name\":\"Home\",\"item\":\"https:\\\/\\\/www.kolibrifestivaali.org\\\/fi\\\/\"},{\"@type\":\"ListItem\",\"position\":2,\"name\":\"Mar Benegas \u2013 Kirjan signeeraus Lastenkirjamessuilla\"}]},{\"@type\":\"WebSite\",\"@id\":\"https:\\\/\\\/www.kolibrifestivaali.org\\\/fi\\\/#website\",\"url\":\"https:\\\/\\\/www.kolibrifestivaali.org\\\/fi\\\/\",\"name\":\"Kolibri Festivaali\",\"description\":\"Kolibri\u0301 is a unique multicultural, free and open art festival for children and their families.\",\"inLanguage\":\"fi\"}]}<\/script>\n<!-- \/ Yoast SEO plugin. -->","yoast_head_json":{"title":"Mar Benegas \u2013 Kirjan signeeraus Lastenkirjamessuilla - Kolibri Festivaali","robots":{"index":"index","follow":"follow","max-snippet":"max-snippet:-1","max-image-preview":"max-image-preview:large","max-video-preview":"max-video-preview:-1"},"canonical":"https:\/\/www.kolibrifestivaali.org\/fi\/event\/mar-benegas-kirjan-signeeraus-lastenkirjamessuilla\/","og_locale":"fi_FI","og_type":"article","og_title":"Mar Benegas \u2013 Kirjan signeeraus Lastenkirjamessuilla - Kolibri Festivaali","og_description":"T\u00e4n\u00e4 vuonna Lastenkirjamessut keskittyv\u00e4t Kolibr\u00ed Festivaalin 2025 kutsuvieraan, Mar Benegasin ty\u00f6h\u00f6n. H\u00e4n on espanjalainen kirjailija, joka on kirjoittanut teokset \u201cDice [\u2026] Lue lis\u00e4\u00e4 &raquo;","og_url":"https:\/\/www.kolibrifestivaali.org\/fi\/event\/mar-benegas-kirjan-signeeraus-lastenkirjamessuilla\/","og_site_name":"Kolibri Festivaali","article_modified_time":"2025-08-15T09:31:57+00:00","twitter_card":"summary_large_image","schema":{"@context":"https:\/\/schema.org","@graph":[{"@type":"WebPage","@id":"https:\/\/www.kolibrifestivaali.org\/fi\/event\/mar-benegas-kirjan-signeeraus-lastenkirjamessuilla\/","url":"https:\/\/www.kolibrifestivaali.org\/fi\/event\/mar-benegas-kirjan-signeeraus-lastenkirjamessuilla\/","name":"Mar Benegas \u2013 Kirjan signeeraus Lastenkirjamessuilla - Kolibri Festivaali","isPartOf":{"@id":"https:\/\/www.kolibrifestivaali.org\/fi\/#website"},"datePublished":"2021-08-19T21:00:00+00:00","dateModified":"2025-08-15T09:31:57+00:00","breadcrumb":{"@id":"https:\/\/www.kolibrifestivaali.org\/fi\/event\/mar-benegas-kirjan-signeeraus-lastenkirjamessuilla\/#breadcrumb"},"inLanguage":"fi","potentialAction":[{"@type":"ReadAction","target":["https:\/\/www.kolibrifestivaali.org\/fi\/event\/mar-benegas-kirjan-signeeraus-lastenkirjamessuilla\/"]}]},{"@type":"BreadcrumbList","@id":"https:\/\/www.kolibrifestivaali.org\/fi\/event\/mar-benegas-kirjan-signeeraus-lastenkirjamessuilla\/#breadcrumb","itemListElement":[{"@type":"ListItem","position":1,"name":"Home","item":"https:\/\/www.kolibrifestivaali.org\/fi\/"},{"@type":"ListItem","position":2,"name":"Mar Benegas \u2013 Kirjan signeeraus Lastenkirjamessuilla"}]},{"@type":"WebSite","@id":"https:\/\/www.kolibrifestivaali.org\/fi\/#website","url":"https:\/\/www.kolibrifestivaali.org\/fi\/","name":"Kolibri Festivaali","description":"Kolibri\u0301 is a unique multicultural, free and open art festival for children and their families.","inLanguage":"fi"}]}},"_links":{"self":[{"href":"https:\/\/www.kolibrifestivaali.org\/fi\/wp-json\/wp\/v2\/event\/328083","targetHints":{"allow":["GET"]}}],"collection":[{"href":"https:\/\/www.kolibrifestivaali.org\/fi\/wp-json\/wp\/v2\/event"}],"about":[{"href":"https:\/\/www.kolibrifestivaali.org\/fi\/wp-json\/wp\/v2\/types\/event"}],"wp:attachment":[{"href":"https:\/\/www.kolibrifestivaali.org\/fi\/wp-json\/wp\/v2\/media?parent=328083"}],"wp:term":[{"taxonomy":"activity_categories","embeddable":true,"href":"https:\/\/www.kolibrifestivaali.org\/fi\/wp-json\/wp\/v2\/activity_categories?post=328083"},{"taxonomy":"ages","embeddable":true,"href":"https:\/\/www.kolibrifestivaali.org\/fi\/wp-json\/wp\/v2\/ages?post=328083"},{"taxonomy":"languages","embeddable":true,"href":"https:\/\/www.kolibrifestivaali.org\/fi\/wp-json\/wp\/v2\/languages?post=328083"}],"curies":[{"name":"wp","href":"https:\/\/api.w.org\/{rel}","templated":true}]}}

<p>Tänä vuonna Lastenkirjamessut keskittyvät Kolibrí Festivaalin 2025 kutsuvieraan, Mar Benegasin työhön. Hän on espanjalainen kirjailija, joka on kirjoittanut teokset “Dice el sol Dice la luna” ja “¿Nicolasa, y tu casa?”. Benegas tulee signeeraamaan kirjojaan messuillamme.  </p>
<p>Lisäksi – ensimmäistä kertaa Kolibríssa – meillä on mukana kutsuttu kustantamo! Kirjamessuilla voit ostaa Marin kirjoja <a href="https://www.abuenpaso.com/" target="_blank"  rel="noopener">A buen paso</a> -kustantamon ansiosta. </p>
<p><a href="https://www.cultura.gob.es/cultura/libro-bibliotecas.html" target="_blank"  rel="noopener">Espanjan kulttuuri- ja urheiluministeriön kirja-, sarjakuva- ja lukuviraston</a> ansiosta Mar Benegas osallistuu Kolibri Festivaaliin.</p>
<p> </p>

<!-- This site is optimized with the Yoast SEO plugin v27.4 - https://yoast.com/product/yoast-seo-wordpress/ -->
<title>Mar Benegas – Kirjan signeeraus Lastenkirjamessuilla - Kolibri Festivaali</title>
<meta name="robots" content="index, follow, max-snippet:-1, max-image-preview:large, max-video-preview:-1" />
<link rel="canonical" href="https://www.kolibrifestivaali.org/fi/event/mar-benegas-kirjan-signeeraus-lastenkirjamessuilla/" />
<meta property="og:locale" content="fi_FI" />
<meta property="og:type" content="article" />
<meta property="og:title" content="Mar Benegas – Kirjan signeeraus Lastenkirjamessuilla - Kolibri Festivaali" />
<meta property="og:description" content="Tänä vuonna Lastenkirjamessut keskittyvät Kolibrí Festivaalin 2025 kutsuvieraan, Mar Benegasin työhön. Hän on espanjalainen kirjailija, joka on kirjoittanut teokset “Dice […] Lue lisää &raquo;" />
<meta property="og:url" content="https://www.kolibrifestivaali.org/fi/event/mar-benegas-kirjan-signeeraus-lastenkirjamessuilla/" />
<meta property="og:site_name" content="Kolibri Festivaali" />
<meta property="article:modified_time" content="2025-08-15T09:31:57+00:00" />
<meta name="twitter:card" content="summary_large_image" />
<script type="application/ld+json" class="yoast-schema-graph">{"@context":"https:\/\/schema.org","@graph":[{"@type":"WebPage","@id":"https:\/\/www.kolibrifestivaali.org\/fi\/event\/mar-benegas-kirjan-signeeraus-lastenkirjamessuilla\/","url":"https:\/\/www.kolibrifestivaali.org\/fi\/event\/mar-benegas-kirjan-signeeraus-lastenkirjamessuilla\/","name":"Mar Benegas – Kirjan signeeraus Lastenkirjamessuilla - Kolibri Festivaali","isPartOf":{"@id":"https:\/\/www.kolibrifestivaali.org\/fi\/#website"},"datePublished":"2021-08-19T21:00:00+00:00","dateModified":"2025-08-15T09:31:57+00:00","breadcrumb":{"@id":"https:\/\/www.kolibrifestivaali.org\/fi\/event\/mar-benegas-kirjan-signeeraus-lastenkirjamessuilla\/#breadcrumb"},"inLanguage":"fi","potentialAction":[{"@type":"ReadAction","target":["https:\/\/www.kolibrifestivaali.org\/fi\/event\/mar-benegas-kirjan-signeeraus-lastenkirjamessuilla\/"]}]},{"@type":"BreadcrumbList","@id":"https:\/\/www.kolibrifestivaali.org\/fi\/event\/mar-benegas-kirjan-signeeraus-lastenkirjamessuilla\/#breadcrumb","itemListElement":[{"@type":"ListItem","position":1,"name":"Home","item":"https:\/\/www.kolibrifestivaali.org\/fi\/"},{"@type":"ListItem","position":2,"name":"Mar Benegas – Kirjan signeeraus Lastenkirjamessuilla"}]},{"@type":"WebSite","@id":"https:\/\/www.kolibrifestivaali.org\/fi\/#website","url":"https:\/\/www.kolibrifestivaali.org\/fi\/","name":"Kolibri Festivaali","description":"Kolibrí is a unique multicultural, free and open art festival for children and their families.","inLanguage":"fi"}]}</script>
<!-- / Yoast SEO plugin. -->

Tänä vuonna Lastenkirjamessut keskittyvät Kolibrí Festivaalin 2025 kutsuvieraan, Mar Benegasin työhön. Hän on espanjalainen kirjailija, joka on kirjoittanut teokset “Dice […] Lue lisää &raquo;
