{"id":328076,"date":"2021-08-20T00:00:00","date_gmt":"2021-08-19T21:00:00","guid":{"rendered":"https:\/\/www.kolibrifestivaali.org\/event\/pienet-jalat-iso-liike-ii\/"},"modified":"2025-08-15T12:31:53","modified_gmt":"2025-08-15T09:31:53","slug":"pienet-jalat-iso-liike-ii","status":"publish","type":"event","link":"https:\/\/www.kolibrifestivaali.org\/fi\/event\/pienet-jalat-iso-liike-ii\/","title":{"rendered":"Pienet jalat, iso liike! II"},"content":{"rendered":"<p>Kolibr\u00ed sukeltaa toista kertaa intialaiseen kulttuuriin t\u00e4ss\u00e4 dynaamisessa ja mukaansatempaavassa ty\u00f6pajassa. T\u00e4m\u00e4 on hauska tilaisuus tutustua perinteisiin intialaisiin rytmeihin pienokaistesi kanssa sek\u00e4 oppia tanssimaan kuin upeat Bollywood-n\u00e4yttelij\u00e4t!  <\/p>\n<p>Tapahtuma tarjoaa my\u00f6s mahdollisuuden tanssia perinteisten pukujen ja asusteiden kanssa!  <\/p>\n<p>Vapauta luovuutesi ja itsevarmuutesi ja uppoudu t\u00e4h\u00e4n ainutlaatuiseen ty\u00f6pajaan, jossa opimme ilmaisemaan kaikenlaisia tunteita kauniin intialaisen tanssin kautta.  <\/p>\n<p> Taiteilijoiden neuvojen mukaisesti suosittelemme osallistujien tanssivan paljain jaloin, ja varmistavan, ett\u00e4 pienet lapset eiv\u00e4t sy\u00f6 tai pid\u00e4 esineit\u00e4 k\u00e4siss\u00e4\u00e4n ty\u00f6pajan aikana.<\/p>\n<p>\u00a0<\/p>\n","protected":false},"featured_media":0,"template":"","activity_categories":[910],"ages":[1071,912],"languages":[36,38,1086,1087],"class_list":["post-328076","event","type-event","status-publish","hentry","activity_categories-tanssityopaja","ages-2-vuotta","ages-4-vuotta","languages-a-en-fi","languages-c-fi-fi","languages-hi-4","languages-kn-4"],"acf":[],"yoast_head":"<!-- This site is optimized with the Yoast SEO plugin v27.4 - https:\/\/yoast.com\/product\/yoast-seo-wordpress\/ -->\n<title>Pienet jalat, iso liike! II - Kolibri Festivaali<\/title>\n<meta name=\"robots\" content=\"index, follow, max-snippet:-1, max-image-preview:large, max-video-preview:-1\" \/>\n<link rel=\"canonical\" href=\"https:\/\/www.kolibrifestivaali.org\/fi\/event\/pienet-jalat-iso-liike-ii\/\" \/>\n<meta property=\"og:locale\" content=\"fi_FI\" \/>\n<meta property=\"og:type\" content=\"article\" \/>\n<meta property=\"og:title\" content=\"Pienet jalat, iso liike! II - Kolibri Festivaali\" \/>\n<meta property=\"og:description\" content=\"Kolibr\u00ed sukeltaa toista kertaa intialaiseen kulttuuriin t\u00e4ss\u00e4 dynaamisessa ja mukaansatempaavassa ty\u00f6pajassa. T\u00e4m\u00e4 on hauska tilaisuus tutustua perinteisiin intialaisiin rytmeihin pienokaistesi [\u2026] Lue lis\u00e4\u00e4 &raquo;\" \/>\n<meta property=\"og:url\" content=\"https:\/\/www.kolibrifestivaali.org\/fi\/event\/pienet-jalat-iso-liike-ii\/\" \/>\n<meta property=\"og:site_name\" content=\"Kolibri Festivaali\" \/>\n<meta property=\"article:modified_time\" content=\"2025-08-15T09:31:53+00:00\" \/>\n<meta name=\"twitter:card\" content=\"summary_large_image\" \/>\n<script type=\"application\/ld+json\" class=\"yoast-schema-graph\">{\"@context\":\"https:\\\/\\\/schema.org\",\"@graph\":[{\"@type\":\"WebPage\",\"@id\":\"https:\\\/\\\/www.kolibrifestivaali.org\\\/fi\\\/event\\\/pienet-jalat-iso-liike-ii\\\/\",\"url\":\"https:\\\/\\\/www.kolibrifestivaali.org\\\/fi\\\/event\\\/pienet-jalat-iso-liike-ii\\\/\",\"name\":\"Pienet jalat, iso liike! II - Kolibri Festivaali\",\"isPartOf\":{\"@id\":\"https:\\\/\\\/www.kolibrifestivaali.org\\\/fi\\\/#website\"},\"datePublished\":\"2021-08-19T21:00:00+00:00\",\"dateModified\":\"2025-08-15T09:31:53+00:00\",\"breadcrumb\":{\"@id\":\"https:\\\/\\\/www.kolibrifestivaali.org\\\/fi\\\/event\\\/pienet-jalat-iso-liike-ii\\\/#breadcrumb\"},\"inLanguage\":\"fi\",\"potentialAction\":[{\"@type\":\"ReadAction\",\"target\":[\"https:\\\/\\\/www.kolibrifestivaali.org\\\/fi\\\/event\\\/pienet-jalat-iso-liike-ii\\\/\"]}]},{\"@type\":\"BreadcrumbList\",\"@id\":\"https:\\\/\\\/www.kolibrifestivaali.org\\\/fi\\\/event\\\/pienet-jalat-iso-liike-ii\\\/#breadcrumb\",\"itemListElement\":[{\"@type\":\"ListItem\",\"position\":1,\"name\":\"Home\",\"item\":\"https:\\\/\\\/www.kolibrifestivaali.org\\\/fi\\\/\"},{\"@type\":\"ListItem\",\"position\":2,\"name\":\"Pienet jalat, iso liike! II\"}]},{\"@type\":\"WebSite\",\"@id\":\"https:\\\/\\\/www.kolibrifestivaali.org\\\/fi\\\/#website\",\"url\":\"https:\\\/\\\/www.kolibrifestivaali.org\\\/fi\\\/\",\"name\":\"Kolibri Festivaali\",\"description\":\"Kolibri\u0301 is a unique multicultural, free and open art festival for children and their families.\",\"inLanguage\":\"fi\"}]}<\/script>\n<!-- \/ Yoast SEO plugin. -->","yoast_head_json":{"title":"Pienet jalat, iso liike! II - Kolibri Festivaali","robots":{"index":"index","follow":"follow","max-snippet":"max-snippet:-1","max-image-preview":"max-image-preview:large","max-video-preview":"max-video-preview:-1"},"canonical":"https:\/\/www.kolibrifestivaali.org\/fi\/event\/pienet-jalat-iso-liike-ii\/","og_locale":"fi_FI","og_type":"article","og_title":"Pienet jalat, iso liike! II - Kolibri Festivaali","og_description":"Kolibr\u00ed sukeltaa toista kertaa intialaiseen kulttuuriin t\u00e4ss\u00e4 dynaamisessa ja mukaansatempaavassa ty\u00f6pajassa. T\u00e4m\u00e4 on hauska tilaisuus tutustua perinteisiin intialaisiin rytmeihin pienokaistesi [\u2026] Lue lis\u00e4\u00e4 &raquo;","og_url":"https:\/\/www.kolibrifestivaali.org\/fi\/event\/pienet-jalat-iso-liike-ii\/","og_site_name":"Kolibri Festivaali","article_modified_time":"2025-08-15T09:31:53+00:00","twitter_card":"summary_large_image","schema":{"@context":"https:\/\/schema.org","@graph":[{"@type":"WebPage","@id":"https:\/\/www.kolibrifestivaali.org\/fi\/event\/pienet-jalat-iso-liike-ii\/","url":"https:\/\/www.kolibrifestivaali.org\/fi\/event\/pienet-jalat-iso-liike-ii\/","name":"Pienet jalat, iso liike! II - Kolibri Festivaali","isPartOf":{"@id":"https:\/\/www.kolibrifestivaali.org\/fi\/#website"},"datePublished":"2021-08-19T21:00:00+00:00","dateModified":"2025-08-15T09:31:53+00:00","breadcrumb":{"@id":"https:\/\/www.kolibrifestivaali.org\/fi\/event\/pienet-jalat-iso-liike-ii\/#breadcrumb"},"inLanguage":"fi","potentialAction":[{"@type":"ReadAction","target":["https:\/\/www.kolibrifestivaali.org\/fi\/event\/pienet-jalat-iso-liike-ii\/"]}]},{"@type":"BreadcrumbList","@id":"https:\/\/www.kolibrifestivaali.org\/fi\/event\/pienet-jalat-iso-liike-ii\/#breadcrumb","itemListElement":[{"@type":"ListItem","position":1,"name":"Home","item":"https:\/\/www.kolibrifestivaali.org\/fi\/"},{"@type":"ListItem","position":2,"name":"Pienet jalat, iso liike! II"}]},{"@type":"WebSite","@id":"https:\/\/www.kolibrifestivaali.org\/fi\/#website","url":"https:\/\/www.kolibrifestivaali.org\/fi\/","name":"Kolibri Festivaali","description":"Kolibri\u0301 is a unique multicultural, free and open art festival for children and their families.","inLanguage":"fi"}]}},"_links":{"self":[{"href":"https:\/\/www.kolibrifestivaali.org\/fi\/wp-json\/wp\/v2\/event\/328076","targetHints":{"allow":["GET"]}}],"collection":[{"href":"https:\/\/www.kolibrifestivaali.org\/fi\/wp-json\/wp\/v2\/event"}],"about":[{"href":"https:\/\/www.kolibrifestivaali.org\/fi\/wp-json\/wp\/v2\/types\/event"}],"wp:attachment":[{"href":"https:\/\/www.kolibrifestivaali.org\/fi\/wp-json\/wp\/v2\/media?parent=328076"}],"wp:term":[{"taxonomy":"activity_categories","embeddable":true,"href":"https:\/\/www.kolibrifestivaali.org\/fi\/wp-json\/wp\/v2\/activity_categories?post=328076"},{"taxonomy":"ages","embeddable":true,"href":"https:\/\/www.kolibrifestivaali.org\/fi\/wp-json\/wp\/v2\/ages?post=328076"},{"taxonomy":"languages","embeddable":true,"href":"https:\/\/www.kolibrifestivaali.org\/fi\/wp-json\/wp\/v2\/languages?post=328076"}],"curies":[{"name":"wp","href":"https:\/\/api.w.org\/{rel}","templated":true}]}}

<p>Kolibrí sukeltaa toista kertaa intialaiseen kulttuuriin tässä dynaamisessa ja mukaansatempaavassa työpajassa. Tämä on hauska tilaisuus tutustua perinteisiin intialaisiin rytmeihin pienokaistesi kanssa sekä oppia tanssimaan kuin upeat Bollywood-näyttelijät!  </p>
<p>Tapahtuma tarjoaa myös mahdollisuuden tanssia perinteisten pukujen ja asusteiden kanssa!  </p>
<p>Vapauta luovuutesi ja itsevarmuutesi ja uppoudu tähän ainutlaatuiseen työpajaan, jossa opimme ilmaisemaan kaikenlaisia tunteita kauniin intialaisen tanssin kautta.  </p>
<p> Taiteilijoiden neuvojen mukaisesti suosittelemme osallistujien tanssivan paljain jaloin, ja varmistavan, että pienet lapset eivät syö tai pidä esineitä käsissään työpajan aikana.</p>
<p> </p>

<!-- This site is optimized with the Yoast SEO plugin v27.4 - https://yoast.com/product/yoast-seo-wordpress/ -->
<title>Pienet jalat, iso liike! II - Kolibri Festivaali</title>
<meta name="robots" content="index, follow, max-snippet:-1, max-image-preview:large, max-video-preview:-1" />
<link rel="canonical" href="https://www.kolibrifestivaali.org/fi/event/pienet-jalat-iso-liike-ii/" />
<meta property="og:locale" content="fi_FI" />
<meta property="og:type" content="article" />
<meta property="og:title" content="Pienet jalat, iso liike! II - Kolibri Festivaali" />
<meta property="og:description" content="Kolibrí sukeltaa toista kertaa intialaiseen kulttuuriin tässä dynaamisessa ja mukaansatempaavassa työpajassa. Tämä on hauska tilaisuus tutustua perinteisiin intialaisiin rytmeihin pienokaistesi […] Lue lisää &raquo;" />
<meta property="og:url" content="https://www.kolibrifestivaali.org/fi/event/pienet-jalat-iso-liike-ii/" />
<meta property="og:site_name" content="Kolibri Festivaali" />
<meta property="article:modified_time" content="2025-08-15T09:31:53+00:00" />
<meta name="twitter:card" content="summary_large_image" />
<script type="application/ld+json" class="yoast-schema-graph">{"@context":"https:\/\/schema.org","@graph":[{"@type":"WebPage","@id":"https:\/\/www.kolibrifestivaali.org\/fi\/event\/pienet-jalat-iso-liike-ii\/","url":"https:\/\/www.kolibrifestivaali.org\/fi\/event\/pienet-jalat-iso-liike-ii\/","name":"Pienet jalat, iso liike! II - Kolibri Festivaali","isPartOf":{"@id":"https:\/\/www.kolibrifestivaali.org\/fi\/#website"},"datePublished":"2021-08-19T21:00:00+00:00","dateModified":"2025-08-15T09:31:53+00:00","breadcrumb":{"@id":"https:\/\/www.kolibrifestivaali.org\/fi\/event\/pienet-jalat-iso-liike-ii\/#breadcrumb"},"inLanguage":"fi","potentialAction":[{"@type":"ReadAction","target":["https:\/\/www.kolibrifestivaali.org\/fi\/event\/pienet-jalat-iso-liike-ii\/"]}]},{"@type":"BreadcrumbList","@id":"https:\/\/www.kolibrifestivaali.org\/fi\/event\/pienet-jalat-iso-liike-ii\/#breadcrumb","itemListElement":[{"@type":"ListItem","position":1,"name":"Home","item":"https:\/\/www.kolibrifestivaali.org\/fi\/"},{"@type":"ListItem","position":2,"name":"Pienet jalat, iso liike! II"}]},{"@type":"WebSite","@id":"https:\/\/www.kolibrifestivaali.org\/fi\/#website","url":"https:\/\/www.kolibrifestivaali.org\/fi\/","name":"Kolibri Festivaali","description":"Kolibrí is a unique multicultural, free and open art festival for children and their families.","inLanguage":"fi"}]}</script>
<!-- / Yoast SEO plugin. -->

Kolibrí sukeltaa toista kertaa intialaiseen kulttuuriin tässä dynaamisessa ja mukaansatempaavassa työpajassa. Tämä on hauska tilaisuus tutustua perinteisiin intialaisiin rytmeihin pienokaistesi […] Lue lisää &raquo;
