{"id":328072,"date":"2021-08-20T00:00:00","date_gmt":"2021-08-19T21:00:00","guid":{"rendered":"https:\/\/www.kolibrifestivaali.org\/event\/lenna-lenna-kolibri-fandango-juhla\/"},"modified":"2025-08-15T12:31:51","modified_gmt":"2025-08-15T09:31:51","slug":"lenna-lenna-kolibri-fandango-juhla","status":"publish","type":"event","link":"https:\/\/www.kolibrifestivaali.org\/fi\/event\/lenna-lenna-kolibri-fandango-juhla\/","title":{"rendered":"Lenn\u00e4, lenn\u00e4 Kolibr\u00ed! Fandango juhla"},"content":{"rendered":"<p>Jaranas del Norte palaa juhlimaan Kolibr\u00edn syntym\u00e4p\u00e4iv\u00e4\u00e4 hauskimmalla mahdollisella tavalla: fandangolla! Tervetuloa t\u00e4h\u00e4n juhlaan, jossa juhlimme fandango jarochon tyyliin kahvin ja leiv\u00e4n rytmiss\u00e4! <\/p>\n<p>\u2018Lenn\u00e4, lenn\u00e4 Kolibr\u00ed! Fandango-juhla\u2019 vie meid\u00e4t Meksikon Veracruzin maaseudulle, miss\u00e4 nautimme son jarochon perinteisest\u00e4 musiikkityylist\u00e4, eri soittimista, rytmeist\u00e4 ja melodioista. <\/p>\n<p>Interaktiivinen ja visuaalinen konsertti, johon sis\u00e4ltyy kuvitusta, perinteist\u00e4 tanssia ja mik\u00e4 t\u00e4rkeint\u00e4, yleis\u00f6n osallistumista! Emme voi j\u00e4rjest\u00e4\u00e4 fandangoa ilman sinua. <\/p>\n<p>Tanssi, laula ja soita ly\u00f6m\u00e4soittimia t\u00e4ss\u00e4 juhlassa, jossa son jarocho yhdist\u00e4\u00e4 meid\u00e4t juhlimaan yhteis\u00f6llisyyden, osallisuuden ja Suomen monikulttuurisuuden arvoja. <\/p>\n<p>  Ohjelmisto on espanjaksi ja englanniksi. Vuorovaikutus yleis\u00f6n kanssa englanniksi, espanjaksi, suomeksi ja ruotsiksi.<\/p>\n<p>\u00a0<\/p>\n","protected":false},"featured_media":0,"template":"","activity_categories":[202],"ages":[1077,1071,912,269,1081],"languages":[36,37,38,42],"class_list":["post-328072","event","type-event","status-publish","hentry","activity_categories-konsertti","ages-1-vuotias","ages-2-vuotta","ages-4-vuotta","ages-f-all-ages-fi","ages-vauvat","languages-a-en-fi","languages-b-es-fi","languages-c-fi-fi","languages-e-sv-fi"],"acf":[],"yoast_head":"<!-- This site is optimized with the Yoast SEO plugin v27.4 - https:\/\/yoast.com\/product\/yoast-seo-wordpress\/ -->\n<title>Lenn\u00e4, lenn\u00e4 Kolibr\u00ed! Fandango juhla - Kolibri Festivaali<\/title>\n<meta name=\"robots\" content=\"index, follow, max-snippet:-1, max-image-preview:large, max-video-preview:-1\" \/>\n<link rel=\"canonical\" href=\"https:\/\/www.kolibrifestivaali.org\/fi\/event\/lenna-lenna-kolibri-fandango-juhla\/\" \/>\n<meta property=\"og:locale\" content=\"fi_FI\" \/>\n<meta property=\"og:type\" content=\"article\" \/>\n<meta property=\"og:title\" content=\"Lenn\u00e4, lenn\u00e4 Kolibr\u00ed! Fandango juhla - Kolibri Festivaali\" \/>\n<meta property=\"og:description\" content=\"Jaranas del Norte palaa juhlimaan Kolibr\u00edn syntym\u00e4p\u00e4iv\u00e4\u00e4 hauskimmalla mahdollisella tavalla: fandangolla! Tervetuloa t\u00e4h\u00e4n juhlaan, jossa juhlimme fandango jarochon tyyliin kahvin [\u2026] Lue lis\u00e4\u00e4 &raquo;\" \/>\n<meta property=\"og:url\" content=\"https:\/\/www.kolibrifestivaali.org\/fi\/event\/lenna-lenna-kolibri-fandango-juhla\/\" \/>\n<meta property=\"og:site_name\" content=\"Kolibri Festivaali\" \/>\n<meta property=\"article:modified_time\" content=\"2025-08-15T09:31:51+00:00\" \/>\n<meta name=\"twitter:card\" content=\"summary_large_image\" \/>\n<meta name=\"twitter:label1\" content=\"Arvioitu lukuaika\" \/>\n\t<meta name=\"twitter:data1\" content=\"1 minuutti\" \/>\n<script type=\"application\/ld+json\" class=\"yoast-schema-graph\">{\"@context\":\"https:\\\/\\\/schema.org\",\"@graph\":[{\"@type\":\"WebPage\",\"@id\":\"https:\\\/\\\/www.kolibrifestivaali.org\\\/fi\\\/event\\\/lenna-lenna-kolibri-fandango-juhla\\\/\",\"url\":\"https:\\\/\\\/www.kolibrifestivaali.org\\\/fi\\\/event\\\/lenna-lenna-kolibri-fandango-juhla\\\/\",\"name\":\"Lenn\u00e4, lenn\u00e4 Kolibr\u00ed! Fandango juhla - Kolibri Festivaali\",\"isPartOf\":{\"@id\":\"https:\\\/\\\/www.kolibrifestivaali.org\\\/fi\\\/#website\"},\"datePublished\":\"2021-08-19T21:00:00+00:00\",\"dateModified\":\"2025-08-15T09:31:51+00:00\",\"breadcrumb\":{\"@id\":\"https:\\\/\\\/www.kolibrifestivaali.org\\\/fi\\\/event\\\/lenna-lenna-kolibri-fandango-juhla\\\/#breadcrumb\"},\"inLanguage\":\"fi\",\"potentialAction\":[{\"@type\":\"ReadAction\",\"target\":[\"https:\\\/\\\/www.kolibrifestivaali.org\\\/fi\\\/event\\\/lenna-lenna-kolibri-fandango-juhla\\\/\"]}]},{\"@type\":\"BreadcrumbList\",\"@id\":\"https:\\\/\\\/www.kolibrifestivaali.org\\\/fi\\\/event\\\/lenna-lenna-kolibri-fandango-juhla\\\/#breadcrumb\",\"itemListElement\":[{\"@type\":\"ListItem\",\"position\":1,\"name\":\"Home\",\"item\":\"https:\\\/\\\/www.kolibrifestivaali.org\\\/fi\\\/\"},{\"@type\":\"ListItem\",\"position\":2,\"name\":\"Lenn\u00e4, lenn\u00e4 Kolibr\u00ed! Fandango juhla\"}]},{\"@type\":\"WebSite\",\"@id\":\"https:\\\/\\\/www.kolibrifestivaali.org\\\/fi\\\/#website\",\"url\":\"https:\\\/\\\/www.kolibrifestivaali.org\\\/fi\\\/\",\"name\":\"Kolibri Festivaali\",\"description\":\"Kolibri\u0301 is a unique multicultural, free and open art festival for children and their families.\",\"inLanguage\":\"fi\"}]}<\/script>\n<!-- \/ Yoast SEO plugin. -->","yoast_head_json":{"title":"Lenn\u00e4, lenn\u00e4 Kolibr\u00ed! Fandango juhla - Kolibri Festivaali","robots":{"index":"index","follow":"follow","max-snippet":"max-snippet:-1","max-image-preview":"max-image-preview:large","max-video-preview":"max-video-preview:-1"},"canonical":"https:\/\/www.kolibrifestivaali.org\/fi\/event\/lenna-lenna-kolibri-fandango-juhla\/","og_locale":"fi_FI","og_type":"article","og_title":"Lenn\u00e4, lenn\u00e4 Kolibr\u00ed! Fandango juhla - Kolibri Festivaali","og_description":"Jaranas del Norte palaa juhlimaan Kolibr\u00edn syntym\u00e4p\u00e4iv\u00e4\u00e4 hauskimmalla mahdollisella tavalla: fandangolla! Tervetuloa t\u00e4h\u00e4n juhlaan, jossa juhlimme fandango jarochon tyyliin kahvin [\u2026] Lue lis\u00e4\u00e4 &raquo;","og_url":"https:\/\/www.kolibrifestivaali.org\/fi\/event\/lenna-lenna-kolibri-fandango-juhla\/","og_site_name":"Kolibri Festivaali","article_modified_time":"2025-08-15T09:31:51+00:00","twitter_card":"summary_large_image","twitter_misc":{"Arvioitu lukuaika":"1 minuutti"},"schema":{"@context":"https:\/\/schema.org","@graph":[{"@type":"WebPage","@id":"https:\/\/www.kolibrifestivaali.org\/fi\/event\/lenna-lenna-kolibri-fandango-juhla\/","url":"https:\/\/www.kolibrifestivaali.org\/fi\/event\/lenna-lenna-kolibri-fandango-juhla\/","name":"Lenn\u00e4, lenn\u00e4 Kolibr\u00ed! Fandango juhla - Kolibri Festivaali","isPartOf":{"@id":"https:\/\/www.kolibrifestivaali.org\/fi\/#website"},"datePublished":"2021-08-19T21:00:00+00:00","dateModified":"2025-08-15T09:31:51+00:00","breadcrumb":{"@id":"https:\/\/www.kolibrifestivaali.org\/fi\/event\/lenna-lenna-kolibri-fandango-juhla\/#breadcrumb"},"inLanguage":"fi","potentialAction":[{"@type":"ReadAction","target":["https:\/\/www.kolibrifestivaali.org\/fi\/event\/lenna-lenna-kolibri-fandango-juhla\/"]}]},{"@type":"BreadcrumbList","@id":"https:\/\/www.kolibrifestivaali.org\/fi\/event\/lenna-lenna-kolibri-fandango-juhla\/#breadcrumb","itemListElement":[{"@type":"ListItem","position":1,"name":"Home","item":"https:\/\/www.kolibrifestivaali.org\/fi\/"},{"@type":"ListItem","position":2,"name":"Lenn\u00e4, lenn\u00e4 Kolibr\u00ed! Fandango juhla"}]},{"@type":"WebSite","@id":"https:\/\/www.kolibrifestivaali.org\/fi\/#website","url":"https:\/\/www.kolibrifestivaali.org\/fi\/","name":"Kolibri Festivaali","description":"Kolibri\u0301 is a unique multicultural, free and open art festival for children and their families.","inLanguage":"fi"}]}},"_links":{"self":[{"href":"https:\/\/www.kolibrifestivaali.org\/fi\/wp-json\/wp\/v2\/event\/328072","targetHints":{"allow":["GET"]}}],"collection":[{"href":"https:\/\/www.kolibrifestivaali.org\/fi\/wp-json\/wp\/v2\/event"}],"about":[{"href":"https:\/\/www.kolibrifestivaali.org\/fi\/wp-json\/wp\/v2\/types\/event"}],"wp:attachment":[{"href":"https:\/\/www.kolibrifestivaali.org\/fi\/wp-json\/wp\/v2\/media?parent=328072"}],"wp:term":[{"taxonomy":"activity_categories","embeddable":true,"href":"https:\/\/www.kolibrifestivaali.org\/fi\/wp-json\/wp\/v2\/activity_categories?post=328072"},{"taxonomy":"ages","embeddable":true,"href":"https:\/\/www.kolibrifestivaali.org\/fi\/wp-json\/wp\/v2\/ages?post=328072"},{"taxonomy":"languages","embeddable":true,"href":"https:\/\/www.kolibrifestivaali.org\/fi\/wp-json\/wp\/v2\/languages?post=328072"}],"curies":[{"name":"wp","href":"https:\/\/api.w.org\/{rel}","templated":true}]}}

Lennä, lennä Kolibrí! Fandango juhla

<p>Jaranas del Norte palaa juhlimaan Kolibrín syntymäpäivää hauskimmalla mahdollisella tavalla: fandangolla! Tervetuloa tähän juhlaan, jossa juhlimme fandango jarochon tyyliin kahvin ja leivän rytmissä! </p>
<p>‘Lennä, lennä Kolibrí! Fandango-juhla’ vie meidät Meksikon Veracruzin maaseudulle, missä nautimme son jarochon perinteisestä musiikkityylistä, eri soittimista, rytmeistä ja melodioista. </p>
<p>Interaktiivinen ja visuaalinen konsertti, johon sisältyy kuvitusta, perinteistä tanssia ja mikä tärkeintä, yleisön osallistumista! Emme voi järjestää fandangoa ilman sinua. </p>
<p>Tanssi, laula ja soita lyömäsoittimia tässä juhlassa, jossa son jarocho yhdistää meidät juhlimaan yhteisöllisyyden, osallisuuden ja Suomen monikulttuurisuuden arvoja. </p>
<p>  Ohjelmisto on espanjaksi ja englanniksi. Vuorovaikutus yleisön kanssa englanniksi, espanjaksi, suomeksi ja ruotsiksi.</p>
<p> </p>

<!-- This site is optimized with the Yoast SEO plugin v27.4 - https://yoast.com/product/yoast-seo-wordpress/ -->
<title>Lennä, lennä Kolibrí! Fandango juhla - Kolibri Festivaali</title>
<meta name="robots" content="index, follow, max-snippet:-1, max-image-preview:large, max-video-preview:-1" />
<link rel="canonical" href="https://www.kolibrifestivaali.org/fi/event/lenna-lenna-kolibri-fandango-juhla/" />
<meta property="og:locale" content="fi_FI" />
<meta property="og:type" content="article" />
<meta property="og:title" content="Lennä, lennä Kolibrí! Fandango juhla - Kolibri Festivaali" />
<meta property="og:description" content="Jaranas del Norte palaa juhlimaan Kolibrín syntymäpäivää hauskimmalla mahdollisella tavalla: fandangolla! Tervetuloa tähän juhlaan, jossa juhlimme fandango jarochon tyyliin kahvin […] Lue lisää &raquo;" />
<meta property="og:url" content="https://www.kolibrifestivaali.org/fi/event/lenna-lenna-kolibri-fandango-juhla/" />
<meta property="og:site_name" content="Kolibri Festivaali" />
<meta property="article:modified_time" content="2025-08-15T09:31:51+00:00" />
<meta name="twitter:card" content="summary_large_image" />
<meta name="twitter:label1" content="Arvioitu lukuaika" />
	<meta name="twitter:data1" content="1 minuutti" />
<script type="application/ld+json" class="yoast-schema-graph">{"@context":"https:\/\/schema.org","@graph":[{"@type":"WebPage","@id":"https:\/\/www.kolibrifestivaali.org\/fi\/event\/lenna-lenna-kolibri-fandango-juhla\/","url":"https:\/\/www.kolibrifestivaali.org\/fi\/event\/lenna-lenna-kolibri-fandango-juhla\/","name":"Lennä, lennä Kolibrí! Fandango juhla - Kolibri Festivaali","isPartOf":{"@id":"https:\/\/www.kolibrifestivaali.org\/fi\/#website"},"datePublished":"2021-08-19T21:00:00+00:00","dateModified":"2025-08-15T09:31:51+00:00","breadcrumb":{"@id":"https:\/\/www.kolibrifestivaali.org\/fi\/event\/lenna-lenna-kolibri-fandango-juhla\/#breadcrumb"},"inLanguage":"fi","potentialAction":[{"@type":"ReadAction","target":["https:\/\/www.kolibrifestivaali.org\/fi\/event\/lenna-lenna-kolibri-fandango-juhla\/"]}]},{"@type":"BreadcrumbList","@id":"https:\/\/www.kolibrifestivaali.org\/fi\/event\/lenna-lenna-kolibri-fandango-juhla\/#breadcrumb","itemListElement":[{"@type":"ListItem","position":1,"name":"Home","item":"https:\/\/www.kolibrifestivaali.org\/fi\/"},{"@type":"ListItem","position":2,"name":"Lennä, lennä Kolibrí! Fandango juhla"}]},{"@type":"WebSite","@id":"https:\/\/www.kolibrifestivaali.org\/fi\/#website","url":"https:\/\/www.kolibrifestivaali.org\/fi\/","name":"Kolibri Festivaali","description":"Kolibrí is a unique multicultural, free and open art festival for children and their families.","inLanguage":"fi"}]}</script>
<!-- / Yoast SEO plugin. -->

Lennä, lennä Kolibrí! Fandango juhla - Kolibri Festivaali

Jaranas del Norte palaa juhlimaan Kolibrín syntymäpäivää hauskimmalla mahdollisella tavalla: fandangolla! Tervetuloa tähän juhlaan, jossa juhlimme fandango jarochon tyyliin kahvin […] Lue lisää &raquo;
