{"id":328071,"date":"2021-08-20T00:00:00","date_gmt":"2021-08-19T21:00:00","guid":{"rendered":"https:\/\/www.kolibrifestivaali.org\/event\/tanssivat-toiveet-ii\/"},"modified":"2025-08-15T12:31:50","modified_gmt":"2025-08-15T09:31:50","slug":"tanssivat-toiveet-ii","status":"publish","type":"event","link":"https:\/\/www.kolibrifestivaali.org\/fi\/event\/tanssivat-toiveet-ii\/","title":{"rendered":"Tanssivat toiveet II"},"content":{"rendered":"<p>Vera Lapitskaya saapuu Kolibr\u00edin perheille suunnatulla ty\u00f6pajalla, jossa toiveet her\u00e4\u00e4v\u00e4t eloon liikkeen, leikin ja jaetun luovuuden kautta. T\u00e4m\u00e4 on tila, jossa p\u00e4\u00e4see tutkimaan uusia tapoja olla vuorovaikutuksessa liikkeen ja tanssin avulla, pysyen herkkin\u00e4 muiden tarpeille, ja luoden yhteyksi\u00e4 uusiin yst\u00e4viin. Vera on inklusiivisten tanssity\u00f6pajojen asiantunteva opettaja. H\u00e4n toivottaa kaikki tervetulleiksi taitoihin katsomatta. Anna mielikuvituksesi kuljettaa sinut odottamatonta!<\/p>\n<p>\u00a0<\/p>\n","protected":false},"featured_media":0,"template":"","activity_categories":[910],"ages":[1077,1071],"languages":[36,37,38,441],"class_list":["post-328071","event","type-event","status-publish","hentry","activity_categories-tanssityopaja","ages-1-vuotias","ages-2-vuotta","languages-a-en-fi","languages-b-es-fi","languages-c-fi-fi","languages-ru-fi"],"acf":[],"yoast_head":"<!-- This site is optimized with the Yoast SEO plugin v27.4 - https:\/\/yoast.com\/product\/yoast-seo-wordpress\/ -->\n<title>Tanssivat toiveet II - Kolibri Festivaali<\/title>\n<meta name=\"robots\" content=\"index, follow, max-snippet:-1, max-image-preview:large, max-video-preview:-1\" \/>\n<link rel=\"canonical\" href=\"https:\/\/www.kolibrifestivaali.org\/fi\/event\/tanssivat-toiveet-ii\/\" \/>\n<meta property=\"og:locale\" content=\"fi_FI\" \/>\n<meta property=\"og:type\" content=\"article\" \/>\n<meta property=\"og:title\" content=\"Tanssivat toiveet II - Kolibri Festivaali\" \/>\n<meta property=\"og:description\" content=\"Vera Lapitskaya saapuu Kolibr\u00edin perheille suunnatulla ty\u00f6pajalla, jossa toiveet her\u00e4\u00e4v\u00e4t eloon liikkeen, leikin ja jaetun luovuuden kautta. T\u00e4m\u00e4 on tila, [\u2026] Lue lis\u00e4\u00e4 &raquo;\" \/>\n<meta property=\"og:url\" content=\"https:\/\/www.kolibrifestivaali.org\/fi\/event\/tanssivat-toiveet-ii\/\" \/>\n<meta property=\"og:site_name\" content=\"Kolibri Festivaali\" \/>\n<meta property=\"article:modified_time\" content=\"2025-08-15T09:31:50+00:00\" \/>\n<meta name=\"twitter:card\" content=\"summary_large_image\" \/>\n<script type=\"application\/ld+json\" class=\"yoast-schema-graph\">{\"@context\":\"https:\\\/\\\/schema.org\",\"@graph\":[{\"@type\":\"WebPage\",\"@id\":\"https:\\\/\\\/www.kolibrifestivaali.org\\\/fi\\\/event\\\/tanssivat-toiveet-ii\\\/\",\"url\":\"https:\\\/\\\/www.kolibrifestivaali.org\\\/fi\\\/event\\\/tanssivat-toiveet-ii\\\/\",\"name\":\"Tanssivat toiveet II - Kolibri Festivaali\",\"isPartOf\":{\"@id\":\"https:\\\/\\\/www.kolibrifestivaali.org\\\/fi\\\/#website\"},\"datePublished\":\"2021-08-19T21:00:00+00:00\",\"dateModified\":\"2025-08-15T09:31:50+00:00\",\"breadcrumb\":{\"@id\":\"https:\\\/\\\/www.kolibrifestivaali.org\\\/fi\\\/event\\\/tanssivat-toiveet-ii\\\/#breadcrumb\"},\"inLanguage\":\"fi\",\"potentialAction\":[{\"@type\":\"ReadAction\",\"target\":[\"https:\\\/\\\/www.kolibrifestivaali.org\\\/fi\\\/event\\\/tanssivat-toiveet-ii\\\/\"]}]},{\"@type\":\"BreadcrumbList\",\"@id\":\"https:\\\/\\\/www.kolibrifestivaali.org\\\/fi\\\/event\\\/tanssivat-toiveet-ii\\\/#breadcrumb\",\"itemListElement\":[{\"@type\":\"ListItem\",\"position\":1,\"name\":\"Home\",\"item\":\"https:\\\/\\\/www.kolibrifestivaali.org\\\/fi\\\/\"},{\"@type\":\"ListItem\",\"position\":2,\"name\":\"Tanssivat toiveet II\"}]},{\"@type\":\"WebSite\",\"@id\":\"https:\\\/\\\/www.kolibrifestivaali.org\\\/fi\\\/#website\",\"url\":\"https:\\\/\\\/www.kolibrifestivaali.org\\\/fi\\\/\",\"name\":\"Kolibri Festivaali\",\"description\":\"Kolibri\u0301 is a unique multicultural, free and open art festival for children and their families.\",\"inLanguage\":\"fi\"}]}<\/script>\n<!-- \/ Yoast SEO plugin. -->","yoast_head_json":{"title":"Tanssivat toiveet II - Kolibri Festivaali","robots":{"index":"index","follow":"follow","max-snippet":"max-snippet:-1","max-image-preview":"max-image-preview:large","max-video-preview":"max-video-preview:-1"},"canonical":"https:\/\/www.kolibrifestivaali.org\/fi\/event\/tanssivat-toiveet-ii\/","og_locale":"fi_FI","og_type":"article","og_title":"Tanssivat toiveet II - Kolibri Festivaali","og_description":"Vera Lapitskaya saapuu Kolibr\u00edin perheille suunnatulla ty\u00f6pajalla, jossa toiveet her\u00e4\u00e4v\u00e4t eloon liikkeen, leikin ja jaetun luovuuden kautta. T\u00e4m\u00e4 on tila, [\u2026] Lue lis\u00e4\u00e4 &raquo;","og_url":"https:\/\/www.kolibrifestivaali.org\/fi\/event\/tanssivat-toiveet-ii\/","og_site_name":"Kolibri Festivaali","article_modified_time":"2025-08-15T09:31:50+00:00","twitter_card":"summary_large_image","schema":{"@context":"https:\/\/schema.org","@graph":[{"@type":"WebPage","@id":"https:\/\/www.kolibrifestivaali.org\/fi\/event\/tanssivat-toiveet-ii\/","url":"https:\/\/www.kolibrifestivaali.org\/fi\/event\/tanssivat-toiveet-ii\/","name":"Tanssivat toiveet II - Kolibri Festivaali","isPartOf":{"@id":"https:\/\/www.kolibrifestivaali.org\/fi\/#website"},"datePublished":"2021-08-19T21:00:00+00:00","dateModified":"2025-08-15T09:31:50+00:00","breadcrumb":{"@id":"https:\/\/www.kolibrifestivaali.org\/fi\/event\/tanssivat-toiveet-ii\/#breadcrumb"},"inLanguage":"fi","potentialAction":[{"@type":"ReadAction","target":["https:\/\/www.kolibrifestivaali.org\/fi\/event\/tanssivat-toiveet-ii\/"]}]},{"@type":"BreadcrumbList","@id":"https:\/\/www.kolibrifestivaali.org\/fi\/event\/tanssivat-toiveet-ii\/#breadcrumb","itemListElement":[{"@type":"ListItem","position":1,"name":"Home","item":"https:\/\/www.kolibrifestivaali.org\/fi\/"},{"@type":"ListItem","position":2,"name":"Tanssivat toiveet II"}]},{"@type":"WebSite","@id":"https:\/\/www.kolibrifestivaali.org\/fi\/#website","url":"https:\/\/www.kolibrifestivaali.org\/fi\/","name":"Kolibri Festivaali","description":"Kolibri\u0301 is a unique multicultural, free and open art festival for children and their families.","inLanguage":"fi"}]}},"_links":{"self":[{"href":"https:\/\/www.kolibrifestivaali.org\/fi\/wp-json\/wp\/v2\/event\/328071","targetHints":{"allow":["GET"]}}],"collection":[{"href":"https:\/\/www.kolibrifestivaali.org\/fi\/wp-json\/wp\/v2\/event"}],"about":[{"href":"https:\/\/www.kolibrifestivaali.org\/fi\/wp-json\/wp\/v2\/types\/event"}],"wp:attachment":[{"href":"https:\/\/www.kolibrifestivaali.org\/fi\/wp-json\/wp\/v2\/media?parent=328071"}],"wp:term":[{"taxonomy":"activity_categories","embeddable":true,"href":"https:\/\/www.kolibrifestivaali.org\/fi\/wp-json\/wp\/v2\/activity_categories?post=328071"},{"taxonomy":"ages","embeddable":true,"href":"https:\/\/www.kolibrifestivaali.org\/fi\/wp-json\/wp\/v2\/ages?post=328071"},{"taxonomy":"languages","embeddable":true,"href":"https:\/\/www.kolibrifestivaali.org\/fi\/wp-json\/wp\/v2\/languages?post=328071"}],"curies":[{"name":"wp","href":"https:\/\/api.w.org\/{rel}","templated":true}]}}

<p>Vera Lapitskaya saapuu Kolibríin perheille suunnatulla työpajalla, jossa toiveet heräävät eloon liikkeen, leikin ja jaetun luovuuden kautta. Tämä on tila, jossa pääsee tutkimaan uusia tapoja olla vuorovaikutuksessa liikkeen ja tanssin avulla, pysyen herkkinä muiden tarpeille, ja luoden yhteyksiä uusiin ystäviin. Vera on inklusiivisten tanssityöpajojen asiantunteva opettaja. Hän toivottaa kaikki tervetulleiksi taitoihin katsomatta. Anna mielikuvituksesi kuljettaa sinut odottamatonta!</p>
<p> </p>

<!-- This site is optimized with the Yoast SEO plugin v27.4 - https://yoast.com/product/yoast-seo-wordpress/ -->
<title>Tanssivat toiveet II - Kolibri Festivaali</title>
<meta name="robots" content="index, follow, max-snippet:-1, max-image-preview:large, max-video-preview:-1" />
<link rel="canonical" href="https://www.kolibrifestivaali.org/fi/event/tanssivat-toiveet-ii/" />
<meta property="og:locale" content="fi_FI" />
<meta property="og:type" content="article" />
<meta property="og:title" content="Tanssivat toiveet II - Kolibri Festivaali" />
<meta property="og:description" content="Vera Lapitskaya saapuu Kolibríin perheille suunnatulla työpajalla, jossa toiveet heräävät eloon liikkeen, leikin ja jaetun luovuuden kautta. Tämä on tila, […] Lue lisää &raquo;" />
<meta property="og:url" content="https://www.kolibrifestivaali.org/fi/event/tanssivat-toiveet-ii/" />
<meta property="og:site_name" content="Kolibri Festivaali" />
<meta property="article:modified_time" content="2025-08-15T09:31:50+00:00" />
<meta name="twitter:card" content="summary_large_image" />
<script type="application/ld+json" class="yoast-schema-graph">{"@context":"https:\/\/schema.org","@graph":[{"@type":"WebPage","@id":"https:\/\/www.kolibrifestivaali.org\/fi\/event\/tanssivat-toiveet-ii\/","url":"https:\/\/www.kolibrifestivaali.org\/fi\/event\/tanssivat-toiveet-ii\/","name":"Tanssivat toiveet II - Kolibri Festivaali","isPartOf":{"@id":"https:\/\/www.kolibrifestivaali.org\/fi\/#website"},"datePublished":"2021-08-19T21:00:00+00:00","dateModified":"2025-08-15T09:31:50+00:00","breadcrumb":{"@id":"https:\/\/www.kolibrifestivaali.org\/fi\/event\/tanssivat-toiveet-ii\/#breadcrumb"},"inLanguage":"fi","potentialAction":[{"@type":"ReadAction","target":["https:\/\/www.kolibrifestivaali.org\/fi\/event\/tanssivat-toiveet-ii\/"]}]},{"@type":"BreadcrumbList","@id":"https:\/\/www.kolibrifestivaali.org\/fi\/event\/tanssivat-toiveet-ii\/#breadcrumb","itemListElement":[{"@type":"ListItem","position":1,"name":"Home","item":"https:\/\/www.kolibrifestivaali.org\/fi\/"},{"@type":"ListItem","position":2,"name":"Tanssivat toiveet II"}]},{"@type":"WebSite","@id":"https:\/\/www.kolibrifestivaali.org\/fi\/#website","url":"https:\/\/www.kolibrifestivaali.org\/fi\/","name":"Kolibri Festivaali","description":"Kolibrí is a unique multicultural, free and open art festival for children and their families.","inLanguage":"fi"}]}</script>
<!-- / Yoast SEO plugin. -->

Vera Lapitskaya saapuu Kolibríin perheille suunnatulla työpajalla, jossa toiveet heräävät eloon liikkeen, leikin ja jaetun luovuuden kautta. Tämä on tila, […] Lue lisää &raquo;
