{"id":328060,"date":"2021-08-20T00:00:00","date_gmt":"2021-08-19T21:00:00","guid":{"rendered":"https:\/\/www.kolibrifestivaali.org\/event\/yhteisen-elaman-rytmit\/"},"modified":"2025-08-15T12:31:44","modified_gmt":"2025-08-15T09:31:44","slug":"yhteisen-elaman-rytmit","status":"publish","type":"event","link":"https:\/\/www.kolibrifestivaali.org\/fi\/event\/yhteisen-elaman-rytmit\/","title":{"rendered":"Yhteisen el\u00e4m\u00e4n rytmit"},"content":{"rendered":"<p>Delado Duo, eli Rodrigo Rodr\u00edguez (CL) ja Sanna Karlsson-Sutisna (FI) tuovat perheet yhteen el\u00e4v\u00e4ss\u00e4 yhteis\u00f6ss\u00e4 j\u00e4nnitt\u00e4v\u00e4n tanssi- ja musiikkity\u00f6pajan avulla. L\u00e4hde mukaan t\u00e4lle hauskalle musiikkimatkalle, jolla opit musiikin alkuper\u00e4n, sen liikkeet ja rytmit perulaisen caj\u00f3nin, djemben, dundunin ja panhuilujen avulla.  <\/p>\n<p>P\u00e4\u00e4set tutustumaan siihen, miten latinalaisamerikkalaiset ja afrikkalaiset kulttuurit ovat saapuneet Suomeen, ja luoneet fuusion, joka on ainutlaatuinen ja moninainen, aivan kuten ymp\u00e4r\u00f6iv\u00e4 yhteiskuntammekin. Seikkailu alkaa! <\/p>\n<p>  Ohjelmistossa on suomea, ruotsia, djulaa, espanjaa, ket\u0161uaa ja mapuchea. Ty\u00f6paja pidet\u00e4\u00e4n p\u00e4\u00e4asiassa espanjaksi, suomeksi ja ruotsiksi, mutta muita kieli\u00e4 on saatavilla tarvittaessa.<\/p>\n<p>\u00a0<\/p>\n","protected":false},"featured_media":0,"template":"","activity_categories":[915],"ages":[1071,912],"languages":[36,37,38,42],"class_list":["post-328060","event","type-event","status-publish","hentry","activity_categories-musiikkityopaja","ages-2-vuotta","ages-4-vuotta","languages-a-en-fi","languages-b-es-fi","languages-c-fi-fi","languages-e-sv-fi"],"acf":[],"yoast_head":"<!-- This site is optimized with the Yoast SEO plugin v27.4 - https:\/\/yoast.com\/product\/yoast-seo-wordpress\/ -->\n<title>Yhteisen el\u00e4m\u00e4n rytmit - Kolibri Festivaali<\/title>\n<meta name=\"robots\" content=\"index, follow, max-snippet:-1, max-image-preview:large, max-video-preview:-1\" \/>\n<link rel=\"canonical\" href=\"https:\/\/www.kolibrifestivaali.org\/fi\/event\/yhteisen-elaman-rytmit\/\" \/>\n<meta property=\"og:locale\" content=\"fi_FI\" \/>\n<meta property=\"og:type\" content=\"article\" \/>\n<meta property=\"og:title\" content=\"Yhteisen el\u00e4m\u00e4n rytmit - Kolibri Festivaali\" \/>\n<meta property=\"og:description\" content=\"Delado Duo, eli Rodrigo Rodr\u00edguez (CL) ja Sanna Karlsson-Sutisna (FI) tuovat perheet yhteen el\u00e4v\u00e4ss\u00e4 yhteis\u00f6ss\u00e4 j\u00e4nnitt\u00e4v\u00e4n tanssi- ja musiikkity\u00f6pajan avulla. [\u2026] Lue lis\u00e4\u00e4 &raquo;\" \/>\n<meta property=\"og:url\" content=\"https:\/\/www.kolibrifestivaali.org\/fi\/event\/yhteisen-elaman-rytmit\/\" \/>\n<meta property=\"og:site_name\" content=\"Kolibri Festivaali\" \/>\n<meta property=\"article:modified_time\" content=\"2025-08-15T09:31:44+00:00\" \/>\n<meta name=\"twitter:card\" content=\"summary_large_image\" \/>\n<meta name=\"twitter:label1\" content=\"Arvioitu lukuaika\" \/>\n\t<meta name=\"twitter:data1\" content=\"1 minuutti\" \/>\n<script type=\"application\/ld+json\" class=\"yoast-schema-graph\">{\"@context\":\"https:\\\/\\\/schema.org\",\"@graph\":[{\"@type\":\"WebPage\",\"@id\":\"https:\\\/\\\/www.kolibrifestivaali.org\\\/fi\\\/event\\\/yhteisen-elaman-rytmit\\\/\",\"url\":\"https:\\\/\\\/www.kolibrifestivaali.org\\\/fi\\\/event\\\/yhteisen-elaman-rytmit\\\/\",\"name\":\"Yhteisen el\u00e4m\u00e4n rytmit - Kolibri Festivaali\",\"isPartOf\":{\"@id\":\"https:\\\/\\\/www.kolibrifestivaali.org\\\/fi\\\/#website\"},\"datePublished\":\"2021-08-19T21:00:00+00:00\",\"dateModified\":\"2025-08-15T09:31:44+00:00\",\"breadcrumb\":{\"@id\":\"https:\\\/\\\/www.kolibrifestivaali.org\\\/fi\\\/event\\\/yhteisen-elaman-rytmit\\\/#breadcrumb\"},\"inLanguage\":\"fi\",\"potentialAction\":[{\"@type\":\"ReadAction\",\"target\":[\"https:\\\/\\\/www.kolibrifestivaali.org\\\/fi\\\/event\\\/yhteisen-elaman-rytmit\\\/\"]}]},{\"@type\":\"BreadcrumbList\",\"@id\":\"https:\\\/\\\/www.kolibrifestivaali.org\\\/fi\\\/event\\\/yhteisen-elaman-rytmit\\\/#breadcrumb\",\"itemListElement\":[{\"@type\":\"ListItem\",\"position\":1,\"name\":\"Home\",\"item\":\"https:\\\/\\\/www.kolibrifestivaali.org\\\/fi\\\/\"},{\"@type\":\"ListItem\",\"position\":2,\"name\":\"Yhteisen el\u00e4m\u00e4n rytmit\"}]},{\"@type\":\"WebSite\",\"@id\":\"https:\\\/\\\/www.kolibrifestivaali.org\\\/fi\\\/#website\",\"url\":\"https:\\\/\\\/www.kolibrifestivaali.org\\\/fi\\\/\",\"name\":\"Kolibri Festivaali\",\"description\":\"Kolibri\u0301 is a unique multicultural, free and open art festival for children and their families.\",\"inLanguage\":\"fi\"}]}<\/script>\n<!-- \/ Yoast SEO plugin. -->","yoast_head_json":{"title":"Yhteisen el\u00e4m\u00e4n rytmit - Kolibri Festivaali","robots":{"index":"index","follow":"follow","max-snippet":"max-snippet:-1","max-image-preview":"max-image-preview:large","max-video-preview":"max-video-preview:-1"},"canonical":"https:\/\/www.kolibrifestivaali.org\/fi\/event\/yhteisen-elaman-rytmit\/","og_locale":"fi_FI","og_type":"article","og_title":"Yhteisen el\u00e4m\u00e4n rytmit - Kolibri Festivaali","og_description":"Delado Duo, eli Rodrigo Rodr\u00edguez (CL) ja Sanna Karlsson-Sutisna (FI) tuovat perheet yhteen el\u00e4v\u00e4ss\u00e4 yhteis\u00f6ss\u00e4 j\u00e4nnitt\u00e4v\u00e4n tanssi- ja musiikkity\u00f6pajan avulla. [\u2026] Lue lis\u00e4\u00e4 &raquo;","og_url":"https:\/\/www.kolibrifestivaali.org\/fi\/event\/yhteisen-elaman-rytmit\/","og_site_name":"Kolibri Festivaali","article_modified_time":"2025-08-15T09:31:44+00:00","twitter_card":"summary_large_image","twitter_misc":{"Arvioitu lukuaika":"1 minuutti"},"schema":{"@context":"https:\/\/schema.org","@graph":[{"@type":"WebPage","@id":"https:\/\/www.kolibrifestivaali.org\/fi\/event\/yhteisen-elaman-rytmit\/","url":"https:\/\/www.kolibrifestivaali.org\/fi\/event\/yhteisen-elaman-rytmit\/","name":"Yhteisen el\u00e4m\u00e4n rytmit - Kolibri Festivaali","isPartOf":{"@id":"https:\/\/www.kolibrifestivaali.org\/fi\/#website"},"datePublished":"2021-08-19T21:00:00+00:00","dateModified":"2025-08-15T09:31:44+00:00","breadcrumb":{"@id":"https:\/\/www.kolibrifestivaali.org\/fi\/event\/yhteisen-elaman-rytmit\/#breadcrumb"},"inLanguage":"fi","potentialAction":[{"@type":"ReadAction","target":["https:\/\/www.kolibrifestivaali.org\/fi\/event\/yhteisen-elaman-rytmit\/"]}]},{"@type":"BreadcrumbList","@id":"https:\/\/www.kolibrifestivaali.org\/fi\/event\/yhteisen-elaman-rytmit\/#breadcrumb","itemListElement":[{"@type":"ListItem","position":1,"name":"Home","item":"https:\/\/www.kolibrifestivaali.org\/fi\/"},{"@type":"ListItem","position":2,"name":"Yhteisen el\u00e4m\u00e4n rytmit"}]},{"@type":"WebSite","@id":"https:\/\/www.kolibrifestivaali.org\/fi\/#website","url":"https:\/\/www.kolibrifestivaali.org\/fi\/","name":"Kolibri Festivaali","description":"Kolibri\u0301 is a unique multicultural, free and open art festival for children and their families.","inLanguage":"fi"}]}},"_links":{"self":[{"href":"https:\/\/www.kolibrifestivaali.org\/fi\/wp-json\/wp\/v2\/event\/328060","targetHints":{"allow":["GET"]}}],"collection":[{"href":"https:\/\/www.kolibrifestivaali.org\/fi\/wp-json\/wp\/v2\/event"}],"about":[{"href":"https:\/\/www.kolibrifestivaali.org\/fi\/wp-json\/wp\/v2\/types\/event"}],"wp:attachment":[{"href":"https:\/\/www.kolibrifestivaali.org\/fi\/wp-json\/wp\/v2\/media?parent=328060"}],"wp:term":[{"taxonomy":"activity_categories","embeddable":true,"href":"https:\/\/www.kolibrifestivaali.org\/fi\/wp-json\/wp\/v2\/activity_categories?post=328060"},{"taxonomy":"ages","embeddable":true,"href":"https:\/\/www.kolibrifestivaali.org\/fi\/wp-json\/wp\/v2\/ages?post=328060"},{"taxonomy":"languages","embeddable":true,"href":"https:\/\/www.kolibrifestivaali.org\/fi\/wp-json\/wp\/v2\/languages?post=328060"}],"curies":[{"name":"wp","href":"https:\/\/api.w.org\/{rel}","templated":true}]}}

Yhteisen elämän rytmit

<p>Delado Duo, eli Rodrigo Rodríguez (CL) ja Sanna Karlsson-Sutisna (FI) tuovat perheet yhteen elävässä yhteisössä jännittävän tanssi- ja musiikkityöpajan avulla. Lähde mukaan tälle hauskalle musiikkimatkalle, jolla opit musiikin alkuperän, sen liikkeet ja rytmit perulaisen cajónin, djemben, dundunin ja panhuilujen avulla.  </p>
<p>Pääset tutustumaan siihen, miten latinalaisamerikkalaiset ja afrikkalaiset kulttuurit ovat saapuneet Suomeen, ja luoneet fuusion, joka on ainutlaatuinen ja moninainen, aivan kuten ympäröivä yhteiskuntammekin. Seikkailu alkaa! </p>
<p>  Ohjelmistossa on suomea, ruotsia, djulaa, espanjaa, ketšuaa ja mapuchea. Työpaja pidetään pääasiassa espanjaksi, suomeksi ja ruotsiksi, mutta muita kieliä on saatavilla tarvittaessa.</p>
<p> </p>

<!-- This site is optimized with the Yoast SEO plugin v27.4 - https://yoast.com/product/yoast-seo-wordpress/ -->
<title>Yhteisen elämän rytmit - Kolibri Festivaali</title>
<meta name="robots" content="index, follow, max-snippet:-1, max-image-preview:large, max-video-preview:-1" />
<link rel="canonical" href="https://www.kolibrifestivaali.org/fi/event/yhteisen-elaman-rytmit/" />
<meta property="og:locale" content="fi_FI" />
<meta property="og:type" content="article" />
<meta property="og:title" content="Yhteisen elämän rytmit - Kolibri Festivaali" />
<meta property="og:description" content="Delado Duo, eli Rodrigo Rodríguez (CL) ja Sanna Karlsson-Sutisna (FI) tuovat perheet yhteen elävässä yhteisössä jännittävän tanssi- ja musiikkityöpajan avulla. […] Lue lisää &raquo;" />
<meta property="og:url" content="https://www.kolibrifestivaali.org/fi/event/yhteisen-elaman-rytmit/" />
<meta property="og:site_name" content="Kolibri Festivaali" />
<meta property="article:modified_time" content="2025-08-15T09:31:44+00:00" />
<meta name="twitter:card" content="summary_large_image" />
<meta name="twitter:label1" content="Arvioitu lukuaika" />
	<meta name="twitter:data1" content="1 minuutti" />
<script type="application/ld+json" class="yoast-schema-graph">{"@context":"https:\/\/schema.org","@graph":[{"@type":"WebPage","@id":"https:\/\/www.kolibrifestivaali.org\/fi\/event\/yhteisen-elaman-rytmit\/","url":"https:\/\/www.kolibrifestivaali.org\/fi\/event\/yhteisen-elaman-rytmit\/","name":"Yhteisen elämän rytmit - Kolibri Festivaali","isPartOf":{"@id":"https:\/\/www.kolibrifestivaali.org\/fi\/#website"},"datePublished":"2021-08-19T21:00:00+00:00","dateModified":"2025-08-15T09:31:44+00:00","breadcrumb":{"@id":"https:\/\/www.kolibrifestivaali.org\/fi\/event\/yhteisen-elaman-rytmit\/#breadcrumb"},"inLanguage":"fi","potentialAction":[{"@type":"ReadAction","target":["https:\/\/www.kolibrifestivaali.org\/fi\/event\/yhteisen-elaman-rytmit\/"]}]},{"@type":"BreadcrumbList","@id":"https:\/\/www.kolibrifestivaali.org\/fi\/event\/yhteisen-elaman-rytmit\/#breadcrumb","itemListElement":[{"@type":"ListItem","position":1,"name":"Home","item":"https:\/\/www.kolibrifestivaali.org\/fi\/"},{"@type":"ListItem","position":2,"name":"Yhteisen elämän rytmit"}]},{"@type":"WebSite","@id":"https:\/\/www.kolibrifestivaali.org\/fi\/#website","url":"https:\/\/www.kolibrifestivaali.org\/fi\/","name":"Kolibri Festivaali","description":"Kolibrí is a unique multicultural, free and open art festival for children and their families.","inLanguage":"fi"}]}</script>
<!-- / Yoast SEO plugin. -->

Yhteisen elämän rytmit - Kolibri Festivaali

Delado Duo, eli Rodrigo Rodríguez (CL) ja Sanna Karlsson-Sutisna (FI) tuovat perheet yhteen elävässä yhteisössä jännittävän tanssi- ja musiikkityöpajan avulla. […] Lue lisää &raquo;
