{"id":328059,"date":"2021-08-20T00:00:00","date_gmt":"2021-08-19T21:00:00","guid":{"rendered":"https:\/\/www.kolibrifestivaali.org\/event\/tarinankerrontaa-portugaliksi-2\/"},"modified":"2025-08-15T12:31:43","modified_gmt":"2025-08-15T09:31:43","slug":"tarinankerrontaa-portugaliksi","status":"publish","type":"event","link":"https:\/\/www.kolibrifestivaali.org\/fi\/event\/tarinankerrontaa-portugaliksi\/","title":{"rendered":"Tarinankerrontaa portugaliksi"},"content":{"rendered":"<p>Lukumaratoni portugaliksi! Kirjailijat, hahmot ja tarinat kertovat meille portugalinkielisen lapsuuden monimuotoisuudesta. <\/p>\n<p>Luemme, laulamme, leikimme ja jaamme kokemuksia portugaliksi. Tapahtuma, jota ei kannata j\u00e4tt\u00e4\u00e4 v\u00e4liin! <\/p>\n<p>T\u00e4m\u00e4 toiminta on mahdollistunut <a href=\"https:\/\/www.appfinlandia.com\/\" target=\"_blank\"  rel=\"noopener\">APPF:n &#8211; Suomen portugalinopettajien yhdistyksen<\/a> ja  <a href=\"https:\/\/www.gov.br\/mre\/pt-br\/embaixada-helsinque\" target=\"_blank\"  rel=\"noopener\">Brasilian Suomen-suurl\u00e4hetyst\u00f6n<\/a> tuella.<\/p>\n<p>\u00a0<\/p>\n","protected":false},"featured_media":0,"template":"","activity_categories":[921],"ages":[1077,1081],"languages":[41],"class_list":["post-328059","event","type-event","status-publish","hentry","activity_categories-tarinankerronta","ages-1-vuotias","ages-vauvat","languages-d-pt-fi"],"acf":[],"yoast_head":"<!-- This site is optimized with the Yoast SEO plugin v27.4 - https:\/\/yoast.com\/product\/yoast-seo-wordpress\/ -->\n<title>Tarinankerrontaa portugaliksi - Kolibri Festivaali<\/title>\n<meta name=\"robots\" content=\"index, follow, max-snippet:-1, max-image-preview:large, max-video-preview:-1\" \/>\n<link rel=\"canonical\" href=\"https:\/\/www.kolibrifestivaali.org\/fi\/event\/tarinankerrontaa-portugaliksi\/\" \/>\n<meta property=\"og:locale\" content=\"fi_FI\" \/>\n<meta property=\"og:type\" content=\"article\" \/>\n<meta property=\"og:title\" content=\"Tarinankerrontaa portugaliksi - Kolibri Festivaali\" \/>\n<meta property=\"og:description\" content=\"Lukumaratoni portugaliksi! Kirjailijat, hahmot ja tarinat kertovat meille portugalinkielisen lapsuuden monimuotoisuudesta. Luemme, laulamme, leikimme ja jaamme kokemuksia portugaliksi. Tapahtuma, jota [\u2026] Lue lis\u00e4\u00e4 &raquo;\" \/>\n<meta property=\"og:url\" content=\"https:\/\/www.kolibrifestivaali.org\/fi\/event\/tarinankerrontaa-portugaliksi\/\" \/>\n<meta property=\"og:site_name\" content=\"Kolibri Festivaali\" \/>\n<meta property=\"article:modified_time\" content=\"2025-08-15T09:31:43+00:00\" \/>\n<meta name=\"twitter:card\" content=\"summary_large_image\" \/>\n<script type=\"application\/ld+json\" class=\"yoast-schema-graph\">{\"@context\":\"https:\\\/\\\/schema.org\",\"@graph\":[{\"@type\":\"WebPage\",\"@id\":\"https:\\\/\\\/www.kolibrifestivaali.org\\\/fi\\\/event\\\/tarinankerrontaa-portugaliksi\\\/\",\"url\":\"https:\\\/\\\/www.kolibrifestivaali.org\\\/fi\\\/event\\\/tarinankerrontaa-portugaliksi\\\/\",\"name\":\"Tarinankerrontaa portugaliksi - Kolibri Festivaali\",\"isPartOf\":{\"@id\":\"https:\\\/\\\/www.kolibrifestivaali.org\\\/fi\\\/#website\"},\"datePublished\":\"2021-08-19T21:00:00+00:00\",\"dateModified\":\"2025-08-15T09:31:43+00:00\",\"breadcrumb\":{\"@id\":\"https:\\\/\\\/www.kolibrifestivaali.org\\\/fi\\\/event\\\/tarinankerrontaa-portugaliksi\\\/#breadcrumb\"},\"inLanguage\":\"fi\",\"potentialAction\":[{\"@type\":\"ReadAction\",\"target\":[\"https:\\\/\\\/www.kolibrifestivaali.org\\\/fi\\\/event\\\/tarinankerrontaa-portugaliksi\\\/\"]}]},{\"@type\":\"BreadcrumbList\",\"@id\":\"https:\\\/\\\/www.kolibrifestivaali.org\\\/fi\\\/event\\\/tarinankerrontaa-portugaliksi\\\/#breadcrumb\",\"itemListElement\":[{\"@type\":\"ListItem\",\"position\":1,\"name\":\"Home\",\"item\":\"https:\\\/\\\/www.kolibrifestivaali.org\\\/fi\\\/\"},{\"@type\":\"ListItem\",\"position\":2,\"name\":\"Tarinankerrontaa portugaliksi\"}]},{\"@type\":\"WebSite\",\"@id\":\"https:\\\/\\\/www.kolibrifestivaali.org\\\/fi\\\/#website\",\"url\":\"https:\\\/\\\/www.kolibrifestivaali.org\\\/fi\\\/\",\"name\":\"Kolibri Festivaali\",\"description\":\"Kolibri\u0301 is a unique multicultural, free and open art festival for children and their families.\",\"inLanguage\":\"fi\"}]}<\/script>\n<!-- \/ Yoast SEO plugin. -->","yoast_head_json":{"title":"Tarinankerrontaa portugaliksi - Kolibri Festivaali","robots":{"index":"index","follow":"follow","max-snippet":"max-snippet:-1","max-image-preview":"max-image-preview:large","max-video-preview":"max-video-preview:-1"},"canonical":"https:\/\/www.kolibrifestivaali.org\/fi\/event\/tarinankerrontaa-portugaliksi\/","og_locale":"fi_FI","og_type":"article","og_title":"Tarinankerrontaa portugaliksi - Kolibri Festivaali","og_description":"Lukumaratoni portugaliksi! Kirjailijat, hahmot ja tarinat kertovat meille portugalinkielisen lapsuuden monimuotoisuudesta. Luemme, laulamme, leikimme ja jaamme kokemuksia portugaliksi. Tapahtuma, jota [\u2026] Lue lis\u00e4\u00e4 &raquo;","og_url":"https:\/\/www.kolibrifestivaali.org\/fi\/event\/tarinankerrontaa-portugaliksi\/","og_site_name":"Kolibri Festivaali","article_modified_time":"2025-08-15T09:31:43+00:00","twitter_card":"summary_large_image","schema":{"@context":"https:\/\/schema.org","@graph":[{"@type":"WebPage","@id":"https:\/\/www.kolibrifestivaali.org\/fi\/event\/tarinankerrontaa-portugaliksi\/","url":"https:\/\/www.kolibrifestivaali.org\/fi\/event\/tarinankerrontaa-portugaliksi\/","name":"Tarinankerrontaa portugaliksi - Kolibri Festivaali","isPartOf":{"@id":"https:\/\/www.kolibrifestivaali.org\/fi\/#website"},"datePublished":"2021-08-19T21:00:00+00:00","dateModified":"2025-08-15T09:31:43+00:00","breadcrumb":{"@id":"https:\/\/www.kolibrifestivaali.org\/fi\/event\/tarinankerrontaa-portugaliksi\/#breadcrumb"},"inLanguage":"fi","potentialAction":[{"@type":"ReadAction","target":["https:\/\/www.kolibrifestivaali.org\/fi\/event\/tarinankerrontaa-portugaliksi\/"]}]},{"@type":"BreadcrumbList","@id":"https:\/\/www.kolibrifestivaali.org\/fi\/event\/tarinankerrontaa-portugaliksi\/#breadcrumb","itemListElement":[{"@type":"ListItem","position":1,"name":"Home","item":"https:\/\/www.kolibrifestivaali.org\/fi\/"},{"@type":"ListItem","position":2,"name":"Tarinankerrontaa portugaliksi"}]},{"@type":"WebSite","@id":"https:\/\/www.kolibrifestivaali.org\/fi\/#website","url":"https:\/\/www.kolibrifestivaali.org\/fi\/","name":"Kolibri Festivaali","description":"Kolibri\u0301 is a unique multicultural, free and open art festival for children and their families.","inLanguage":"fi"}]}},"_links":{"self":[{"href":"https:\/\/www.kolibrifestivaali.org\/fi\/wp-json\/wp\/v2\/event\/328059","targetHints":{"allow":["GET"]}}],"collection":[{"href":"https:\/\/www.kolibrifestivaali.org\/fi\/wp-json\/wp\/v2\/event"}],"about":[{"href":"https:\/\/www.kolibrifestivaali.org\/fi\/wp-json\/wp\/v2\/types\/event"}],"wp:attachment":[{"href":"https:\/\/www.kolibrifestivaali.org\/fi\/wp-json\/wp\/v2\/media?parent=328059"}],"wp:term":[{"taxonomy":"activity_categories","embeddable":true,"href":"https:\/\/www.kolibrifestivaali.org\/fi\/wp-json\/wp\/v2\/activity_categories?post=328059"},{"taxonomy":"ages","embeddable":true,"href":"https:\/\/www.kolibrifestivaali.org\/fi\/wp-json\/wp\/v2\/ages?post=328059"},{"taxonomy":"languages","embeddable":true,"href":"https:\/\/www.kolibrifestivaali.org\/fi\/wp-json\/wp\/v2\/languages?post=328059"}],"curies":[{"name":"wp","href":"https:\/\/api.w.org\/{rel}","templated":true}]}}

<p>Lukumaratoni portugaliksi! Kirjailijat, hahmot ja tarinat kertovat meille portugalinkielisen lapsuuden monimuotoisuudesta. </p>
<p>Luemme, laulamme, leikimme ja jaamme kokemuksia portugaliksi. Tapahtuma, jota ei kannata jättää väliin! </p>
<p>Tämä toiminta on mahdollistunut <a href="https://www.appfinlandia.com/" target="_blank"  rel="noopener">APPF:n &#8211; Suomen portugalinopettajien yhdistyksen</a> ja  <a href="https://www.gov.br/mre/pt-br/embaixada-helsinque" target="_blank"  rel="noopener">Brasilian Suomen-suurlähetystön</a> tuella.</p>
<p> </p>

<!-- This site is optimized with the Yoast SEO plugin v27.4 - https://yoast.com/product/yoast-seo-wordpress/ -->
<title>Tarinankerrontaa portugaliksi - Kolibri Festivaali</title>
<meta name="robots" content="index, follow, max-snippet:-1, max-image-preview:large, max-video-preview:-1" />
<link rel="canonical" href="https://www.kolibrifestivaali.org/fi/event/tarinankerrontaa-portugaliksi/" />
<meta property="og:locale" content="fi_FI" />
<meta property="og:type" content="article" />
<meta property="og:title" content="Tarinankerrontaa portugaliksi - Kolibri Festivaali" />
<meta property="og:description" content="Lukumaratoni portugaliksi! Kirjailijat, hahmot ja tarinat kertovat meille portugalinkielisen lapsuuden monimuotoisuudesta. Luemme, laulamme, leikimme ja jaamme kokemuksia portugaliksi. Tapahtuma, jota […] Lue lisää &raquo;" />
<meta property="og:url" content="https://www.kolibrifestivaali.org/fi/event/tarinankerrontaa-portugaliksi/" />
<meta property="og:site_name" content="Kolibri Festivaali" />
<meta property="article:modified_time" content="2025-08-15T09:31:43+00:00" />
<meta name="twitter:card" content="summary_large_image" />
<script type="application/ld+json" class="yoast-schema-graph">{"@context":"https:\/\/schema.org","@graph":[{"@type":"WebPage","@id":"https:\/\/www.kolibrifestivaali.org\/fi\/event\/tarinankerrontaa-portugaliksi\/","url":"https:\/\/www.kolibrifestivaali.org\/fi\/event\/tarinankerrontaa-portugaliksi\/","name":"Tarinankerrontaa portugaliksi - Kolibri Festivaali","isPartOf":{"@id":"https:\/\/www.kolibrifestivaali.org\/fi\/#website"},"datePublished":"2021-08-19T21:00:00+00:00","dateModified":"2025-08-15T09:31:43+00:00","breadcrumb":{"@id":"https:\/\/www.kolibrifestivaali.org\/fi\/event\/tarinankerrontaa-portugaliksi\/#breadcrumb"},"inLanguage":"fi","potentialAction":[{"@type":"ReadAction","target":["https:\/\/www.kolibrifestivaali.org\/fi\/event\/tarinankerrontaa-portugaliksi\/"]}]},{"@type":"BreadcrumbList","@id":"https:\/\/www.kolibrifestivaali.org\/fi\/event\/tarinankerrontaa-portugaliksi\/#breadcrumb","itemListElement":[{"@type":"ListItem","position":1,"name":"Home","item":"https:\/\/www.kolibrifestivaali.org\/fi\/"},{"@type":"ListItem","position":2,"name":"Tarinankerrontaa portugaliksi"}]},{"@type":"WebSite","@id":"https:\/\/www.kolibrifestivaali.org\/fi\/#website","url":"https:\/\/www.kolibrifestivaali.org\/fi\/","name":"Kolibri Festivaali","description":"Kolibrí is a unique multicultural, free and open art festival for children and their families.","inLanguage":"fi"}]}</script>
<!-- / Yoast SEO plugin. -->

Lukumaratoni portugaliksi! Kirjailijat, hahmot ja tarinat kertovat meille portugalinkielisen lapsuuden monimuotoisuudesta. Luemme, laulamme, leikimme ja jaamme kokemuksia portugaliksi. Tapahtuma, jota […] Lue lisää &raquo;
