{"id":328058,"date":"2021-08-20T00:00:00","date_gmt":"2021-08-19T21:00:00","guid":{"rendered":"https:\/\/www.kolibrifestivaali.org\/event\/missa-toiveet-asuvat\/"},"modified":"2025-08-15T12:31:42","modified_gmt":"2025-08-15T09:31:42","slug":"missa-toiveet-asuvat","status":"publish","type":"event","link":"https:\/\/www.kolibrifestivaali.org\/fi\/event\/missa-toiveet-asuvat\/","title":{"rendered":"Miss\u00e4 toiveet asuvat?"},"content":{"rendered":"<p>Laura Zubillaga (AR) ja Daniela Alatorre (MX) palaavat Kolibr\u00ed-tapahtumaan juhlistamaan 10-vuotisjuhlaa rakkaalla tapahtumalla, joka oli osa ensimm\u00e4ist\u00e4 tapahtumaamme! T\u00e4m\u00e4 on luova kokemus, jossa voit kuvitella, rakentaa, koristella ja leikki\u00e4 omalla lintukodollasi k\u00e4ytt\u00e4en erilaisia puuosia. Hauskaa toimintaa, jossa voit tutkia luovuuttasi puun l\u00e4mm\u00f6n kautta. Luodaan yhdess\u00e4 perheen kanssa rakkaan kolibrimme toiveiden talo! <\/p>\n<p>T\u00e4m\u00e4 toiminta j\u00e4rjestet\u00e4\u00e4n yhteisty\u00f6ss\u00e4 Aalto-yliopiston Wood Programin kanssa <a href=\"https:\/\/www.aalto.fi\/en\/wood-program\" target=\"_blank\"  rel=\"noopener\">Aalto-yliopisto &#8211; Wood Programin<\/a><\/p>\n<p>\u00a0<\/p>\n","protected":false},"featured_media":0,"template":"","activity_categories":[1076],"ages":[1077,1071,912],"languages":[36,37,41],"class_list":["post-328058","event","type-event","status-publish","hentry","activity_categories-arkkitehtuurityopaja","ages-1-vuotias","ages-2-vuotta","ages-4-vuotta","languages-a-en-fi","languages-b-es-fi","languages-d-pt-fi"],"acf":[],"yoast_head":"<!-- This site is optimized with the Yoast SEO plugin v27.4 - https:\/\/yoast.com\/product\/yoast-seo-wordpress\/ -->\n<title>Miss\u00e4 toiveet asuvat? - Kolibri Festivaali<\/title>\n<meta name=\"robots\" content=\"index, follow, max-snippet:-1, max-image-preview:large, max-video-preview:-1\" \/>\n<link rel=\"canonical\" href=\"https:\/\/www.kolibrifestivaali.org\/fi\/event\/missa-toiveet-asuvat\/\" \/>\n<meta property=\"og:locale\" content=\"fi_FI\" \/>\n<meta property=\"og:type\" content=\"article\" \/>\n<meta property=\"og:title\" content=\"Miss\u00e4 toiveet asuvat? - Kolibri Festivaali\" \/>\n<meta property=\"og:description\" content=\"Laura Zubillaga (AR) ja Daniela Alatorre (MX) palaavat Kolibr\u00ed-tapahtumaan juhlistamaan 10-vuotisjuhlaa rakkaalla tapahtumalla, joka oli osa ensimm\u00e4ist\u00e4 tapahtumaamme! T\u00e4m\u00e4 on [\u2026] Lue lis\u00e4\u00e4 &raquo;\" \/>\n<meta property=\"og:url\" content=\"https:\/\/www.kolibrifestivaali.org\/fi\/event\/missa-toiveet-asuvat\/\" \/>\n<meta property=\"og:site_name\" content=\"Kolibri Festivaali\" \/>\n<meta property=\"article:modified_time\" content=\"2025-08-15T09:31:42+00:00\" \/>\n<meta name=\"twitter:card\" content=\"summary_large_image\" \/>\n<script type=\"application\/ld+json\" class=\"yoast-schema-graph\">{\"@context\":\"https:\\\/\\\/schema.org\",\"@graph\":[{\"@type\":\"WebPage\",\"@id\":\"https:\\\/\\\/www.kolibrifestivaali.org\\\/fi\\\/event\\\/missa-toiveet-asuvat\\\/\",\"url\":\"https:\\\/\\\/www.kolibrifestivaali.org\\\/fi\\\/event\\\/missa-toiveet-asuvat\\\/\",\"name\":\"Miss\u00e4 toiveet asuvat? - Kolibri Festivaali\",\"isPartOf\":{\"@id\":\"https:\\\/\\\/www.kolibrifestivaali.org\\\/fi\\\/#website\"},\"datePublished\":\"2021-08-19T21:00:00+00:00\",\"dateModified\":\"2025-08-15T09:31:42+00:00\",\"breadcrumb\":{\"@id\":\"https:\\\/\\\/www.kolibrifestivaali.org\\\/fi\\\/event\\\/missa-toiveet-asuvat\\\/#breadcrumb\"},\"inLanguage\":\"fi\",\"potentialAction\":[{\"@type\":\"ReadAction\",\"target\":[\"https:\\\/\\\/www.kolibrifestivaali.org\\\/fi\\\/event\\\/missa-toiveet-asuvat\\\/\"]}]},{\"@type\":\"BreadcrumbList\",\"@id\":\"https:\\\/\\\/www.kolibrifestivaali.org\\\/fi\\\/event\\\/missa-toiveet-asuvat\\\/#breadcrumb\",\"itemListElement\":[{\"@type\":\"ListItem\",\"position\":1,\"name\":\"Home\",\"item\":\"https:\\\/\\\/www.kolibrifestivaali.org\\\/fi\\\/\"},{\"@type\":\"ListItem\",\"position\":2,\"name\":\"Miss\u00e4 toiveet asuvat?\"}]},{\"@type\":\"WebSite\",\"@id\":\"https:\\\/\\\/www.kolibrifestivaali.org\\\/fi\\\/#website\",\"url\":\"https:\\\/\\\/www.kolibrifestivaali.org\\\/fi\\\/\",\"name\":\"Kolibri Festivaali\",\"description\":\"Kolibri\u0301 is a unique multicultural, free and open art festival for children and their families.\",\"inLanguage\":\"fi\"}]}<\/script>\n<!-- \/ Yoast SEO plugin. -->","yoast_head_json":{"title":"Miss\u00e4 toiveet asuvat? - Kolibri Festivaali","robots":{"index":"index","follow":"follow","max-snippet":"max-snippet:-1","max-image-preview":"max-image-preview:large","max-video-preview":"max-video-preview:-1"},"canonical":"https:\/\/www.kolibrifestivaali.org\/fi\/event\/missa-toiveet-asuvat\/","og_locale":"fi_FI","og_type":"article","og_title":"Miss\u00e4 toiveet asuvat? - Kolibri Festivaali","og_description":"Laura Zubillaga (AR) ja Daniela Alatorre (MX) palaavat Kolibr\u00ed-tapahtumaan juhlistamaan 10-vuotisjuhlaa rakkaalla tapahtumalla, joka oli osa ensimm\u00e4ist\u00e4 tapahtumaamme! T\u00e4m\u00e4 on [\u2026] Lue lis\u00e4\u00e4 &raquo;","og_url":"https:\/\/www.kolibrifestivaali.org\/fi\/event\/missa-toiveet-asuvat\/","og_site_name":"Kolibri Festivaali","article_modified_time":"2025-08-15T09:31:42+00:00","twitter_card":"summary_large_image","schema":{"@context":"https:\/\/schema.org","@graph":[{"@type":"WebPage","@id":"https:\/\/www.kolibrifestivaali.org\/fi\/event\/missa-toiveet-asuvat\/","url":"https:\/\/www.kolibrifestivaali.org\/fi\/event\/missa-toiveet-asuvat\/","name":"Miss\u00e4 toiveet asuvat? - Kolibri Festivaali","isPartOf":{"@id":"https:\/\/www.kolibrifestivaali.org\/fi\/#website"},"datePublished":"2021-08-19T21:00:00+00:00","dateModified":"2025-08-15T09:31:42+00:00","breadcrumb":{"@id":"https:\/\/www.kolibrifestivaali.org\/fi\/event\/missa-toiveet-asuvat\/#breadcrumb"},"inLanguage":"fi","potentialAction":[{"@type":"ReadAction","target":["https:\/\/www.kolibrifestivaali.org\/fi\/event\/missa-toiveet-asuvat\/"]}]},{"@type":"BreadcrumbList","@id":"https:\/\/www.kolibrifestivaali.org\/fi\/event\/missa-toiveet-asuvat\/#breadcrumb","itemListElement":[{"@type":"ListItem","position":1,"name":"Home","item":"https:\/\/www.kolibrifestivaali.org\/fi\/"},{"@type":"ListItem","position":2,"name":"Miss\u00e4 toiveet asuvat?"}]},{"@type":"WebSite","@id":"https:\/\/www.kolibrifestivaali.org\/fi\/#website","url":"https:\/\/www.kolibrifestivaali.org\/fi\/","name":"Kolibri Festivaali","description":"Kolibri\u0301 is a unique multicultural, free and open art festival for children and their families.","inLanguage":"fi"}]}},"_links":{"self":[{"href":"https:\/\/www.kolibrifestivaali.org\/fi\/wp-json\/wp\/v2\/event\/328058","targetHints":{"allow":["GET"]}}],"collection":[{"href":"https:\/\/www.kolibrifestivaali.org\/fi\/wp-json\/wp\/v2\/event"}],"about":[{"href":"https:\/\/www.kolibrifestivaali.org\/fi\/wp-json\/wp\/v2\/types\/event"}],"wp:attachment":[{"href":"https:\/\/www.kolibrifestivaali.org\/fi\/wp-json\/wp\/v2\/media?parent=328058"}],"wp:term":[{"taxonomy":"activity_categories","embeddable":true,"href":"https:\/\/www.kolibrifestivaali.org\/fi\/wp-json\/wp\/v2\/activity_categories?post=328058"},{"taxonomy":"ages","embeddable":true,"href":"https:\/\/www.kolibrifestivaali.org\/fi\/wp-json\/wp\/v2\/ages?post=328058"},{"taxonomy":"languages","embeddable":true,"href":"https:\/\/www.kolibrifestivaali.org\/fi\/wp-json\/wp\/v2\/languages?post=328058"}],"curies":[{"name":"wp","href":"https:\/\/api.w.org\/{rel}","templated":true}]}}

Missä toiveet asuvat?

<p>Laura Zubillaga (AR) ja Daniela Alatorre (MX) palaavat Kolibrí-tapahtumaan juhlistamaan 10-vuotisjuhlaa rakkaalla tapahtumalla, joka oli osa ensimmäistä tapahtumaamme! Tämä on luova kokemus, jossa voit kuvitella, rakentaa, koristella ja leikkiä omalla lintukodollasi käyttäen erilaisia puuosia. Hauskaa toimintaa, jossa voit tutkia luovuuttasi puun lämmön kautta. Luodaan yhdessä perheen kanssa rakkaan kolibrimme toiveiden talo! </p>
<p>Tämä toiminta järjestetään yhteistyössä Aalto-yliopiston Wood Programin kanssa <a href="https://www.aalto.fi/en/wood-program" target="_blank"  rel="noopener">Aalto-yliopisto &#8211; Wood Programin</a></p>
<p> </p>

<!-- This site is optimized with the Yoast SEO plugin v27.4 - https://yoast.com/product/yoast-seo-wordpress/ -->
<title>Missä toiveet asuvat? - Kolibri Festivaali</title>
<meta name="robots" content="index, follow, max-snippet:-1, max-image-preview:large, max-video-preview:-1" />
<link rel="canonical" href="https://www.kolibrifestivaali.org/fi/event/missa-toiveet-asuvat/" />
<meta property="og:locale" content="fi_FI" />
<meta property="og:type" content="article" />
<meta property="og:title" content="Missä toiveet asuvat? - Kolibri Festivaali" />
<meta property="og:description" content="Laura Zubillaga (AR) ja Daniela Alatorre (MX) palaavat Kolibrí-tapahtumaan juhlistamaan 10-vuotisjuhlaa rakkaalla tapahtumalla, joka oli osa ensimmäistä tapahtumaamme! Tämä on […] Lue lisää &raquo;" />
<meta property="og:url" content="https://www.kolibrifestivaali.org/fi/event/missa-toiveet-asuvat/" />
<meta property="og:site_name" content="Kolibri Festivaali" />
<meta property="article:modified_time" content="2025-08-15T09:31:42+00:00" />
<meta name="twitter:card" content="summary_large_image" />
<script type="application/ld+json" class="yoast-schema-graph">{"@context":"https:\/\/schema.org","@graph":[{"@type":"WebPage","@id":"https:\/\/www.kolibrifestivaali.org\/fi\/event\/missa-toiveet-asuvat\/","url":"https:\/\/www.kolibrifestivaali.org\/fi\/event\/missa-toiveet-asuvat\/","name":"Missä toiveet asuvat? - Kolibri Festivaali","isPartOf":{"@id":"https:\/\/www.kolibrifestivaali.org\/fi\/#website"},"datePublished":"2021-08-19T21:00:00+00:00","dateModified":"2025-08-15T09:31:42+00:00","breadcrumb":{"@id":"https:\/\/www.kolibrifestivaali.org\/fi\/event\/missa-toiveet-asuvat\/#breadcrumb"},"inLanguage":"fi","potentialAction":[{"@type":"ReadAction","target":["https:\/\/www.kolibrifestivaali.org\/fi\/event\/missa-toiveet-asuvat\/"]}]},{"@type":"BreadcrumbList","@id":"https:\/\/www.kolibrifestivaali.org\/fi\/event\/missa-toiveet-asuvat\/#breadcrumb","itemListElement":[{"@type":"ListItem","position":1,"name":"Home","item":"https:\/\/www.kolibrifestivaali.org\/fi\/"},{"@type":"ListItem","position":2,"name":"Missä toiveet asuvat?"}]},{"@type":"WebSite","@id":"https:\/\/www.kolibrifestivaali.org\/fi\/#website","url":"https:\/\/www.kolibrifestivaali.org\/fi\/","name":"Kolibri Festivaali","description":"Kolibrí is a unique multicultural, free and open art festival for children and their families.","inLanguage":"fi"}]}</script>
<!-- / Yoast SEO plugin. -->

Missä toiveet asuvat? - Kolibri Festivaali

Laura Zubillaga (AR) ja Daniela Alatorre (MX) palaavat Kolibrí-tapahtumaan juhlistamaan 10-vuotisjuhlaa rakkaalla tapahtumalla, joka oli osa ensimmäistä tapahtumaamme! Tämä on […] Lue lisää &raquo;
