{"id":328055,"date":"2021-08-20T00:00:00","date_gmt":"2021-08-19T21:00:00","guid":{"rendered":"https:\/\/www.kolibrifestivaali.org\/event\/paatoskonsertti-kaos-yhtyeen-kanssa\/"},"modified":"2025-08-15T12:31:39","modified_gmt":"2025-08-15T09:31:39","slug":"paatoskonsertti-kaos-yhtyeen-kanssa","status":"publish","type":"event","link":"https:\/\/www.kolibrifestivaali.org\/fi\/event\/paatoskonsertti-kaos-yhtyeen-kanssa\/","title":{"rendered":"P\u00e4\u00e4t\u00f6skonsertti KA\u00d4S-yhtyeen kanssa"},"content":{"rendered":"<p>Tulkaapa juhlimaan Kolibr\u00ed Festivaalin 10-vuotisjuhlien p\u00e4\u00e4t\u00f6st\u00e4! Tervetuloa t\u00e4h\u00e4n erityiseen syntym\u00e4p\u00e4iv\u00e4juhlaan, jossa monikulttuurinen KA\u00d4S-ryhm\u00e4 vie meid\u00e4t musiikilliselle matkalle Euroopasta L\u00e4hi-it\u00e4\u00e4n ja Aasiaan. Ohjelmisto sis\u00e4lt\u00e4\u00e4 kehtolauluja ja kauniita kansanlauluja portugaliksi, japaniksi ja farsiksi. <\/p>\n<p>Tulkaa puhaltamaan kynttil\u00e4t t\u00e4ss\u00e4 ainutlaatuisessa syntym\u00e4p\u00e4iv\u00e4juhlassa ja toivomaan yhdess\u00e4!<\/p>\n<p>\u00a0<\/p>\n","protected":false},"featured_media":0,"template":"","activity_categories":[202],"ages":[1077,1071,912,269],"languages":[36,37,464,764,41],"class_list":["post-328055","event","type-event","status-publish","hentry","activity_categories-konsertti","ages-1-vuotias","ages-2-vuotta","ages-4-vuotta","ages-f-all-ages-fi","languages-a-en-fi","languages-b-es-fi","languages-fa-fi","languages-jp-fi","languages-d-pt-fi"],"acf":[],"yoast_head":"<!-- This site is optimized with the Yoast SEO plugin v27.4 - https:\/\/yoast.com\/product\/yoast-seo-wordpress\/ -->\n<title>P\u00e4\u00e4t\u00f6skonsertti KA\u00d4S-yhtyeen kanssa - Kolibri Festivaali<\/title>\n<meta name=\"robots\" content=\"index, follow, max-snippet:-1, max-image-preview:large, max-video-preview:-1\" \/>\n<link rel=\"canonical\" href=\"https:\/\/www.kolibrifestivaali.org\/fi\/event\/paatoskonsertti-kaos-yhtyeen-kanssa\/\" \/>\n<meta property=\"og:locale\" content=\"fi_FI\" \/>\n<meta property=\"og:type\" content=\"article\" \/>\n<meta property=\"og:title\" content=\"P\u00e4\u00e4t\u00f6skonsertti KA\u00d4S-yhtyeen kanssa - Kolibri Festivaali\" \/>\n<meta property=\"og:description\" content=\"Tulkaapa juhlimaan Kolibr\u00ed Festivaalin 10-vuotisjuhlien p\u00e4\u00e4t\u00f6st\u00e4! Tervetuloa t\u00e4h\u00e4n erityiseen syntym\u00e4p\u00e4iv\u00e4juhlaan, jossa monikulttuurinen KA\u00d4S-ryhm\u00e4 vie meid\u00e4t musiikilliselle matkalle Euroopasta L\u00e4hi-it\u00e4\u00e4n ja [\u2026] Lue lis\u00e4\u00e4 &raquo;\" \/>\n<meta property=\"og:url\" content=\"https:\/\/www.kolibrifestivaali.org\/fi\/event\/paatoskonsertti-kaos-yhtyeen-kanssa\/\" \/>\n<meta property=\"og:site_name\" content=\"Kolibri Festivaali\" \/>\n<meta property=\"article:modified_time\" content=\"2025-08-15T09:31:39+00:00\" \/>\n<meta name=\"twitter:card\" content=\"summary_large_image\" \/>\n<script type=\"application\/ld+json\" class=\"yoast-schema-graph\">{\"@context\":\"https:\\\/\\\/schema.org\",\"@graph\":[{\"@type\":\"WebPage\",\"@id\":\"https:\\\/\\\/www.kolibrifestivaali.org\\\/fi\\\/event\\\/paatoskonsertti-kaos-yhtyeen-kanssa\\\/\",\"url\":\"https:\\\/\\\/www.kolibrifestivaali.org\\\/fi\\\/event\\\/paatoskonsertti-kaos-yhtyeen-kanssa\\\/\",\"name\":\"P\u00e4\u00e4t\u00f6skonsertti KA\u00d4S-yhtyeen kanssa - Kolibri Festivaali\",\"isPartOf\":{\"@id\":\"https:\\\/\\\/www.kolibrifestivaali.org\\\/fi\\\/#website\"},\"datePublished\":\"2021-08-19T21:00:00+00:00\",\"dateModified\":\"2025-08-15T09:31:39+00:00\",\"breadcrumb\":{\"@id\":\"https:\\\/\\\/www.kolibrifestivaali.org\\\/fi\\\/event\\\/paatoskonsertti-kaos-yhtyeen-kanssa\\\/#breadcrumb\"},\"inLanguage\":\"fi\",\"potentialAction\":[{\"@type\":\"ReadAction\",\"target\":[\"https:\\\/\\\/www.kolibrifestivaali.org\\\/fi\\\/event\\\/paatoskonsertti-kaos-yhtyeen-kanssa\\\/\"]}]},{\"@type\":\"BreadcrumbList\",\"@id\":\"https:\\\/\\\/www.kolibrifestivaali.org\\\/fi\\\/event\\\/paatoskonsertti-kaos-yhtyeen-kanssa\\\/#breadcrumb\",\"itemListElement\":[{\"@type\":\"ListItem\",\"position\":1,\"name\":\"Home\",\"item\":\"https:\\\/\\\/www.kolibrifestivaali.org\\\/fi\\\/\"},{\"@type\":\"ListItem\",\"position\":2,\"name\":\"P\u00e4\u00e4t\u00f6skonsertti KA\u00d4S-yhtyeen kanssa\"}]},{\"@type\":\"WebSite\",\"@id\":\"https:\\\/\\\/www.kolibrifestivaali.org\\\/fi\\\/#website\",\"url\":\"https:\\\/\\\/www.kolibrifestivaali.org\\\/fi\\\/\",\"name\":\"Kolibri Festivaali\",\"description\":\"Kolibri\u0301 is a unique multicultural, free and open art festival for children and their families.\",\"inLanguage\":\"fi\"}]}<\/script>\n<!-- \/ Yoast SEO plugin. -->","yoast_head_json":{"title":"P\u00e4\u00e4t\u00f6skonsertti KA\u00d4S-yhtyeen kanssa - Kolibri Festivaali","robots":{"index":"index","follow":"follow","max-snippet":"max-snippet:-1","max-image-preview":"max-image-preview:large","max-video-preview":"max-video-preview:-1"},"canonical":"https:\/\/www.kolibrifestivaali.org\/fi\/event\/paatoskonsertti-kaos-yhtyeen-kanssa\/","og_locale":"fi_FI","og_type":"article","og_title":"P\u00e4\u00e4t\u00f6skonsertti KA\u00d4S-yhtyeen kanssa - Kolibri Festivaali","og_description":"Tulkaapa juhlimaan Kolibr\u00ed Festivaalin 10-vuotisjuhlien p\u00e4\u00e4t\u00f6st\u00e4! Tervetuloa t\u00e4h\u00e4n erityiseen syntym\u00e4p\u00e4iv\u00e4juhlaan, jossa monikulttuurinen KA\u00d4S-ryhm\u00e4 vie meid\u00e4t musiikilliselle matkalle Euroopasta L\u00e4hi-it\u00e4\u00e4n ja [\u2026] Lue lis\u00e4\u00e4 &raquo;","og_url":"https:\/\/www.kolibrifestivaali.org\/fi\/event\/paatoskonsertti-kaos-yhtyeen-kanssa\/","og_site_name":"Kolibri Festivaali","article_modified_time":"2025-08-15T09:31:39+00:00","twitter_card":"summary_large_image","schema":{"@context":"https:\/\/schema.org","@graph":[{"@type":"WebPage","@id":"https:\/\/www.kolibrifestivaali.org\/fi\/event\/paatoskonsertti-kaos-yhtyeen-kanssa\/","url":"https:\/\/www.kolibrifestivaali.org\/fi\/event\/paatoskonsertti-kaos-yhtyeen-kanssa\/","name":"P\u00e4\u00e4t\u00f6skonsertti KA\u00d4S-yhtyeen kanssa - Kolibri Festivaali","isPartOf":{"@id":"https:\/\/www.kolibrifestivaali.org\/fi\/#website"},"datePublished":"2021-08-19T21:00:00+00:00","dateModified":"2025-08-15T09:31:39+00:00","breadcrumb":{"@id":"https:\/\/www.kolibrifestivaali.org\/fi\/event\/paatoskonsertti-kaos-yhtyeen-kanssa\/#breadcrumb"},"inLanguage":"fi","potentialAction":[{"@type":"ReadAction","target":["https:\/\/www.kolibrifestivaali.org\/fi\/event\/paatoskonsertti-kaos-yhtyeen-kanssa\/"]}]},{"@type":"BreadcrumbList","@id":"https:\/\/www.kolibrifestivaali.org\/fi\/event\/paatoskonsertti-kaos-yhtyeen-kanssa\/#breadcrumb","itemListElement":[{"@type":"ListItem","position":1,"name":"Home","item":"https:\/\/www.kolibrifestivaali.org\/fi\/"},{"@type":"ListItem","position":2,"name":"P\u00e4\u00e4t\u00f6skonsertti KA\u00d4S-yhtyeen kanssa"}]},{"@type":"WebSite","@id":"https:\/\/www.kolibrifestivaali.org\/fi\/#website","url":"https:\/\/www.kolibrifestivaali.org\/fi\/","name":"Kolibri Festivaali","description":"Kolibri\u0301 is a unique multicultural, free and open art festival for children and their families.","inLanguage":"fi"}]}},"_links":{"self":[{"href":"https:\/\/www.kolibrifestivaali.org\/fi\/wp-json\/wp\/v2\/event\/328055","targetHints":{"allow":["GET"]}}],"collection":[{"href":"https:\/\/www.kolibrifestivaali.org\/fi\/wp-json\/wp\/v2\/event"}],"about":[{"href":"https:\/\/www.kolibrifestivaali.org\/fi\/wp-json\/wp\/v2\/types\/event"}],"wp:attachment":[{"href":"https:\/\/www.kolibrifestivaali.org\/fi\/wp-json\/wp\/v2\/media?parent=328055"}],"wp:term":[{"taxonomy":"activity_categories","embeddable":true,"href":"https:\/\/www.kolibrifestivaali.org\/fi\/wp-json\/wp\/v2\/activity_categories?post=328055"},{"taxonomy":"ages","embeddable":true,"href":"https:\/\/www.kolibrifestivaali.org\/fi\/wp-json\/wp\/v2\/ages?post=328055"},{"taxonomy":"languages","embeddable":true,"href":"https:\/\/www.kolibrifestivaali.org\/fi\/wp-json\/wp\/v2\/languages?post=328055"}],"curies":[{"name":"wp","href":"https:\/\/api.w.org\/{rel}","templated":true}]}}

Päätöskonsertti KAÔS-yhtyeen kanssa

<p>Tulkaapa juhlimaan Kolibrí Festivaalin 10-vuotisjuhlien päätöstä! Tervetuloa tähän erityiseen syntymäpäiväjuhlaan, jossa monikulttuurinen KAÔS-ryhmä vie meidät musiikilliselle matkalle Euroopasta Lähi-itään ja Aasiaan. Ohjelmisto sisältää kehtolauluja ja kauniita kansanlauluja portugaliksi, japaniksi ja farsiksi. </p>
<p>Tulkaa puhaltamaan kynttilät tässä ainutlaatuisessa syntymäpäiväjuhlassa ja toivomaan yhdessä!</p>
<p> </p>

<!-- This site is optimized with the Yoast SEO plugin v27.4 - https://yoast.com/product/yoast-seo-wordpress/ -->
<title>Päätöskonsertti KAÔS-yhtyeen kanssa - Kolibri Festivaali</title>
<meta name="robots" content="index, follow, max-snippet:-1, max-image-preview:large, max-video-preview:-1" />
<link rel="canonical" href="https://www.kolibrifestivaali.org/fi/event/paatoskonsertti-kaos-yhtyeen-kanssa/" />
<meta property="og:locale" content="fi_FI" />
<meta property="og:type" content="article" />
<meta property="og:title" content="Päätöskonsertti KAÔS-yhtyeen kanssa - Kolibri Festivaali" />
<meta property="og:description" content="Tulkaapa juhlimaan Kolibrí Festivaalin 10-vuotisjuhlien päätöstä! Tervetuloa tähän erityiseen syntymäpäiväjuhlaan, jossa monikulttuurinen KAÔS-ryhmä vie meidät musiikilliselle matkalle Euroopasta Lähi-itään ja […] Lue lisää &raquo;" />
<meta property="og:url" content="https://www.kolibrifestivaali.org/fi/event/paatoskonsertti-kaos-yhtyeen-kanssa/" />
<meta property="og:site_name" content="Kolibri Festivaali" />
<meta property="article:modified_time" content="2025-08-15T09:31:39+00:00" />
<meta name="twitter:card" content="summary_large_image" />
<script type="application/ld+json" class="yoast-schema-graph">{"@context":"https:\/\/schema.org","@graph":[{"@type":"WebPage","@id":"https:\/\/www.kolibrifestivaali.org\/fi\/event\/paatoskonsertti-kaos-yhtyeen-kanssa\/","url":"https:\/\/www.kolibrifestivaali.org\/fi\/event\/paatoskonsertti-kaos-yhtyeen-kanssa\/","name":"Päätöskonsertti KAÔS-yhtyeen kanssa - Kolibri Festivaali","isPartOf":{"@id":"https:\/\/www.kolibrifestivaali.org\/fi\/#website"},"datePublished":"2021-08-19T21:00:00+00:00","dateModified":"2025-08-15T09:31:39+00:00","breadcrumb":{"@id":"https:\/\/www.kolibrifestivaali.org\/fi\/event\/paatoskonsertti-kaos-yhtyeen-kanssa\/#breadcrumb"},"inLanguage":"fi","potentialAction":[{"@type":"ReadAction","target":["https:\/\/www.kolibrifestivaali.org\/fi\/event\/paatoskonsertti-kaos-yhtyeen-kanssa\/"]}]},{"@type":"BreadcrumbList","@id":"https:\/\/www.kolibrifestivaali.org\/fi\/event\/paatoskonsertti-kaos-yhtyeen-kanssa\/#breadcrumb","itemListElement":[{"@type":"ListItem","position":1,"name":"Home","item":"https:\/\/www.kolibrifestivaali.org\/fi\/"},{"@type":"ListItem","position":2,"name":"Päätöskonsertti KAÔS-yhtyeen kanssa"}]},{"@type":"WebSite","@id":"https:\/\/www.kolibrifestivaali.org\/fi\/#website","url":"https:\/\/www.kolibrifestivaali.org\/fi\/","name":"Kolibri Festivaali","description":"Kolibrí is a unique multicultural, free and open art festival for children and their families.","inLanguage":"fi"}]}</script>
<!-- / Yoast SEO plugin. -->

Päätöskonsertti KAÔS-yhtyeen kanssa - Kolibri Festivaali

Tulkaapa juhlimaan Kolibrí Festivaalin 10-vuotisjuhlien päätöstä! Tervetuloa tähän erityiseen syntymäpäiväjuhlaan, jossa monikulttuurinen KAÔS-ryhmä vie meidät musiikilliselle matkalle Euroopasta Lähi-itään ja […] Lue lisää &raquo;
