{"id":327638,"date":"2021-08-20T00:00:00","date_gmt":"2021-08-19T21:00:00","guid":{"rendered":"https:\/\/www.kolibrifestivaali.org\/artist\/gustavo-ariel-rosemffet-abramovich-gusti\/"},"modified":"2025-08-12T17:10:59","modified_gmt":"2025-08-12T14:10:59","slug":"gustavo-ariel-rosemffet-abramovich-gusti","status":"publish","type":"artist","link":"https:\/\/www.kolibrifestivaali.org\/fi\/artist\/gustavo-ariel-rosemffet-abramovich-gusti\/","title":{"rendered":"Gustavo Ariel Rosemffet Abramovich, Gusti"},"content":{"rendered":"<p>Kolibr\u00ed Festivaali on ylpe\u00e4 saadessaan Gustavo Ariel Rosemffet Abramovich, Gustin (AR) kuvittamaan virallisen kuvamme kymenett\u00e4 vuosijuhlaamme varten.  <\/p>\n<p>Yli 40-vuotisen uransa aikana, on h\u00e4n jo onnistunut ylitt\u00e4m\u00e4\u00e4n 150 kirjan julkaisukynnyksen yli 20 kielell\u00e4, kustantajilla Japanissa, Taiwanissa, Sveitsiss\u00e4, Ranskassa, Espanjassa, Argentiinassa, Saksassa ja Yhdysvalloissa.   <\/p>\n<p>Vuonna 2016 h\u00e4n voitti Bologna Ragazzi -palkinnon vammaiskategoriassa henkil\u00f6kohtaisella teoksellaan \u201dMallko y pap\u00e1\u201d (Oc\u00e9ano Traves\u00eda), jossa h\u00e4n n\u00e4ytt\u00e4\u00e4 meille, millaista on olla is\u00e4, \u00e4iti tai sisarus Mallkolle, h\u00e4nen pojalleen, jolla on Downin syndrooma.  <\/p>\n<p>Kutsumme sinut tutustumaan h\u00e4neen ja h\u00e4nen ty\u00f6h\u00f6ns\u00e4 paremmin, sek\u00e4 tietysti osallistumaan h\u00e4nen paneeleihinsa ja ty\u00f6pajoihinsa festivaalin aikana! <\/p>\n<p><a href=\"https:\/\/www.kolibrifestivaali.org\/fi\/news-archive-fi\/gusti-illustrator-image-kolibri-festivaali-2025\/\" target=\"_blank\"  rel=\"noopener\">Lue lis\u00e4\u00e4<\/a> <\/p>\n<p><a href=\"https:\/\/www.cultura.gob.es\/cultura\/libro-bibliotecas.html\" target=\"_blank\"  rel=\"noopener\">Espanjan kulttuuri- ja urheiluministeri\u00f6n kirja-, sarjakuva- ja lukuviraston<\/a> ansiosta Gusti osallistuu Kolibri Festivaaliin.<\/p>\n","protected":false},"featured_media":327570,"menu_order":0,"template":"","class_list":["post-327638","artist","type-artist","status-publish","has-post-thumbnail","hentry"],"acf":[],"yoast_head":"<!-- This site is optimized with the Yoast SEO plugin v27.5 - https:\/\/yoast.com\/product\/yoast-seo-wordpress\/ -->\n<title>Gustavo Ariel Rosemffet Abramovich, Gusti - Kolibri Festivaali<\/title>\n<meta name=\"robots\" content=\"index, follow, max-snippet:-1, max-image-preview:large, max-video-preview:-1\" \/>\n<link rel=\"canonical\" href=\"https:\/\/www.kolibrifestivaali.org\/fi\/artist\/gustavo-ariel-rosemffet-abramovich-gusti\/\" \/>\n<meta property=\"og:locale\" content=\"fi_FI\" \/>\n<meta property=\"og:type\" content=\"article\" \/>\n<meta property=\"og:title\" content=\"Gustavo Ariel Rosemffet Abramovich, Gusti - Kolibri Festivaali\" \/>\n<meta property=\"og:description\" content=\"Kolibr\u00ed Festivaali on ylpe\u00e4 saadessaan Gustavo Ariel Rosemffet Abramovich, Gustin (AR) kuvittamaan virallisen kuvamme kymenett\u00e4 vuosijuhlaamme varten. Yli 40-vuotisen uransa [\u2026] Lue lis\u00e4\u00e4 &raquo;\" \/>\n<meta property=\"og:url\" content=\"https:\/\/www.kolibrifestivaali.org\/fi\/artist\/gustavo-ariel-rosemffet-abramovich-gusti\/\" \/>\n<meta property=\"og:site_name\" content=\"Kolibri Festivaali\" \/>\n<meta property=\"article:modified_time\" content=\"2025-08-12T14:10:59+00:00\" \/>\n<meta property=\"og:image\" content=\"https:\/\/www.kolibrifestivaali.org\/wp-content\/uploads\/2025\/08\/gusti-picture-biocopy1.jpg\" \/>\n\t<meta property=\"og:image:width\" content=\"466\" \/>\n\t<meta property=\"og:image:height\" content=\"473\" \/>\n\t<meta property=\"og:image:type\" content=\"image\/jpeg\" \/>\n<meta name=\"twitter:card\" content=\"summary_large_image\" \/>\n<meta name=\"twitter:label1\" content=\"Arvioitu lukuaika\" \/>\n\t<meta name=\"twitter:data1\" content=\"1 minuutti\" \/>\n<script type=\"application\/ld+json\" class=\"yoast-schema-graph\">{\"@context\":\"https:\\\/\\\/schema.org\",\"@graph\":[{\"@type\":\"WebPage\",\"@id\":\"https:\\\/\\\/www.kolibrifestivaali.org\\\/fi\\\/artist\\\/gustavo-ariel-rosemffet-abramovich-gusti\\\/\",\"url\":\"https:\\\/\\\/www.kolibrifestivaali.org\\\/fi\\\/artist\\\/gustavo-ariel-rosemffet-abramovich-gusti\\\/\",\"name\":\"Gustavo Ariel Rosemffet Abramovich, Gusti - Kolibri Festivaali\",\"isPartOf\":{\"@id\":\"https:\\\/\\\/www.kolibrifestivaali.org\\\/fi\\\/#website\"},\"primaryImageOfPage\":{\"@id\":\"https:\\\/\\\/www.kolibrifestivaali.org\\\/fi\\\/artist\\\/gustavo-ariel-rosemffet-abramovich-gusti\\\/#primaryimage\"},\"image\":{\"@id\":\"https:\\\/\\\/www.kolibrifestivaali.org\\\/fi\\\/artist\\\/gustavo-ariel-rosemffet-abramovich-gusti\\\/#primaryimage\"},\"thumbnailUrl\":\"https:\\\/\\\/www.kolibrifestivaali.org\\\/wp-content\\\/uploads\\\/2025\\\/08\\\/gusti-picture-biocopy1.jpg\",\"datePublished\":\"2021-08-19T21:00:00+00:00\",\"dateModified\":\"2025-08-12T14:10:59+00:00\",\"breadcrumb\":{\"@id\":\"https:\\\/\\\/www.kolibrifestivaali.org\\\/fi\\\/artist\\\/gustavo-ariel-rosemffet-abramovich-gusti\\\/#breadcrumb\"},\"inLanguage\":\"fi\",\"potentialAction\":[{\"@type\":\"ReadAction\",\"target\":[\"https:\\\/\\\/www.kolibrifestivaali.org\\\/fi\\\/artist\\\/gustavo-ariel-rosemffet-abramovich-gusti\\\/\"]}]},{\"@type\":\"ImageObject\",\"inLanguage\":\"fi\",\"@id\":\"https:\\\/\\\/www.kolibrifestivaali.org\\\/fi\\\/artist\\\/gustavo-ariel-rosemffet-abramovich-gusti\\\/#primaryimage\",\"url\":\"https:\\\/\\\/www.kolibrifestivaali.org\\\/wp-content\\\/uploads\\\/2025\\\/08\\\/gusti-picture-biocopy1.jpg\",\"contentUrl\":\"https:\\\/\\\/www.kolibrifestivaali.org\\\/wp-content\\\/uploads\\\/2025\\\/08\\\/gusti-picture-biocopy1.jpg\",\"width\":466,\"height\":473},{\"@type\":\"BreadcrumbList\",\"@id\":\"https:\\\/\\\/www.kolibrifestivaali.org\\\/fi\\\/artist\\\/gustavo-ariel-rosemffet-abramovich-gusti\\\/#breadcrumb\",\"itemListElement\":[{\"@type\":\"ListItem\",\"position\":1,\"name\":\"Home\",\"item\":\"https:\\\/\\\/www.kolibrifestivaali.org\\\/fi\\\/\"},{\"@type\":\"ListItem\",\"position\":2,\"name\":\"Gustavo Ariel Rosemffet Abramovich, Gusti\"}]},{\"@type\":\"WebSite\",\"@id\":\"https:\\\/\\\/www.kolibrifestivaali.org\\\/fi\\\/#website\",\"url\":\"https:\\\/\\\/www.kolibrifestivaali.org\\\/fi\\\/\",\"name\":\"Kolibri Festivaali\",\"description\":\"Kolibri\u0301 is a unique multicultural, free and open art festival for children and their families.\",\"inLanguage\":\"fi\"}]}<\/script>\n<!-- \/ Yoast SEO plugin. -->","yoast_head_json":{"title":"Gustavo Ariel Rosemffet Abramovich, Gusti - Kolibri Festivaali","robots":{"index":"index","follow":"follow","max-snippet":"max-snippet:-1","max-image-preview":"max-image-preview:large","max-video-preview":"max-video-preview:-1"},"canonical":"https:\/\/www.kolibrifestivaali.org\/fi\/artist\/gustavo-ariel-rosemffet-abramovich-gusti\/","og_locale":"fi_FI","og_type":"article","og_title":"Gustavo Ariel Rosemffet Abramovich, Gusti - Kolibri Festivaali","og_description":"Kolibr\u00ed Festivaali on ylpe\u00e4 saadessaan Gustavo Ariel Rosemffet Abramovich, Gustin (AR) kuvittamaan virallisen kuvamme kymenett\u00e4 vuosijuhlaamme varten. Yli 40-vuotisen uransa [\u2026] Lue lis\u00e4\u00e4 &raquo;","og_url":"https:\/\/www.kolibrifestivaali.org\/fi\/artist\/gustavo-ariel-rosemffet-abramovich-gusti\/","og_site_name":"Kolibri Festivaali","article_modified_time":"2025-08-12T14:10:59+00:00","og_image":[{"width":466,"height":473,"url":"https:\/\/www.kolibrifestivaali.org\/wp-content\/uploads\/2025\/08\/gusti-picture-biocopy1.jpg","type":"image\/jpeg"}],"twitter_card":"summary_large_image","twitter_misc":{"Arvioitu lukuaika":"1 minuutti"},"schema":{"@context":"https:\/\/schema.org","@graph":[{"@type":"WebPage","@id":"https:\/\/www.kolibrifestivaali.org\/fi\/artist\/gustavo-ariel-rosemffet-abramovich-gusti\/","url":"https:\/\/www.kolibrifestivaali.org\/fi\/artist\/gustavo-ariel-rosemffet-abramovich-gusti\/","name":"Gustavo Ariel Rosemffet Abramovich, Gusti - Kolibri Festivaali","isPartOf":{"@id":"https:\/\/www.kolibrifestivaali.org\/fi\/#website"},"primaryImageOfPage":{"@id":"https:\/\/www.kolibrifestivaali.org\/fi\/artist\/gustavo-ariel-rosemffet-abramovich-gusti\/#primaryimage"},"image":{"@id":"https:\/\/www.kolibrifestivaali.org\/fi\/artist\/gustavo-ariel-rosemffet-abramovich-gusti\/#primaryimage"},"thumbnailUrl":"https:\/\/www.kolibrifestivaali.org\/wp-content\/uploads\/2025\/08\/gusti-picture-biocopy1.jpg","datePublished":"2021-08-19T21:00:00+00:00","dateModified":"2025-08-12T14:10:59+00:00","breadcrumb":{"@id":"https:\/\/www.kolibrifestivaali.org\/fi\/artist\/gustavo-ariel-rosemffet-abramovich-gusti\/#breadcrumb"},"inLanguage":"fi","potentialAction":[{"@type":"ReadAction","target":["https:\/\/www.kolibrifestivaali.org\/fi\/artist\/gustavo-ariel-rosemffet-abramovich-gusti\/"]}]},{"@type":"ImageObject","inLanguage":"fi","@id":"https:\/\/www.kolibrifestivaali.org\/fi\/artist\/gustavo-ariel-rosemffet-abramovich-gusti\/#primaryimage","url":"https:\/\/www.kolibrifestivaali.org\/wp-content\/uploads\/2025\/08\/gusti-picture-biocopy1.jpg","contentUrl":"https:\/\/www.kolibrifestivaali.org\/wp-content\/uploads\/2025\/08\/gusti-picture-biocopy1.jpg","width":466,"height":473},{"@type":"BreadcrumbList","@id":"https:\/\/www.kolibrifestivaali.org\/fi\/artist\/gustavo-ariel-rosemffet-abramovich-gusti\/#breadcrumb","itemListElement":[{"@type":"ListItem","position":1,"name":"Home","item":"https:\/\/www.kolibrifestivaali.org\/fi\/"},{"@type":"ListItem","position":2,"name":"Gustavo Ariel Rosemffet Abramovich, Gusti"}]},{"@type":"WebSite","@id":"https:\/\/www.kolibrifestivaali.org\/fi\/#website","url":"https:\/\/www.kolibrifestivaali.org\/fi\/","name":"Kolibri Festivaali","description":"Kolibri\u0301 is a unique multicultural, free and open art festival for children and their families.","inLanguage":"fi"}]}},"_links":{"self":[{"href":"https:\/\/www.kolibrifestivaali.org\/fi\/wp-json\/wp\/v2\/artist\/327638","targetHints":{"allow":["GET"]}}],"collection":[{"href":"https:\/\/www.kolibrifestivaali.org\/fi\/wp-json\/wp\/v2\/artist"}],"about":[{"href":"https:\/\/www.kolibrifestivaali.org\/fi\/wp-json\/wp\/v2\/types\/artist"}],"wp:featuredmedia":[{"embeddable":true,"href":"https:\/\/www.kolibrifestivaali.org\/fi\/wp-json\/wp\/v2\/media\/327570"}],"wp:attachment":[{"href":"https:\/\/www.kolibrifestivaali.org\/fi\/wp-json\/wp\/v2\/media?parent=327638"}],"curies":[{"name":"wp","href":"https:\/\/api.w.org\/{rel}","templated":true}]}}

<p>Kolibrí Festivaali on ylpeä saadessaan Gustavo Ariel Rosemffet Abramovich, Gustin (AR) kuvittamaan virallisen kuvamme kymenettä vuosijuhlaamme varten.  </p>
<p>Yli 40-vuotisen uransa aikana, on hän jo onnistunut ylittämään 150 kirjan julkaisukynnyksen yli 20 kielellä, kustantajilla Japanissa, Taiwanissa, Sveitsissä, Ranskassa, Espanjassa, Argentiinassa, Saksassa ja Yhdysvalloissa.   </p>
<p>Vuonna 2016 hän voitti Bologna Ragazzi -palkinnon vammaiskategoriassa henkilökohtaisella teoksellaan ”Mallko y papá” (Océano Travesía), jossa hän näyttää meille, millaista on olla isä, äiti tai sisarus Mallkolle, hänen pojalleen, jolla on Downin syndrooma.  </p>
<p>Kutsumme sinut tutustumaan häneen ja hänen työhönsä paremmin, sekä tietysti osallistumaan hänen paneeleihinsa ja työpajoihinsa festivaalin aikana! </p>
<p><a href="https://www.kolibrifestivaali.org/fi/news-archive-fi/gusti-illustrator-image-kolibri-festivaali-2025/" target="_blank"  rel="noopener">Lue lisää</a> </p>
<p><a href="https://www.cultura.gob.es/cultura/libro-bibliotecas.html" target="_blank"  rel="noopener">Espanjan kulttuuri- ja urheiluministeriön kirja-, sarjakuva- ja lukuviraston</a> ansiosta Gusti osallistuu Kolibri Festivaaliin.</p>

<!-- This site is optimized with the Yoast SEO plugin v27.5 - https://yoast.com/product/yoast-seo-wordpress/ -->
<title>Gustavo Ariel Rosemffet Abramovich, Gusti - Kolibri Festivaali</title>
<meta name="robots" content="index, follow, max-snippet:-1, max-image-preview:large, max-video-preview:-1" />
<link rel="canonical" href="https://www.kolibrifestivaali.org/fi/artist/gustavo-ariel-rosemffet-abramovich-gusti/" />
<meta property="og:locale" content="fi_FI" />
<meta property="og:type" content="article" />
<meta property="og:title" content="Gustavo Ariel Rosemffet Abramovich, Gusti - Kolibri Festivaali" />
<meta property="og:description" content="Kolibrí Festivaali on ylpeä saadessaan Gustavo Ariel Rosemffet Abramovich, Gustin (AR) kuvittamaan virallisen kuvamme kymenettä vuosijuhlaamme varten. Yli 40-vuotisen uransa […] Lue lisää &raquo;" />
<meta property="og:url" content="https://www.kolibrifestivaali.org/fi/artist/gustavo-ariel-rosemffet-abramovich-gusti/" />
<meta property="og:site_name" content="Kolibri Festivaali" />
<meta property="article:modified_time" content="2025-08-12T14:10:59+00:00" />
<meta property="og:image" content="https://www.kolibrifestivaali.org/wp-content/uploads/2025/08/gusti-picture-biocopy1.jpg" />
	<meta property="og:image:width" content="466" />
	<meta property="og:image:height" content="473" />
	<meta property="og:image:type" content="image/jpeg" />
<meta name="twitter:card" content="summary_large_image" />
<meta name="twitter:label1" content="Arvioitu lukuaika" />
	<meta name="twitter:data1" content="1 minuutti" />
<script type="application/ld+json" class="yoast-schema-graph">{"@context":"https:\/\/schema.org","@graph":[{"@type":"WebPage","@id":"https:\/\/www.kolibrifestivaali.org\/fi\/artist\/gustavo-ariel-rosemffet-abramovich-gusti\/","url":"https:\/\/www.kolibrifestivaali.org\/fi\/artist\/gustavo-ariel-rosemffet-abramovich-gusti\/","name":"Gustavo Ariel Rosemffet Abramovich, Gusti - Kolibri Festivaali","isPartOf":{"@id":"https:\/\/www.kolibrifestivaali.org\/fi\/#website"},"primaryImageOfPage":{"@id":"https:\/\/www.kolibrifestivaali.org\/fi\/artist\/gustavo-ariel-rosemffet-abramovich-gusti\/#primaryimage"},"image":{"@id":"https:\/\/www.kolibrifestivaali.org\/fi\/artist\/gustavo-ariel-rosemffet-abramovich-gusti\/#primaryimage"},"thumbnailUrl":"https:\/\/www.kolibrifestivaali.org\/wp-content\/uploads\/2025\/08\/gusti-picture-biocopy1.jpg","datePublished":"2021-08-19T21:00:00+00:00","dateModified":"2025-08-12T14:10:59+00:00","breadcrumb":{"@id":"https:\/\/www.kolibrifestivaali.org\/fi\/artist\/gustavo-ariel-rosemffet-abramovich-gusti\/#breadcrumb"},"inLanguage":"fi","potentialAction":[{"@type":"ReadAction","target":["https:\/\/www.kolibrifestivaali.org\/fi\/artist\/gustavo-ariel-rosemffet-abramovich-gusti\/"]}]},{"@type":"ImageObject","inLanguage":"fi","@id":"https:\/\/www.kolibrifestivaali.org\/fi\/artist\/gustavo-ariel-rosemffet-abramovich-gusti\/#primaryimage","url":"https:\/\/www.kolibrifestivaali.org\/wp-content\/uploads\/2025\/08\/gusti-picture-biocopy1.jpg","contentUrl":"https:\/\/www.kolibrifestivaali.org\/wp-content\/uploads\/2025\/08\/gusti-picture-biocopy1.jpg","width":466,"height":473},{"@type":"BreadcrumbList","@id":"https:\/\/www.kolibrifestivaali.org\/fi\/artist\/gustavo-ariel-rosemffet-abramovich-gusti\/#breadcrumb","itemListElement":[{"@type":"ListItem","position":1,"name":"Home","item":"https:\/\/www.kolibrifestivaali.org\/fi\/"},{"@type":"ListItem","position":2,"name":"Gustavo Ariel Rosemffet Abramovich, Gusti"}]},{"@type":"WebSite","@id":"https:\/\/www.kolibrifestivaali.org\/fi\/#website","url":"https:\/\/www.kolibrifestivaali.org\/fi\/","name":"Kolibri Festivaali","description":"Kolibrí is a unique multicultural, free and open art festival for children and their families.","inLanguage":"fi"}]}</script>
<!-- / Yoast SEO plugin. -->

Kolibrí Festivaali on ylpeä saadessaan Gustavo Ariel Rosemffet Abramovich, Gustin (AR) kuvittamaan virallisen kuvamme kymenettä vuosijuhlaamme varten. Yli 40-vuotisen uransa […] Lue lisää &raquo;
