{"id":327627,"date":"2021-08-20T00:00:00","date_gmt":"2021-08-19T21:00:00","guid":{"rendered":"https:\/\/www.kolibrifestivaali.org\/artist\/petra-biret-magga-vars\/"},"modified":"2025-08-12T17:10:57","modified_gmt":"2025-08-12T14:10:57","slug":"petra-biret-magga-vars","status":"publish","type":"artist","link":"https:\/\/www.kolibrifestivaali.org\/fi\/artist\/petra-biret-magga-vars\/","title":{"rendered":"Petra Biret Magga-Vars"},"content":{"rendered":"<p>Petra Biret Magga-Vars on saamelainen taiteilija, poliitikko ja kulttuurikasvattaja. H\u00e4nell\u00e4 on kasvatustieteen maisterin tutkinto, ja h\u00e4n on ty\u00f6skennellyt 20 vuotta Saamelaisen Lastenkulttuurikeskuksen johtajana.  <\/p>\n<p>Vuotsossa saamelaisperheeseen syntynyt Petra on erikoistunut yhteis\u00f6ns\u00e4 perinteiseen tietoon ja taitoihin, osallistuen joikuperinteen elvytt\u00e4miseen. T\u00e4ll\u00e4 hetkell\u00e4 h\u00e4n ty\u00f6skentelee ensimm\u00e4isen saamelaisen perinnemusiikkialbuminsa debyytin parissa.<\/p>\n<p>Davvis\u00e1megiella:<\/p>\n<p>Petra Biret Magga-Vars lea s\u00e1pmela\u0161 juoigi, politihkar ja kulturbaj\u00e1sgeassi. Sus lea pedagogihka magistara dutkkus, ja son lea bargan 20 jagi S\u00e1mi M\u00e1n\u00e1idkulturguovdd\u00e1\u017ea jo\u0111iheaddjin. <\/p>\n<p>Vuoh\u010dus s\u00e1mebearra\u0161ii rieg\u00e1dan Petra lea sikten servo\u0161is \u00e1rbevirola\u0161 dihtui ja d\u00e1idduide, ja oass\u00e1last\u00e1n luohte\u00e1rbbi eal\u00e1skahttimii. D\u00e1l son barg\u00e1 vuosttas s\u00e1mi \u00e1rbevirola\u0161 musihkaalbumas debyhtain.<\/p>\n","protected":false},"featured_media":327504,"menu_order":0,"template":"","class_list":["post-327627","artist","type-artist","status-publish","has-post-thumbnail","hentry"],"acf":[],"yoast_head":"<!-- This site is optimized with the Yoast SEO plugin v27.4 - https:\/\/yoast.com\/product\/yoast-seo-wordpress\/ -->\n<title>Petra Biret Magga-Vars - Kolibri Festivaali<\/title>\n<meta name=\"robots\" content=\"index, follow, max-snippet:-1, max-image-preview:large, max-video-preview:-1\" \/>\n<link rel=\"canonical\" href=\"https:\/\/www.kolibrifestivaali.org\/fi\/artist\/petra-biret-magga-vars\/\" \/>\n<meta property=\"og:locale\" content=\"fi_FI\" \/>\n<meta property=\"og:type\" content=\"article\" \/>\n<meta property=\"og:title\" content=\"Petra Biret Magga-Vars - Kolibri Festivaali\" \/>\n<meta property=\"og:description\" content=\"Petra Biret Magga-Vars on saamelainen taiteilija, poliitikko ja kulttuurikasvattaja. H\u00e4nell\u00e4 on kasvatustieteen maisterin tutkinto, ja h\u00e4n on ty\u00f6skennellyt 20 vuotta [\u2026] Lue lis\u00e4\u00e4 &raquo;\" \/>\n<meta property=\"og:url\" content=\"https:\/\/www.kolibrifestivaali.org\/fi\/artist\/petra-biret-magga-vars\/\" \/>\n<meta property=\"og:site_name\" content=\"Kolibri Festivaali\" \/>\n<meta property=\"article:modified_time\" content=\"2025-08-12T14:10:57+00:00\" \/>\n<meta property=\"og:image\" content=\"https:\/\/www.kolibrifestivaali.org\/wp-content\/uploads\/2025\/08\/petrabiretpicture.jpg\" \/>\n\t<meta property=\"og:image:width\" content=\"463\" \/>\n\t<meta property=\"og:image:height\" content=\"337\" \/>\n\t<meta property=\"og:image:type\" content=\"image\/jpeg\" \/>\n<meta name=\"twitter:card\" content=\"summary_large_image\" \/>\n<meta name=\"twitter:label1\" content=\"Arvioitu lukuaika\" \/>\n\t<meta name=\"twitter:data1\" content=\"1 minuutti\" \/>\n<script type=\"application\/ld+json\" class=\"yoast-schema-graph\">{\"@context\":\"https:\\\/\\\/schema.org\",\"@graph\":[{\"@type\":\"WebPage\",\"@id\":\"https:\\\/\\\/www.kolibrifestivaali.org\\\/fi\\\/artist\\\/petra-biret-magga-vars\\\/\",\"url\":\"https:\\\/\\\/www.kolibrifestivaali.org\\\/fi\\\/artist\\\/petra-biret-magga-vars\\\/\",\"name\":\"Petra Biret Magga-Vars - Kolibri Festivaali\",\"isPartOf\":{\"@id\":\"https:\\\/\\\/www.kolibrifestivaali.org\\\/fi\\\/#website\"},\"primaryImageOfPage\":{\"@id\":\"https:\\\/\\\/www.kolibrifestivaali.org\\\/fi\\\/artist\\\/petra-biret-magga-vars\\\/#primaryimage\"},\"image\":{\"@id\":\"https:\\\/\\\/www.kolibrifestivaali.org\\\/fi\\\/artist\\\/petra-biret-magga-vars\\\/#primaryimage\"},\"thumbnailUrl\":\"https:\\\/\\\/www.kolibrifestivaali.org\\\/wp-content\\\/uploads\\\/2025\\\/08\\\/petrabiretpicture.jpg\",\"datePublished\":\"2021-08-19T21:00:00+00:00\",\"dateModified\":\"2025-08-12T14:10:57+00:00\",\"breadcrumb\":{\"@id\":\"https:\\\/\\\/www.kolibrifestivaali.org\\\/fi\\\/artist\\\/petra-biret-magga-vars\\\/#breadcrumb\"},\"inLanguage\":\"fi\",\"potentialAction\":[{\"@type\":\"ReadAction\",\"target\":[\"https:\\\/\\\/www.kolibrifestivaali.org\\\/fi\\\/artist\\\/petra-biret-magga-vars\\\/\"]}]},{\"@type\":\"ImageObject\",\"inLanguage\":\"fi\",\"@id\":\"https:\\\/\\\/www.kolibrifestivaali.org\\\/fi\\\/artist\\\/petra-biret-magga-vars\\\/#primaryimage\",\"url\":\"https:\\\/\\\/www.kolibrifestivaali.org\\\/wp-content\\\/uploads\\\/2025\\\/08\\\/petrabiretpicture.jpg\",\"contentUrl\":\"https:\\\/\\\/www.kolibrifestivaali.org\\\/wp-content\\\/uploads\\\/2025\\\/08\\\/petrabiretpicture.jpg\",\"width\":463,\"height\":337},{\"@type\":\"BreadcrumbList\",\"@id\":\"https:\\\/\\\/www.kolibrifestivaali.org\\\/fi\\\/artist\\\/petra-biret-magga-vars\\\/#breadcrumb\",\"itemListElement\":[{\"@type\":\"ListItem\",\"position\":1,\"name\":\"Home\",\"item\":\"https:\\\/\\\/www.kolibrifestivaali.org\\\/fi\\\/\"},{\"@type\":\"ListItem\",\"position\":2,\"name\":\"Petra Biret Magga-Vars\"}]},{\"@type\":\"WebSite\",\"@id\":\"https:\\\/\\\/www.kolibrifestivaali.org\\\/fi\\\/#website\",\"url\":\"https:\\\/\\\/www.kolibrifestivaali.org\\\/fi\\\/\",\"name\":\"Kolibri Festivaali\",\"description\":\"Kolibri\u0301 is a unique multicultural, free and open art festival for children and their families.\",\"inLanguage\":\"fi\"}]}<\/script>\n<!-- \/ Yoast SEO plugin. -->","yoast_head_json":{"title":"Petra Biret Magga-Vars - Kolibri Festivaali","robots":{"index":"index","follow":"follow","max-snippet":"max-snippet:-1","max-image-preview":"max-image-preview:large","max-video-preview":"max-video-preview:-1"},"canonical":"https:\/\/www.kolibrifestivaali.org\/fi\/artist\/petra-biret-magga-vars\/","og_locale":"fi_FI","og_type":"article","og_title":"Petra Biret Magga-Vars - Kolibri Festivaali","og_description":"Petra Biret Magga-Vars on saamelainen taiteilija, poliitikko ja kulttuurikasvattaja. H\u00e4nell\u00e4 on kasvatustieteen maisterin tutkinto, ja h\u00e4n on ty\u00f6skennellyt 20 vuotta [\u2026] Lue lis\u00e4\u00e4 &raquo;","og_url":"https:\/\/www.kolibrifestivaali.org\/fi\/artist\/petra-biret-magga-vars\/","og_site_name":"Kolibri Festivaali","article_modified_time":"2025-08-12T14:10:57+00:00","og_image":[{"width":463,"height":337,"url":"https:\/\/www.kolibrifestivaali.org\/wp-content\/uploads\/2025\/08\/petrabiretpicture.jpg","type":"image\/jpeg"}],"twitter_card":"summary_large_image","twitter_misc":{"Arvioitu lukuaika":"1 minuutti"},"schema":{"@context":"https:\/\/schema.org","@graph":[{"@type":"WebPage","@id":"https:\/\/www.kolibrifestivaali.org\/fi\/artist\/petra-biret-magga-vars\/","url":"https:\/\/www.kolibrifestivaali.org\/fi\/artist\/petra-biret-magga-vars\/","name":"Petra Biret Magga-Vars - Kolibri Festivaali","isPartOf":{"@id":"https:\/\/www.kolibrifestivaali.org\/fi\/#website"},"primaryImageOfPage":{"@id":"https:\/\/www.kolibrifestivaali.org\/fi\/artist\/petra-biret-magga-vars\/#primaryimage"},"image":{"@id":"https:\/\/www.kolibrifestivaali.org\/fi\/artist\/petra-biret-magga-vars\/#primaryimage"},"thumbnailUrl":"https:\/\/www.kolibrifestivaali.org\/wp-content\/uploads\/2025\/08\/petrabiretpicture.jpg","datePublished":"2021-08-19T21:00:00+00:00","dateModified":"2025-08-12T14:10:57+00:00","breadcrumb":{"@id":"https:\/\/www.kolibrifestivaali.org\/fi\/artist\/petra-biret-magga-vars\/#breadcrumb"},"inLanguage":"fi","potentialAction":[{"@type":"ReadAction","target":["https:\/\/www.kolibrifestivaali.org\/fi\/artist\/petra-biret-magga-vars\/"]}]},{"@type":"ImageObject","inLanguage":"fi","@id":"https:\/\/www.kolibrifestivaali.org\/fi\/artist\/petra-biret-magga-vars\/#primaryimage","url":"https:\/\/www.kolibrifestivaali.org\/wp-content\/uploads\/2025\/08\/petrabiretpicture.jpg","contentUrl":"https:\/\/www.kolibrifestivaali.org\/wp-content\/uploads\/2025\/08\/petrabiretpicture.jpg","width":463,"height":337},{"@type":"BreadcrumbList","@id":"https:\/\/www.kolibrifestivaali.org\/fi\/artist\/petra-biret-magga-vars\/#breadcrumb","itemListElement":[{"@type":"ListItem","position":1,"name":"Home","item":"https:\/\/www.kolibrifestivaali.org\/fi\/"},{"@type":"ListItem","position":2,"name":"Petra Biret Magga-Vars"}]},{"@type":"WebSite","@id":"https:\/\/www.kolibrifestivaali.org\/fi\/#website","url":"https:\/\/www.kolibrifestivaali.org\/fi\/","name":"Kolibri Festivaali","description":"Kolibri\u0301 is a unique multicultural, free and open art festival for children and their families.","inLanguage":"fi"}]}},"_links":{"self":[{"href":"https:\/\/www.kolibrifestivaali.org\/fi\/wp-json\/wp\/v2\/artist\/327627","targetHints":{"allow":["GET"]}}],"collection":[{"href":"https:\/\/www.kolibrifestivaali.org\/fi\/wp-json\/wp\/v2\/artist"}],"about":[{"href":"https:\/\/www.kolibrifestivaali.org\/fi\/wp-json\/wp\/v2\/types\/artist"}],"wp:featuredmedia":[{"embeddable":true,"href":"https:\/\/www.kolibrifestivaali.org\/fi\/wp-json\/wp\/v2\/media\/327504"}],"wp:attachment":[{"href":"https:\/\/www.kolibrifestivaali.org\/fi\/wp-json\/wp\/v2\/media?parent=327627"}],"curies":[{"name":"wp","href":"https:\/\/api.w.org\/{rel}","templated":true}]}}

<p>Petra Biret Magga-Vars on saamelainen taiteilija, poliitikko ja kulttuurikasvattaja. Hänellä on kasvatustieteen maisterin tutkinto, ja hän on työskennellyt 20 vuotta Saamelaisen Lastenkulttuurikeskuksen johtajana.  </p>
<p>Vuotsossa saamelaisperheeseen syntynyt Petra on erikoistunut yhteisönsä perinteiseen tietoon ja taitoihin, osallistuen joikuperinteen elvyttämiseen. Tällä hetkellä hän työskentelee ensimmäisen saamelaisen perinnemusiikkialbuminsa debyytin parissa.</p>
<p>Davvisámegiella:</p>
<p>Petra Biret Magga-Vars lea sápmelaš juoigi, politihkar ja kulturbajásgeassi. Sus lea pedagogihka magistara dutkkus, ja son lea bargan 20 jagi Sámi Mánáidkulturguovddáža jođiheaddjin. </p>
<p>Vuohčus sámebearrašii riegádan Petra lea sikten servošis árbevirolaš dihtui ja dáidduide, ja oassálastán luohteárbbi ealáskahttimii. Dál son bargá vuosttas sámi árbevirolaš musihkaalbumas debyhtain.</p>

<!-- This site is optimized with the Yoast SEO plugin v27.4 - https://yoast.com/product/yoast-seo-wordpress/ -->
<title>Petra Biret Magga-Vars - Kolibri Festivaali</title>
<meta name="robots" content="index, follow, max-snippet:-1, max-image-preview:large, max-video-preview:-1" />
<link rel="canonical" href="https://www.kolibrifestivaali.org/fi/artist/petra-biret-magga-vars/" />
<meta property="og:locale" content="fi_FI" />
<meta property="og:type" content="article" />
<meta property="og:title" content="Petra Biret Magga-Vars - Kolibri Festivaali" />
<meta property="og:description" content="Petra Biret Magga-Vars on saamelainen taiteilija, poliitikko ja kulttuurikasvattaja. Hänellä on kasvatustieteen maisterin tutkinto, ja hän on työskennellyt 20 vuotta […] Lue lisää &raquo;" />
<meta property="og:url" content="https://www.kolibrifestivaali.org/fi/artist/petra-biret-magga-vars/" />
<meta property="og:site_name" content="Kolibri Festivaali" />
<meta property="article:modified_time" content="2025-08-12T14:10:57+00:00" />
<meta property="og:image" content="https://www.kolibrifestivaali.org/wp-content/uploads/2025/08/petrabiretpicture.jpg" />
	<meta property="og:image:width" content="463" />
	<meta property="og:image:height" content="337" />
	<meta property="og:image:type" content="image/jpeg" />
<meta name="twitter:card" content="summary_large_image" />
<meta name="twitter:label1" content="Arvioitu lukuaika" />
	<meta name="twitter:data1" content="1 minuutti" />
<script type="application/ld+json" class="yoast-schema-graph">{"@context":"https:\/\/schema.org","@graph":[{"@type":"WebPage","@id":"https:\/\/www.kolibrifestivaali.org\/fi\/artist\/petra-biret-magga-vars\/","url":"https:\/\/www.kolibrifestivaali.org\/fi\/artist\/petra-biret-magga-vars\/","name":"Petra Biret Magga-Vars - Kolibri Festivaali","isPartOf":{"@id":"https:\/\/www.kolibrifestivaali.org\/fi\/#website"},"primaryImageOfPage":{"@id":"https:\/\/www.kolibrifestivaali.org\/fi\/artist\/petra-biret-magga-vars\/#primaryimage"},"image":{"@id":"https:\/\/www.kolibrifestivaali.org\/fi\/artist\/petra-biret-magga-vars\/#primaryimage"},"thumbnailUrl":"https:\/\/www.kolibrifestivaali.org\/wp-content\/uploads\/2025\/08\/petrabiretpicture.jpg","datePublished":"2021-08-19T21:00:00+00:00","dateModified":"2025-08-12T14:10:57+00:00","breadcrumb":{"@id":"https:\/\/www.kolibrifestivaali.org\/fi\/artist\/petra-biret-magga-vars\/#breadcrumb"},"inLanguage":"fi","potentialAction":[{"@type":"ReadAction","target":["https:\/\/www.kolibrifestivaali.org\/fi\/artist\/petra-biret-magga-vars\/"]}]},{"@type":"ImageObject","inLanguage":"fi","@id":"https:\/\/www.kolibrifestivaali.org\/fi\/artist\/petra-biret-magga-vars\/#primaryimage","url":"https:\/\/www.kolibrifestivaali.org\/wp-content\/uploads\/2025\/08\/petrabiretpicture.jpg","contentUrl":"https:\/\/www.kolibrifestivaali.org\/wp-content\/uploads\/2025\/08\/petrabiretpicture.jpg","width":463,"height":337},{"@type":"BreadcrumbList","@id":"https:\/\/www.kolibrifestivaali.org\/fi\/artist\/petra-biret-magga-vars\/#breadcrumb","itemListElement":[{"@type":"ListItem","position":1,"name":"Home","item":"https:\/\/www.kolibrifestivaali.org\/fi\/"},{"@type":"ListItem","position":2,"name":"Petra Biret Magga-Vars"}]},{"@type":"WebSite","@id":"https:\/\/www.kolibrifestivaali.org\/fi\/#website","url":"https:\/\/www.kolibrifestivaali.org\/fi\/","name":"Kolibri Festivaali","description":"Kolibrí is a unique multicultural, free and open art festival for children and their families.","inLanguage":"fi"}]}</script>
<!-- / Yoast SEO plugin. -->

Petra Biret Magga-Vars on saamelainen taiteilija, poliitikko ja kulttuurikasvattaja. Hänellä on kasvatustieteen maisterin tutkinto, ja hän on työskennellyt 20 vuotta […] Lue lisää &raquo;
