{"id":328014,"date":"2021-08-20T00:00:00","date_gmt":"2021-08-19T21:00:00","guid":{"rendered":"https:\/\/www.kolibrifestivaali.org\/event\/ventanas-para-mirar-lo-diferente-creatividad-imagen-y-expresion\/"},"modified":"2025-08-15T12:30:40","modified_gmt":"2025-08-15T09:30:40","slug":"ventanas-para-mirar-lo-diferente-creatividad-imagen-y-expresion","status":"publish","type":"event","link":"https:\/\/www.kolibrifestivaali.org\/es\/event\/ventanas-para-mirar-lo-diferente-creatividad-imagen-y-expresion\/","title":{"rendered":"Ventanas para mirar lo diferente: creatividad, imagen y expresi\u00f3n"},"content":{"rendered":"<p>El autor e ilustrador argentino Gusti Rosemffet facilitar\u00e1 un taller profesional dirigido a educadores que trabajan con personas con discapacidad. <\/p>\n<p>Esta sesi\u00f3n, que combina teor\u00eda y pr\u00e1ctica, presenta el enfoque de educaci\u00f3n art\u00edstica inclusiva desarrollado por <a href=\"https:\/\/www.windown.org\/\" target=\"_blank\"  rel=\"noopener\">Windown<\/a>, una escuela de arte sin \u00e1nimo de lucro con sede en Barcelona. Windown, cofundada por Gusti, ofrece espacios creativos para personas con discapacidades intelectuales y f\u00edsicas. <\/p>\n<p>Como Gusti explica, \u201cel arte es una herramienta fant\u00e1stica, sin manual de instrucciones. En el arte no existe la discapacidad. Cualquiera puede usarlo sin importar la edad, color de piel, sexo o discapacidad\u201d. <\/p>\n<p>Acompa\u00f1a a Gusti para descubrir c\u00f3mo el arte puede ser una herramienta de inclusi\u00f3n, expresi\u00f3n y empoderamiento, potenciando las habilidades \u00fanicas de cada participante y generando conciencia sobre la exclusi\u00f3n social. <\/p>\n<p>\u201cNo a las discapacidades, s\u00ed a las capacidades\u00bb. \u2013 Gusti <\/p>\n<p>\u26a0\ufe0f Plazas muy limitadas y con lista de espera. Puedes registrarte rellenando el <a href=\"https:\/\/forms.office.com\/e\/gtJLisCiq9\" target=\"_blank\"  rel=\"noopener\">formulario<\/a>.<\/p>\n<p>Para m\u00e1s informaci\u00f3n, escr\u00edbenos a <a href=\"mailto:info@ninho.fi\">info@ninho.fi<\/a> <\/p>\n<p>La participaci\u00f3n de Gusti es gracias al apoyo de <a href=\"https:\/\/www.cultura.gob.es\/cultura\/libro-bibliotecas.html\" target=\"_blank\"  rel=\"noopener\">Direcci\u00f3n General del Libro, del C\u00f3mic y de la Lectura del Ministerio de Cultura y Deportes de Espa\u00f1a<\/a>. Esta actividad es posible tambi\u00e9n gracias a la colaboraci\u00f3n de <a href=\"https:\/\/www.livesaatio.fi\/opisto\/hakijalle\/telma-koulutus\/toimipaikat\/leppavaara\" target=\"_blank\"  rel=\"noopener\">Ammattiopisto LIVE<\/a>.<\/p>\n","protected":false},"featured_media":0,"template":"","activity_categories":[1045],"ages":[160],"languages":[47],"class_list":["post-328014","event","type-event","status-publish","hentry","activity_categories-kolibri-ilustrador-2025","ages-m-for-professionals-es","languages-a-en-es"],"acf":[],"yoast_head":"<!-- This site is optimized with the Yoast SEO plugin v27.4 - https:\/\/yoast.com\/product\/yoast-seo-wordpress\/ -->\n<title>Ventanas para mirar lo diferente: creatividad, imagen y expresi\u00f3n - Kolibri Festivaali<\/title>\n<meta name=\"robots\" content=\"index, follow, max-snippet:-1, max-image-preview:large, max-video-preview:-1\" \/>\n<link rel=\"canonical\" href=\"https:\/\/www.kolibrifestivaali.org\/es\/event\/ventanas-para-mirar-lo-diferente-creatividad-imagen-y-expresion\/\" \/>\n<meta property=\"og:locale\" content=\"es_ES\" \/>\n<meta property=\"og:type\" content=\"article\" \/>\n<meta property=\"og:title\" content=\"Ventanas para mirar lo diferente: creatividad, imagen y expresi\u00f3n - Kolibri Festivaali\" \/>\n<meta property=\"og:description\" content=\"El autor e ilustrador argentino Gusti Rosemffet facilitar\u00e1 un taller profesional dirigido a educadores que trabajan con personas con discapacidad. [\u2026] Lue lis\u00e4\u00e4 &raquo;\" \/>\n<meta property=\"og:url\" content=\"https:\/\/www.kolibrifestivaali.org\/es\/event\/ventanas-para-mirar-lo-diferente-creatividad-imagen-y-expresion\/\" \/>\n<meta property=\"og:site_name\" content=\"Kolibri Festivaali\" \/>\n<meta property=\"article:modified_time\" content=\"2025-08-15T09:30:40+00:00\" \/>\n<meta name=\"twitter:card\" content=\"summary_large_image\" \/>\n<meta name=\"twitter:label1\" content=\"Tiempo de lectura\" \/>\n\t<meta name=\"twitter:data1\" content=\"1 minuto\" \/>\n<script type=\"application\/ld+json\" class=\"yoast-schema-graph\">{\"@context\":\"https:\\\/\\\/schema.org\",\"@graph\":[{\"@type\":\"WebPage\",\"@id\":\"https:\\\/\\\/www.kolibrifestivaali.org\\\/es\\\/event\\\/ventanas-para-mirar-lo-diferente-creatividad-imagen-y-expresion\\\/\",\"url\":\"https:\\\/\\\/www.kolibrifestivaali.org\\\/es\\\/event\\\/ventanas-para-mirar-lo-diferente-creatividad-imagen-y-expresion\\\/\",\"name\":\"Ventanas para mirar lo diferente: creatividad, imagen y expresi\u00f3n - Kolibri Festivaali\",\"isPartOf\":{\"@id\":\"https:\\\/\\\/www.kolibrifestivaali.org\\\/es\\\/#website\"},\"datePublished\":\"2021-08-19T21:00:00+00:00\",\"dateModified\":\"2025-08-15T09:30:40+00:00\",\"breadcrumb\":{\"@id\":\"https:\\\/\\\/www.kolibrifestivaali.org\\\/es\\\/event\\\/ventanas-para-mirar-lo-diferente-creatividad-imagen-y-expresion\\\/#breadcrumb\"},\"inLanguage\":\"es\",\"potentialAction\":[{\"@type\":\"ReadAction\",\"target\":[\"https:\\\/\\\/www.kolibrifestivaali.org\\\/es\\\/event\\\/ventanas-para-mirar-lo-diferente-creatividad-imagen-y-expresion\\\/\"]}]},{\"@type\":\"BreadcrumbList\",\"@id\":\"https:\\\/\\\/www.kolibrifestivaali.org\\\/es\\\/event\\\/ventanas-para-mirar-lo-diferente-creatividad-imagen-y-expresion\\\/#breadcrumb\",\"itemListElement\":[{\"@type\":\"ListItem\",\"position\":1,\"name\":\"Home\",\"item\":\"https:\\\/\\\/www.kolibrifestivaali.org\\\/es\\\/\"},{\"@type\":\"ListItem\",\"position\":2,\"name\":\"Ventanas para mirar lo diferente: creatividad, imagen y expresi\u00f3n\"}]},{\"@type\":\"WebSite\",\"@id\":\"https:\\\/\\\/www.kolibrifestivaali.org\\\/es\\\/#website\",\"url\":\"https:\\\/\\\/www.kolibrifestivaali.org\\\/es\\\/\",\"name\":\"Kolibri Festivaali\",\"description\":\"Kolibri\u0301 is a unique multicultural, free and open art festival for children and their families.\",\"inLanguage\":\"es\"}]}<\/script>\n<!-- \/ Yoast SEO plugin. -->","yoast_head_json":{"title":"Ventanas para mirar lo diferente: creatividad, imagen y expresi\u00f3n - Kolibri Festivaali","robots":{"index":"index","follow":"follow","max-snippet":"max-snippet:-1","max-image-preview":"max-image-preview:large","max-video-preview":"max-video-preview:-1"},"canonical":"https:\/\/www.kolibrifestivaali.org\/es\/event\/ventanas-para-mirar-lo-diferente-creatividad-imagen-y-expresion\/","og_locale":"es_ES","og_type":"article","og_title":"Ventanas para mirar lo diferente: creatividad, imagen y expresi\u00f3n - Kolibri Festivaali","og_description":"El autor e ilustrador argentino Gusti Rosemffet facilitar\u00e1 un taller profesional dirigido a educadores que trabajan con personas con discapacidad. [\u2026] Lue lis\u00e4\u00e4 &raquo;","og_url":"https:\/\/www.kolibrifestivaali.org\/es\/event\/ventanas-para-mirar-lo-diferente-creatividad-imagen-y-expresion\/","og_site_name":"Kolibri Festivaali","article_modified_time":"2025-08-15T09:30:40+00:00","twitter_card":"summary_large_image","twitter_misc":{"Tiempo de lectura":"1 minuto"},"schema":{"@context":"https:\/\/schema.org","@graph":[{"@type":"WebPage","@id":"https:\/\/www.kolibrifestivaali.org\/es\/event\/ventanas-para-mirar-lo-diferente-creatividad-imagen-y-expresion\/","url":"https:\/\/www.kolibrifestivaali.org\/es\/event\/ventanas-para-mirar-lo-diferente-creatividad-imagen-y-expresion\/","name":"Ventanas para mirar lo diferente: creatividad, imagen y expresi\u00f3n - Kolibri Festivaali","isPartOf":{"@id":"https:\/\/www.kolibrifestivaali.org\/es\/#website"},"datePublished":"2021-08-19T21:00:00+00:00","dateModified":"2025-08-15T09:30:40+00:00","breadcrumb":{"@id":"https:\/\/www.kolibrifestivaali.org\/es\/event\/ventanas-para-mirar-lo-diferente-creatividad-imagen-y-expresion\/#breadcrumb"},"inLanguage":"es","potentialAction":[{"@type":"ReadAction","target":["https:\/\/www.kolibrifestivaali.org\/es\/event\/ventanas-para-mirar-lo-diferente-creatividad-imagen-y-expresion\/"]}]},{"@type":"BreadcrumbList","@id":"https:\/\/www.kolibrifestivaali.org\/es\/event\/ventanas-para-mirar-lo-diferente-creatividad-imagen-y-expresion\/#breadcrumb","itemListElement":[{"@type":"ListItem","position":1,"name":"Home","item":"https:\/\/www.kolibrifestivaali.org\/es\/"},{"@type":"ListItem","position":2,"name":"Ventanas para mirar lo diferente: creatividad, imagen y expresi\u00f3n"}]},{"@type":"WebSite","@id":"https:\/\/www.kolibrifestivaali.org\/es\/#website","url":"https:\/\/www.kolibrifestivaali.org\/es\/","name":"Kolibri Festivaali","description":"Kolibri\u0301 is a unique multicultural, free and open art festival for children and their families.","inLanguage":"es"}]}},"_links":{"self":[{"href":"https:\/\/www.kolibrifestivaali.org\/es\/wp-json\/wp\/v2\/event\/328014","targetHints":{"allow":["GET"]}}],"collection":[{"href":"https:\/\/www.kolibrifestivaali.org\/es\/wp-json\/wp\/v2\/event"}],"about":[{"href":"https:\/\/www.kolibrifestivaali.org\/es\/wp-json\/wp\/v2\/types\/event"}],"wp:attachment":[{"href":"https:\/\/www.kolibrifestivaali.org\/es\/wp-json\/wp\/v2\/media?parent=328014"}],"wp:term":[{"taxonomy":"activity_categories","embeddable":true,"href":"https:\/\/www.kolibrifestivaali.org\/es\/wp-json\/wp\/v2\/activity_categories?post=328014"},{"taxonomy":"ages","embeddable":true,"href":"https:\/\/www.kolibrifestivaali.org\/es\/wp-json\/wp\/v2\/ages?post=328014"},{"taxonomy":"languages","embeddable":true,"href":"https:\/\/www.kolibrifestivaali.org\/es\/wp-json\/wp\/v2\/languages?post=328014"}],"curies":[{"name":"wp","href":"https:\/\/api.w.org\/{rel}","templated":true}]}}

Ventanas para mirar lo diferente: creatividad, imagen y expresión

<p>El autor e ilustrador argentino Gusti Rosemffet facilitará un taller profesional dirigido a educadores que trabajan con personas con discapacidad. </p>
<p>Esta sesión, que combina teoría y práctica, presenta el enfoque de educación artística inclusiva desarrollado por <a href="https://www.windown.org/" target="_blank"  rel="noopener">Windown</a>, una escuela de arte sin ánimo de lucro con sede en Barcelona. Windown, cofundada por Gusti, ofrece espacios creativos para personas con discapacidades intelectuales y físicas. </p>
<p>Como Gusti explica, “el arte es una herramienta fantástica, sin manual de instrucciones. En el arte no existe la discapacidad. Cualquiera puede usarlo sin importar la edad, color de piel, sexo o discapacidad”. </p>
<p>Acompaña a Gusti para descubrir cómo el arte puede ser una herramienta de inclusión, expresión y empoderamiento, potenciando las habilidades únicas de cada participante y generando conciencia sobre la exclusión social. </p>
<p>“No a las discapacidades, sí a las capacidades». – Gusti </p>
<p>⚠️ Plazas muy limitadas y con lista de espera. Puedes registrarte rellenando el <a href="https://forms.office.com/e/gtJLisCiq9" target="_blank"  rel="noopener">formulario</a>.</p>
<p>Para más información, escríbenos a <a href="mailto:info@ninho.fi">info@ninho.fi</a> </p>
<p>La participación de Gusti es gracias al apoyo de <a href="https://www.cultura.gob.es/cultura/libro-bibliotecas.html" target="_blank"  rel="noopener">Dirección General del Libro, del Cómic y de la Lectura del Ministerio de Cultura y Deportes de España</a>. Esta actividad es posible también gracias a la colaboración de <a href="https://www.livesaatio.fi/opisto/hakijalle/telma-koulutus/toimipaikat/leppavaara" target="_blank"  rel="noopener">Ammattiopisto LIVE</a>.</p>

<!-- This site is optimized with the Yoast SEO plugin v27.4 - https://yoast.com/product/yoast-seo-wordpress/ -->
<title>Ventanas para mirar lo diferente: creatividad, imagen y expresión - Kolibri Festivaali</title>
<meta name="robots" content="index, follow, max-snippet:-1, max-image-preview:large, max-video-preview:-1" />
<link rel="canonical" href="https://www.kolibrifestivaali.org/es/event/ventanas-para-mirar-lo-diferente-creatividad-imagen-y-expresion/" />
<meta property="og:locale" content="es_ES" />
<meta property="og:type" content="article" />
<meta property="og:title" content="Ventanas para mirar lo diferente: creatividad, imagen y expresión - Kolibri Festivaali" />
<meta property="og:description" content="El autor e ilustrador argentino Gusti Rosemffet facilitará un taller profesional dirigido a educadores que trabajan con personas con discapacidad. […] Lue lisää &raquo;" />
<meta property="og:url" content="https://www.kolibrifestivaali.org/es/event/ventanas-para-mirar-lo-diferente-creatividad-imagen-y-expresion/" />
<meta property="og:site_name" content="Kolibri Festivaali" />
<meta property="article:modified_time" content="2025-08-15T09:30:40+00:00" />
<meta name="twitter:card" content="summary_large_image" />
<meta name="twitter:label1" content="Tiempo de lectura" />
	<meta name="twitter:data1" content="1 minuto" />
<script type="application/ld+json" class="yoast-schema-graph">{"@context":"https:\/\/schema.org","@graph":[{"@type":"WebPage","@id":"https:\/\/www.kolibrifestivaali.org\/es\/event\/ventanas-para-mirar-lo-diferente-creatividad-imagen-y-expresion\/","url":"https:\/\/www.kolibrifestivaali.org\/es\/event\/ventanas-para-mirar-lo-diferente-creatividad-imagen-y-expresion\/","name":"Ventanas para mirar lo diferente: creatividad, imagen y expresión - Kolibri Festivaali","isPartOf":{"@id":"https:\/\/www.kolibrifestivaali.org\/es\/#website"},"datePublished":"2021-08-19T21:00:00+00:00","dateModified":"2025-08-15T09:30:40+00:00","breadcrumb":{"@id":"https:\/\/www.kolibrifestivaali.org\/es\/event\/ventanas-para-mirar-lo-diferente-creatividad-imagen-y-expresion\/#breadcrumb"},"inLanguage":"es","potentialAction":[{"@type":"ReadAction","target":["https:\/\/www.kolibrifestivaali.org\/es\/event\/ventanas-para-mirar-lo-diferente-creatividad-imagen-y-expresion\/"]}]},{"@type":"BreadcrumbList","@id":"https:\/\/www.kolibrifestivaali.org\/es\/event\/ventanas-para-mirar-lo-diferente-creatividad-imagen-y-expresion\/#breadcrumb","itemListElement":[{"@type":"ListItem","position":1,"name":"Home","item":"https:\/\/www.kolibrifestivaali.org\/es\/"},{"@type":"ListItem","position":2,"name":"Ventanas para mirar lo diferente: creatividad, imagen y expresión"}]},{"@type":"WebSite","@id":"https:\/\/www.kolibrifestivaali.org\/es\/#website","url":"https:\/\/www.kolibrifestivaali.org\/es\/","name":"Kolibri Festivaali","description":"Kolibrí is a unique multicultural, free and open art festival for children and their families.","inLanguage":"es"}]}</script>
<!-- / Yoast SEO plugin. -->

Ventanas para mirar lo diferente: creatividad, imagen y expresión - Kolibri Festivaali

El autor e ilustrador argentino Gusti Rosemffet facilitará un taller profesional dirigido a educadores que trabajan con personas con discapacidad. […] Lue lisää &raquo;
