{"id":328012,"date":"2021-08-20T00:00:00","date_gmt":"2021-08-19T21:00:00","guid":{"rendered":"https:\/\/www.kolibrifestivaali.org\/event\/le-pondremos-un-bigote\/"},"modified":"2025-08-15T12:30:40","modified_gmt":"2025-08-15T09:30:40","slug":"le-pondremos-un-bigote","status":"publish","type":"event","link":"https:\/\/www.kolibrifestivaali.org\/es\/event\/le-pondremos-un-bigote\/","title":{"rendered":"\u00bfLe pondremos un bigote?"},"content":{"rendered":"<p>\u00bfLe pondremos un bigote a este monigote? \u00a1Con dos bonitos lazos haremos los dos brazos! Te invitamos a esta interactiva sesi\u00f3n de cuentacuentos cantada de la mano de Mar Benegas (ES). La Artista Invitada de Kolibr\u00ed 2025 cantar\u00e1 \u201c\u00bfLe pondremos un bigote?\u201d (Colecci\u00f3n La Cereza, Ed. Combel).  <\/p>\n<p>Ilustraciones, m\u00fasica, juegos y muchas rimas divertidas para despertar en tus peques la pasi\u00f3n por los libros y estimular su desarrollo ling\u00fc\u00edstico. \u00a1Diversi\u00f3n para adultos tambi\u00e9n asegurada!   <\/p>\n<p>La participaci\u00f3n de Mar Benegas en Kolibr\u00ed Festivaali es gracias a la colaboraci\u00f3n de la <a href=\"https:\/\/www.cultura.gob.es\/cultura\/libro-bibliotecas.html\" target=\"_blank\"  rel=\"noopener\">Direcci\u00f3n General del Libro, del C\u00f3mic y de la Lectura del Ministerio de Cultura y Deportes de Espa\u00f1a.<\/a><\/p>\n","protected":false},"featured_media":0,"template":"","activity_categories":[489],"ages":[1030,1025],"languages":[50],"class_list":["post-328012","event","type-event","status-publish","hentry","activity_categories-invitado-de-honor","ages-1-ano","ages-2-anos","languages-b-es-es"],"acf":[],"yoast_head":"<!-- This site is optimized with the Yoast SEO plugin v27.4 - https:\/\/yoast.com\/product\/yoast-seo-wordpress\/ -->\n<title>\u00bfLe pondremos un bigote? - Kolibri Festivaali<\/title>\n<meta name=\"robots\" content=\"index, follow, max-snippet:-1, max-image-preview:large, max-video-preview:-1\" \/>\n<link rel=\"canonical\" href=\"https:\/\/www.kolibrifestivaali.org\/es\/event\/le-pondremos-un-bigote\/\" \/>\n<meta property=\"og:locale\" content=\"es_ES\" \/>\n<meta property=\"og:type\" content=\"article\" \/>\n<meta property=\"og:title\" content=\"\u00bfLe pondremos un bigote? - Kolibri Festivaali\" \/>\n<meta property=\"og:description\" content=\"\u00bfLe pondremos un bigote a este monigote? \u00a1Con dos bonitos lazos haremos los dos brazos! Te invitamos a esta interactiva [\u2026] Lue lis\u00e4\u00e4 &raquo;\" \/>\n<meta property=\"og:url\" content=\"https:\/\/www.kolibrifestivaali.org\/es\/event\/le-pondremos-un-bigote\/\" \/>\n<meta property=\"og:site_name\" content=\"Kolibri Festivaali\" \/>\n<meta property=\"article:modified_time\" content=\"2025-08-15T09:30:40+00:00\" \/>\n<meta name=\"twitter:card\" content=\"summary_large_image\" \/>\n<meta name=\"twitter:label1\" content=\"Tiempo de lectura\" \/>\n\t<meta name=\"twitter:data1\" content=\"1 minuto\" \/>\n<script type=\"application\/ld+json\" class=\"yoast-schema-graph\">{\"@context\":\"https:\\\/\\\/schema.org\",\"@graph\":[{\"@type\":\"WebPage\",\"@id\":\"https:\\\/\\\/www.kolibrifestivaali.org\\\/es\\\/event\\\/le-pondremos-un-bigote\\\/\",\"url\":\"https:\\\/\\\/www.kolibrifestivaali.org\\\/es\\\/event\\\/le-pondremos-un-bigote\\\/\",\"name\":\"\u00bfLe pondremos un bigote? - Kolibri Festivaali\",\"isPartOf\":{\"@id\":\"https:\\\/\\\/www.kolibrifestivaali.org\\\/es\\\/#website\"},\"datePublished\":\"2021-08-19T21:00:00+00:00\",\"dateModified\":\"2025-08-15T09:30:40+00:00\",\"breadcrumb\":{\"@id\":\"https:\\\/\\\/www.kolibrifestivaali.org\\\/es\\\/event\\\/le-pondremos-un-bigote\\\/#breadcrumb\"},\"inLanguage\":\"es\",\"potentialAction\":[{\"@type\":\"ReadAction\",\"target\":[\"https:\\\/\\\/www.kolibrifestivaali.org\\\/es\\\/event\\\/le-pondremos-un-bigote\\\/\"]}]},{\"@type\":\"BreadcrumbList\",\"@id\":\"https:\\\/\\\/www.kolibrifestivaali.org\\\/es\\\/event\\\/le-pondremos-un-bigote\\\/#breadcrumb\",\"itemListElement\":[{\"@type\":\"ListItem\",\"position\":1,\"name\":\"Home\",\"item\":\"https:\\\/\\\/www.kolibrifestivaali.org\\\/es\\\/\"},{\"@type\":\"ListItem\",\"position\":2,\"name\":\"\u00bfLe pondremos un bigote?\"}]},{\"@type\":\"WebSite\",\"@id\":\"https:\\\/\\\/www.kolibrifestivaali.org\\\/es\\\/#website\",\"url\":\"https:\\\/\\\/www.kolibrifestivaali.org\\\/es\\\/\",\"name\":\"Kolibri Festivaali\",\"description\":\"Kolibri\u0301 is a unique multicultural, free and open art festival for children and their families.\",\"inLanguage\":\"es\"}]}<\/script>\n<!-- \/ Yoast SEO plugin. -->","yoast_head_json":{"title":"\u00bfLe pondremos un bigote? - Kolibri Festivaali","robots":{"index":"index","follow":"follow","max-snippet":"max-snippet:-1","max-image-preview":"max-image-preview:large","max-video-preview":"max-video-preview:-1"},"canonical":"https:\/\/www.kolibrifestivaali.org\/es\/event\/le-pondremos-un-bigote\/","og_locale":"es_ES","og_type":"article","og_title":"\u00bfLe pondremos un bigote? - Kolibri Festivaali","og_description":"\u00bfLe pondremos un bigote a este monigote? \u00a1Con dos bonitos lazos haremos los dos brazos! Te invitamos a esta interactiva [\u2026] Lue lis\u00e4\u00e4 &raquo;","og_url":"https:\/\/www.kolibrifestivaali.org\/es\/event\/le-pondremos-un-bigote\/","og_site_name":"Kolibri Festivaali","article_modified_time":"2025-08-15T09:30:40+00:00","twitter_card":"summary_large_image","twitter_misc":{"Tiempo de lectura":"1 minuto"},"schema":{"@context":"https:\/\/schema.org","@graph":[{"@type":"WebPage","@id":"https:\/\/www.kolibrifestivaali.org\/es\/event\/le-pondremos-un-bigote\/","url":"https:\/\/www.kolibrifestivaali.org\/es\/event\/le-pondremos-un-bigote\/","name":"\u00bfLe pondremos un bigote? - Kolibri Festivaali","isPartOf":{"@id":"https:\/\/www.kolibrifestivaali.org\/es\/#website"},"datePublished":"2021-08-19T21:00:00+00:00","dateModified":"2025-08-15T09:30:40+00:00","breadcrumb":{"@id":"https:\/\/www.kolibrifestivaali.org\/es\/event\/le-pondremos-un-bigote\/#breadcrumb"},"inLanguage":"es","potentialAction":[{"@type":"ReadAction","target":["https:\/\/www.kolibrifestivaali.org\/es\/event\/le-pondremos-un-bigote\/"]}]},{"@type":"BreadcrumbList","@id":"https:\/\/www.kolibrifestivaali.org\/es\/event\/le-pondremos-un-bigote\/#breadcrumb","itemListElement":[{"@type":"ListItem","position":1,"name":"Home","item":"https:\/\/www.kolibrifestivaali.org\/es\/"},{"@type":"ListItem","position":2,"name":"\u00bfLe pondremos un bigote?"}]},{"@type":"WebSite","@id":"https:\/\/www.kolibrifestivaali.org\/es\/#website","url":"https:\/\/www.kolibrifestivaali.org\/es\/","name":"Kolibri Festivaali","description":"Kolibri\u0301 is a unique multicultural, free and open art festival for children and their families.","inLanguage":"es"}]}},"_links":{"self":[{"href":"https:\/\/www.kolibrifestivaali.org\/es\/wp-json\/wp\/v2\/event\/328012","targetHints":{"allow":["GET"]}}],"collection":[{"href":"https:\/\/www.kolibrifestivaali.org\/es\/wp-json\/wp\/v2\/event"}],"about":[{"href":"https:\/\/www.kolibrifestivaali.org\/es\/wp-json\/wp\/v2\/types\/event"}],"wp:attachment":[{"href":"https:\/\/www.kolibrifestivaali.org\/es\/wp-json\/wp\/v2\/media?parent=328012"}],"wp:term":[{"taxonomy":"activity_categories","embeddable":true,"href":"https:\/\/www.kolibrifestivaali.org\/es\/wp-json\/wp\/v2\/activity_categories?post=328012"},{"taxonomy":"ages","embeddable":true,"href":"https:\/\/www.kolibrifestivaali.org\/es\/wp-json\/wp\/v2\/ages?post=328012"},{"taxonomy":"languages","embeddable":true,"href":"https:\/\/www.kolibrifestivaali.org\/es\/wp-json\/wp\/v2\/languages?post=328012"}],"curies":[{"name":"wp","href":"https:\/\/api.w.org\/{rel}","templated":true}]}}

<p>¿Le pondremos un bigote a este monigote? ¡Con dos bonitos lazos haremos los dos brazos! Te invitamos a esta interactiva sesión de cuentacuentos cantada de la mano de Mar Benegas (ES). La Artista Invitada de Kolibrí 2025 cantará “¿Le pondremos un bigote?” (Colección La Cereza, Ed. Combel).  </p>
<p>Ilustraciones, música, juegos y muchas rimas divertidas para despertar en tus peques la pasión por los libros y estimular su desarrollo lingüístico. ¡Diversión para adultos también asegurada!   </p>
<p>La participación de Mar Benegas en Kolibrí Festivaali es gracias a la colaboración de la <a href="https://www.cultura.gob.es/cultura/libro-bibliotecas.html" target="_blank"  rel="noopener">Dirección General del Libro, del Cómic y de la Lectura del Ministerio de Cultura y Deportes de España.</a></p>

<!-- This site is optimized with the Yoast SEO plugin v27.4 - https://yoast.com/product/yoast-seo-wordpress/ -->
<title>¿Le pondremos un bigote? - Kolibri Festivaali</title>
<meta name="robots" content="index, follow, max-snippet:-1, max-image-preview:large, max-video-preview:-1" />
<link rel="canonical" href="https://www.kolibrifestivaali.org/es/event/le-pondremos-un-bigote/" />
<meta property="og:locale" content="es_ES" />
<meta property="og:type" content="article" />
<meta property="og:title" content="¿Le pondremos un bigote? - Kolibri Festivaali" />
<meta property="og:description" content="¿Le pondremos un bigote a este monigote? ¡Con dos bonitos lazos haremos los dos brazos! Te invitamos a esta interactiva […] Lue lisää &raquo;" />
<meta property="og:url" content="https://www.kolibrifestivaali.org/es/event/le-pondremos-un-bigote/" />
<meta property="og:site_name" content="Kolibri Festivaali" />
<meta property="article:modified_time" content="2025-08-15T09:30:40+00:00" />
<meta name="twitter:card" content="summary_large_image" />
<meta name="twitter:label1" content="Tiempo de lectura" />
	<meta name="twitter:data1" content="1 minuto" />
<script type="application/ld+json" class="yoast-schema-graph">{"@context":"https:\/\/schema.org","@graph":[{"@type":"WebPage","@id":"https:\/\/www.kolibrifestivaali.org\/es\/event\/le-pondremos-un-bigote\/","url":"https:\/\/www.kolibrifestivaali.org\/es\/event\/le-pondremos-un-bigote\/","name":"¿Le pondremos un bigote? - Kolibri Festivaali","isPartOf":{"@id":"https:\/\/www.kolibrifestivaali.org\/es\/#website"},"datePublished":"2021-08-19T21:00:00+00:00","dateModified":"2025-08-15T09:30:40+00:00","breadcrumb":{"@id":"https:\/\/www.kolibrifestivaali.org\/es\/event\/le-pondremos-un-bigote\/#breadcrumb"},"inLanguage":"es","potentialAction":[{"@type":"ReadAction","target":["https:\/\/www.kolibrifestivaali.org\/es\/event\/le-pondremos-un-bigote\/"]}]},{"@type":"BreadcrumbList","@id":"https:\/\/www.kolibrifestivaali.org\/es\/event\/le-pondremos-un-bigote\/#breadcrumb","itemListElement":[{"@type":"ListItem","position":1,"name":"Home","item":"https:\/\/www.kolibrifestivaali.org\/es\/"},{"@type":"ListItem","position":2,"name":"¿Le pondremos un bigote?"}]},{"@type":"WebSite","@id":"https:\/\/www.kolibrifestivaali.org\/es\/#website","url":"https:\/\/www.kolibrifestivaali.org\/es\/","name":"Kolibri Festivaali","description":"Kolibrí is a unique multicultural, free and open art festival for children and their families.","inLanguage":"es"}]}</script>
<!-- / Yoast SEO plugin. -->

¿Le pondremos un bigote a este monigote? ¡Con dos bonitos lazos haremos los dos brazos! Te invitamos a esta interactiva […] Lue lisää &raquo;
