{"id":328004,"date":"2021-08-20T00:00:00","date_gmt":"2021-08-19T21:00:00","guid":{"rendered":"https:\/\/www.kolibrifestivaali.org\/event\/feria-del-libro-infantil-2025\/"},"modified":"2025-08-15T12:30:36","modified_gmt":"2025-08-15T09:30:36","slug":"feria-del-libro-infantil-2025","status":"publish","type":"event","link":"https:\/\/www.kolibrifestivaali.org\/es\/event\/feria-del-libro-infantil-2025\/","title":{"rendered":"Feria del Libro Infantil 2025"},"content":{"rendered":"<p>Kolibr\u00ed Festivaali 2025 acoger\u00e1 su tradicional Feria del Libro Infantil. <\/p>\n<p>Nuestra Feria del Libro Infantil es uno de nuestros eventos m\u00e1s tradicionales y ofrece una oportunidad \u00fanica para llevar a casa libros infantiles en espa\u00f1ol y portugu\u00e9s. <\/p>\n<p>Cada a\u00f1o, nos sumergimos en la literatura infantil con una amplia selecci\u00f3n de t\u00edtulos de editoriales de Ibero-Am\u00e9rica.  <\/p>\n<p>La Feria del Libro Infantil de Kolibr\u00ed destacar\u00e1 las obras del ilustrador y escritor Gusti (AR), creador de la imagen de Kolibr\u00ed 2025, y de la poeta Mar Benegas (ES), nuestra Artista Invitada 2025. \u00a1Tendr\u00e1s la oportunidad de comprar sus libros en la feria y que ambos autores los firmen! <\/p>\n<p>Por primera vez, Kolibr\u00ed dar\u00e1 la bienvenida a una editorial invitada: A buen paso, la editorial detr\u00e1s de muchos de los libros de Mar Benegas. <\/p>\n<p>No pierdas la oportunidad de llevar a casa libros nuevos y de segunda mano para disfrutar con tus peques.  <\/p>\n<p>Esta actividad es gracias a una colaboraci\u00f3n con <a href=\"https:\/\/elsitiodelaspalabras.es\/\" target=\"_blank\"  rel=\"noopener\">A buen paso<\/a>, <a href=\"https:\/\/elsitiodelaspalabras.es\/\" target=\"_blank\"  rel=\"noopener\">El sitio de las palabras<\/a>.<\/p>\n","protected":false},"featured_media":0,"template":"","activity_categories":[95],"ages":[1030,1025,896,1034,271],"languages":[47,50,53],"class_list":["post-328004","event","type-event","status-publish","hentry","activity_categories-literatura","ages-1-ano","ages-2-anos","ages-4-anos","ages-bebes","ages-f-all-ages-es","languages-a-en-es","languages-b-es-es","languages-c-fi-es"],"acf":[],"yoast_head":"<!-- This site is optimized with the Yoast SEO plugin v27.4 - https:\/\/yoast.com\/product\/yoast-seo-wordpress\/ -->\n<title>Feria del Libro Infantil 2025 - Kolibri Festivaali<\/title>\n<meta name=\"robots\" content=\"index, follow, max-snippet:-1, max-image-preview:large, max-video-preview:-1\" \/>\n<link rel=\"canonical\" href=\"https:\/\/www.kolibrifestivaali.org\/es\/event\/feria-del-libro-infantil-2025\/\" \/>\n<meta property=\"og:locale\" content=\"es_ES\" \/>\n<meta property=\"og:type\" content=\"article\" \/>\n<meta property=\"og:title\" content=\"Feria del Libro Infantil 2025 - Kolibri Festivaali\" \/>\n<meta property=\"og:description\" content=\"Kolibr\u00ed Festivaali 2025 acoger\u00e1 su tradicional Feria del Libro Infantil. Nuestra Feria del Libro Infantil es uno de nuestros eventos [\u2026] Lue lis\u00e4\u00e4 &raquo;\" \/>\n<meta property=\"og:url\" content=\"https:\/\/www.kolibrifestivaali.org\/es\/event\/feria-del-libro-infantil-2025\/\" \/>\n<meta property=\"og:site_name\" content=\"Kolibri Festivaali\" \/>\n<meta property=\"article:modified_time\" content=\"2025-08-15T09:30:36+00:00\" \/>\n<meta name=\"twitter:card\" content=\"summary_large_image\" \/>\n<meta name=\"twitter:label1\" content=\"Tiempo de lectura\" \/>\n\t<meta name=\"twitter:data1\" content=\"1 minuto\" \/>\n<script type=\"application\/ld+json\" class=\"yoast-schema-graph\">{\"@context\":\"https:\\\/\\\/schema.org\",\"@graph\":[{\"@type\":\"WebPage\",\"@id\":\"https:\\\/\\\/www.kolibrifestivaali.org\\\/es\\\/event\\\/feria-del-libro-infantil-2025\\\/\",\"url\":\"https:\\\/\\\/www.kolibrifestivaali.org\\\/es\\\/event\\\/feria-del-libro-infantil-2025\\\/\",\"name\":\"Feria del Libro Infantil 2025 - Kolibri Festivaali\",\"isPartOf\":{\"@id\":\"https:\\\/\\\/www.kolibrifestivaali.org\\\/es\\\/#website\"},\"datePublished\":\"2021-08-19T21:00:00+00:00\",\"dateModified\":\"2025-08-15T09:30:36+00:00\",\"breadcrumb\":{\"@id\":\"https:\\\/\\\/www.kolibrifestivaali.org\\\/es\\\/event\\\/feria-del-libro-infantil-2025\\\/#breadcrumb\"},\"inLanguage\":\"es\",\"potentialAction\":[{\"@type\":\"ReadAction\",\"target\":[\"https:\\\/\\\/www.kolibrifestivaali.org\\\/es\\\/event\\\/feria-del-libro-infantil-2025\\\/\"]}]},{\"@type\":\"BreadcrumbList\",\"@id\":\"https:\\\/\\\/www.kolibrifestivaali.org\\\/es\\\/event\\\/feria-del-libro-infantil-2025\\\/#breadcrumb\",\"itemListElement\":[{\"@type\":\"ListItem\",\"position\":1,\"name\":\"Home\",\"item\":\"https:\\\/\\\/www.kolibrifestivaali.org\\\/es\\\/\"},{\"@type\":\"ListItem\",\"position\":2,\"name\":\"Feria del Libro Infantil 2025\"}]},{\"@type\":\"WebSite\",\"@id\":\"https:\\\/\\\/www.kolibrifestivaali.org\\\/es\\\/#website\",\"url\":\"https:\\\/\\\/www.kolibrifestivaali.org\\\/es\\\/\",\"name\":\"Kolibri Festivaali\",\"description\":\"Kolibri\u0301 is a unique multicultural, free and open art festival for children and their families.\",\"inLanguage\":\"es\"}]}<\/script>\n<!-- \/ Yoast SEO plugin. -->","yoast_head_json":{"title":"Feria del Libro Infantil 2025 - Kolibri Festivaali","robots":{"index":"index","follow":"follow","max-snippet":"max-snippet:-1","max-image-preview":"max-image-preview:large","max-video-preview":"max-video-preview:-1"},"canonical":"https:\/\/www.kolibrifestivaali.org\/es\/event\/feria-del-libro-infantil-2025\/","og_locale":"es_ES","og_type":"article","og_title":"Feria del Libro Infantil 2025 - Kolibri Festivaali","og_description":"Kolibr\u00ed Festivaali 2025 acoger\u00e1 su tradicional Feria del Libro Infantil. Nuestra Feria del Libro Infantil es uno de nuestros eventos [\u2026] Lue lis\u00e4\u00e4 &raquo;","og_url":"https:\/\/www.kolibrifestivaali.org\/es\/event\/feria-del-libro-infantil-2025\/","og_site_name":"Kolibri Festivaali","article_modified_time":"2025-08-15T09:30:36+00:00","twitter_card":"summary_large_image","twitter_misc":{"Tiempo de lectura":"1 minuto"},"schema":{"@context":"https:\/\/schema.org","@graph":[{"@type":"WebPage","@id":"https:\/\/www.kolibrifestivaali.org\/es\/event\/feria-del-libro-infantil-2025\/","url":"https:\/\/www.kolibrifestivaali.org\/es\/event\/feria-del-libro-infantil-2025\/","name":"Feria del Libro Infantil 2025 - Kolibri Festivaali","isPartOf":{"@id":"https:\/\/www.kolibrifestivaali.org\/es\/#website"},"datePublished":"2021-08-19T21:00:00+00:00","dateModified":"2025-08-15T09:30:36+00:00","breadcrumb":{"@id":"https:\/\/www.kolibrifestivaali.org\/es\/event\/feria-del-libro-infantil-2025\/#breadcrumb"},"inLanguage":"es","potentialAction":[{"@type":"ReadAction","target":["https:\/\/www.kolibrifestivaali.org\/es\/event\/feria-del-libro-infantil-2025\/"]}]},{"@type":"BreadcrumbList","@id":"https:\/\/www.kolibrifestivaali.org\/es\/event\/feria-del-libro-infantil-2025\/#breadcrumb","itemListElement":[{"@type":"ListItem","position":1,"name":"Home","item":"https:\/\/www.kolibrifestivaali.org\/es\/"},{"@type":"ListItem","position":2,"name":"Feria del Libro Infantil 2025"}]},{"@type":"WebSite","@id":"https:\/\/www.kolibrifestivaali.org\/es\/#website","url":"https:\/\/www.kolibrifestivaali.org\/es\/","name":"Kolibri Festivaali","description":"Kolibri\u0301 is a unique multicultural, free and open art festival for children and their families.","inLanguage":"es"}]}},"_links":{"self":[{"href":"https:\/\/www.kolibrifestivaali.org\/es\/wp-json\/wp\/v2\/event\/328004","targetHints":{"allow":["GET"]}}],"collection":[{"href":"https:\/\/www.kolibrifestivaali.org\/es\/wp-json\/wp\/v2\/event"}],"about":[{"href":"https:\/\/www.kolibrifestivaali.org\/es\/wp-json\/wp\/v2\/types\/event"}],"wp:attachment":[{"href":"https:\/\/www.kolibrifestivaali.org\/es\/wp-json\/wp\/v2\/media?parent=328004"}],"wp:term":[{"taxonomy":"activity_categories","embeddable":true,"href":"https:\/\/www.kolibrifestivaali.org\/es\/wp-json\/wp\/v2\/activity_categories?post=328004"},{"taxonomy":"ages","embeddable":true,"href":"https:\/\/www.kolibrifestivaali.org\/es\/wp-json\/wp\/v2\/ages?post=328004"},{"taxonomy":"languages","embeddable":true,"href":"https:\/\/www.kolibrifestivaali.org\/es\/wp-json\/wp\/v2\/languages?post=328004"}],"curies":[{"name":"wp","href":"https:\/\/api.w.org\/{rel}","templated":true}]}}

<p>Kolibrí Festivaali 2025 acogerá su tradicional Feria del Libro Infantil. </p>
<p>Nuestra Feria del Libro Infantil es uno de nuestros eventos más tradicionales y ofrece una oportunidad única para llevar a casa libros infantiles en español y portugués. </p>
<p>Cada año, nos sumergimos en la literatura infantil con una amplia selección de títulos de editoriales de Ibero-América.  </p>
<p>La Feria del Libro Infantil de Kolibrí destacará las obras del ilustrador y escritor Gusti (AR), creador de la imagen de Kolibrí 2025, y de la poeta Mar Benegas (ES), nuestra Artista Invitada 2025. ¡Tendrás la oportunidad de comprar sus libros en la feria y que ambos autores los firmen! </p>
<p>Por primera vez, Kolibrí dará la bienvenida a una editorial invitada: A buen paso, la editorial detrás de muchos de los libros de Mar Benegas. </p>
<p>No pierdas la oportunidad de llevar a casa libros nuevos y de segunda mano para disfrutar con tus peques.  </p>
<p>Esta actividad es gracias a una colaboración con <a href="https://elsitiodelaspalabras.es/" target="_blank"  rel="noopener">A buen paso</a>, <a href="https://elsitiodelaspalabras.es/" target="_blank"  rel="noopener">El sitio de las palabras</a>.</p>

<!-- This site is optimized with the Yoast SEO plugin v27.4 - https://yoast.com/product/yoast-seo-wordpress/ -->
<title>Feria del Libro Infantil 2025 - Kolibri Festivaali</title>
<meta name="robots" content="index, follow, max-snippet:-1, max-image-preview:large, max-video-preview:-1" />
<link rel="canonical" href="https://www.kolibrifestivaali.org/es/event/feria-del-libro-infantil-2025/" />
<meta property="og:locale" content="es_ES" />
<meta property="og:type" content="article" />
<meta property="og:title" content="Feria del Libro Infantil 2025 - Kolibri Festivaali" />
<meta property="og:description" content="Kolibrí Festivaali 2025 acogerá su tradicional Feria del Libro Infantil. Nuestra Feria del Libro Infantil es uno de nuestros eventos […] Lue lisää &raquo;" />
<meta property="og:url" content="https://www.kolibrifestivaali.org/es/event/feria-del-libro-infantil-2025/" />
<meta property="og:site_name" content="Kolibri Festivaali" />
<meta property="article:modified_time" content="2025-08-15T09:30:36+00:00" />
<meta name="twitter:card" content="summary_large_image" />
<meta name="twitter:label1" content="Tiempo de lectura" />
	<meta name="twitter:data1" content="1 minuto" />
<script type="application/ld+json" class="yoast-schema-graph">{"@context":"https:\/\/schema.org","@graph":[{"@type":"WebPage","@id":"https:\/\/www.kolibrifestivaali.org\/es\/event\/feria-del-libro-infantil-2025\/","url":"https:\/\/www.kolibrifestivaali.org\/es\/event\/feria-del-libro-infantil-2025\/","name":"Feria del Libro Infantil 2025 - Kolibri Festivaali","isPartOf":{"@id":"https:\/\/www.kolibrifestivaali.org\/es\/#website"},"datePublished":"2021-08-19T21:00:00+00:00","dateModified":"2025-08-15T09:30:36+00:00","breadcrumb":{"@id":"https:\/\/www.kolibrifestivaali.org\/es\/event\/feria-del-libro-infantil-2025\/#breadcrumb"},"inLanguage":"es","potentialAction":[{"@type":"ReadAction","target":["https:\/\/www.kolibrifestivaali.org\/es\/event\/feria-del-libro-infantil-2025\/"]}]},{"@type":"BreadcrumbList","@id":"https:\/\/www.kolibrifestivaali.org\/es\/event\/feria-del-libro-infantil-2025\/#breadcrumb","itemListElement":[{"@type":"ListItem","position":1,"name":"Home","item":"https:\/\/www.kolibrifestivaali.org\/es\/"},{"@type":"ListItem","position":2,"name":"Feria del Libro Infantil 2025"}]},{"@type":"WebSite","@id":"https:\/\/www.kolibrifestivaali.org\/es\/#website","url":"https:\/\/www.kolibrifestivaali.org\/es\/","name":"Kolibri Festivaali","description":"Kolibrí is a unique multicultural, free and open art festival for children and their families.","inLanguage":"es"}]}</script>
<!-- / Yoast SEO plugin. -->

Kolibrí Festivaali 2025 acogerá su tradicional Feria del Libro Infantil. Nuestra Feria del Libro Infantil es uno de nuestros eventos […] Lue lisää &raquo;
