{"id":327995,"date":"2021-08-20T00:00:00","date_gmt":"2021-08-19T21:00:00","guid":{"rendered":"https:\/\/www.kolibrifestivaali.org\/event\/juoiggas-manazan-yoikea-infancia\/"},"modified":"2025-08-15T12:30:33","modified_gmt":"2025-08-15T09:30:33","slug":"juoiggas-manazan-yoikea-infancia","status":"publish","type":"event","link":"https:\/\/www.kolibrifestivaali.org\/es\/event\/juoiggas-manazan-yoikea-infancia\/","title":{"rendered":"Juoiggas M\u00e1n\u00e1\u017ean! &#8211; \u00a1Yoikea infancia!"},"content":{"rendered":"<p>\u00a1La cultura S\u00e1mi llega por primera vez a Kolibr\u00ed Festivaali! La artista s\u00e1mi Petra Biret Magga-Vars y sus hijas nos traen una preciosa actividad en la que descubriremos el tradicional yoik s\u00e1mi. <\/p>\n<p>Como nos cuenta Petra: \u201cYoik no es cantar, sino describir un objeto, persona, animal, lugar o evento a trav\u00e9s de la melod\u00eda y el sonido. Queremos compartir un momento interactivo donde el yoik sea el protagonista. A trav\u00e9s de canciones s\u00e1mi tambi\u00e9n aprenderemos el idioma s\u00e1mi\u201d. <\/p>\n<p>Vamos a yoikear animales, personas y aprender frases sencillas en s\u00e1mi del norte. \u00a1Una experiencia \u00fanica que no te puedes perder! <\/p>\n<p>Esta actividad es posible gracias al apoyo de la <a href=\"https:\/\/skr.fi\/\" target=\"_blank\"  rel=\"noopener\">Fundaci\u00f3n Cultural de Finlandia.<\/a><\/p>\n","protected":false},"featured_media":0,"template":"","activity_categories":[899],"ages":[1030,1025,896,1034,271],"languages":[47,53,1036],"class_list":["post-327995","event","type-event","status-publish","hentry","activity_categories-taller-de-musica","ages-1-ano","ages-2-anos","ages-4-anos","ages-bebes","ages-f-all-ages-es","languages-a-en-es","languages-c-fi-es","languages-se-2"],"acf":[],"yoast_head":"<!-- This site is optimized with the Yoast SEO plugin v27.4 - https:\/\/yoast.com\/product\/yoast-seo-wordpress\/ -->\n<title>Juoiggas M\u00e1n\u00e1\u017ean! - \u00a1Yoikea infancia! - Kolibri Festivaali<\/title>\n<meta name=\"robots\" content=\"index, follow, max-snippet:-1, max-image-preview:large, max-video-preview:-1\" \/>\n<link rel=\"canonical\" href=\"https:\/\/www.kolibrifestivaali.org\/es\/event\/juoiggas-manazan-yoikea-infancia\/\" \/>\n<meta property=\"og:locale\" content=\"es_ES\" \/>\n<meta property=\"og:type\" content=\"article\" \/>\n<meta property=\"og:title\" content=\"Juoiggas M\u00e1n\u00e1\u017ean! - \u00a1Yoikea infancia! - Kolibri Festivaali\" \/>\n<meta property=\"og:description\" content=\"\u00a1La cultura S\u00e1mi llega por primera vez a Kolibr\u00ed Festivaali! La artista s\u00e1mi Petra Biret Magga-Vars y sus hijas nos [\u2026] Lue lis\u00e4\u00e4 &raquo;\" \/>\n<meta property=\"og:url\" content=\"https:\/\/www.kolibrifestivaali.org\/es\/event\/juoiggas-manazan-yoikea-infancia\/\" \/>\n<meta property=\"og:site_name\" content=\"Kolibri Festivaali\" \/>\n<meta property=\"article:modified_time\" content=\"2025-08-15T09:30:33+00:00\" \/>\n<meta name=\"twitter:card\" content=\"summary_large_image\" \/>\n<meta name=\"twitter:label1\" content=\"Tiempo de lectura\" \/>\n\t<meta name=\"twitter:data1\" content=\"1 minuto\" \/>\n<script type=\"application\/ld+json\" class=\"yoast-schema-graph\">{\"@context\":\"https:\\\/\\\/schema.org\",\"@graph\":[{\"@type\":\"WebPage\",\"@id\":\"https:\\\/\\\/www.kolibrifestivaali.org\\\/es\\\/event\\\/juoiggas-manazan-yoikea-infancia\\\/\",\"url\":\"https:\\\/\\\/www.kolibrifestivaali.org\\\/es\\\/event\\\/juoiggas-manazan-yoikea-infancia\\\/\",\"name\":\"Juoiggas M\u00e1n\u00e1\u017ean! - \u00a1Yoikea infancia! - Kolibri Festivaali\",\"isPartOf\":{\"@id\":\"https:\\\/\\\/www.kolibrifestivaali.org\\\/es\\\/#website\"},\"datePublished\":\"2021-08-19T21:00:00+00:00\",\"dateModified\":\"2025-08-15T09:30:33+00:00\",\"breadcrumb\":{\"@id\":\"https:\\\/\\\/www.kolibrifestivaali.org\\\/es\\\/event\\\/juoiggas-manazan-yoikea-infancia\\\/#breadcrumb\"},\"inLanguage\":\"es\",\"potentialAction\":[{\"@type\":\"ReadAction\",\"target\":[\"https:\\\/\\\/www.kolibrifestivaali.org\\\/es\\\/event\\\/juoiggas-manazan-yoikea-infancia\\\/\"]}]},{\"@type\":\"BreadcrumbList\",\"@id\":\"https:\\\/\\\/www.kolibrifestivaali.org\\\/es\\\/event\\\/juoiggas-manazan-yoikea-infancia\\\/#breadcrumb\",\"itemListElement\":[{\"@type\":\"ListItem\",\"position\":1,\"name\":\"Home\",\"item\":\"https:\\\/\\\/www.kolibrifestivaali.org\\\/es\\\/\"},{\"@type\":\"ListItem\",\"position\":2,\"name\":\"Juoiggas M\u00e1n\u00e1\u017ean! &#8211; \u00a1Yoikea infancia!\"}]},{\"@type\":\"WebSite\",\"@id\":\"https:\\\/\\\/www.kolibrifestivaali.org\\\/es\\\/#website\",\"url\":\"https:\\\/\\\/www.kolibrifestivaali.org\\\/es\\\/\",\"name\":\"Kolibri Festivaali\",\"description\":\"Kolibri\u0301 is a unique multicultural, free and open art festival for children and their families.\",\"inLanguage\":\"es\"}]}<\/script>\n<!-- \/ Yoast SEO plugin. -->","yoast_head_json":{"title":"Juoiggas M\u00e1n\u00e1\u017ean! - \u00a1Yoikea infancia! - Kolibri Festivaali","robots":{"index":"index","follow":"follow","max-snippet":"max-snippet:-1","max-image-preview":"max-image-preview:large","max-video-preview":"max-video-preview:-1"},"canonical":"https:\/\/www.kolibrifestivaali.org\/es\/event\/juoiggas-manazan-yoikea-infancia\/","og_locale":"es_ES","og_type":"article","og_title":"Juoiggas M\u00e1n\u00e1\u017ean! - \u00a1Yoikea infancia! - Kolibri Festivaali","og_description":"\u00a1La cultura S\u00e1mi llega por primera vez a Kolibr\u00ed Festivaali! La artista s\u00e1mi Petra Biret Magga-Vars y sus hijas nos [\u2026] Lue lis\u00e4\u00e4 &raquo;","og_url":"https:\/\/www.kolibrifestivaali.org\/es\/event\/juoiggas-manazan-yoikea-infancia\/","og_site_name":"Kolibri Festivaali","article_modified_time":"2025-08-15T09:30:33+00:00","twitter_card":"summary_large_image","twitter_misc":{"Tiempo de lectura":"1 minuto"},"schema":{"@context":"https:\/\/schema.org","@graph":[{"@type":"WebPage","@id":"https:\/\/www.kolibrifestivaali.org\/es\/event\/juoiggas-manazan-yoikea-infancia\/","url":"https:\/\/www.kolibrifestivaali.org\/es\/event\/juoiggas-manazan-yoikea-infancia\/","name":"Juoiggas M\u00e1n\u00e1\u017ean! - \u00a1Yoikea infancia! - Kolibri Festivaali","isPartOf":{"@id":"https:\/\/www.kolibrifestivaali.org\/es\/#website"},"datePublished":"2021-08-19T21:00:00+00:00","dateModified":"2025-08-15T09:30:33+00:00","breadcrumb":{"@id":"https:\/\/www.kolibrifestivaali.org\/es\/event\/juoiggas-manazan-yoikea-infancia\/#breadcrumb"},"inLanguage":"es","potentialAction":[{"@type":"ReadAction","target":["https:\/\/www.kolibrifestivaali.org\/es\/event\/juoiggas-manazan-yoikea-infancia\/"]}]},{"@type":"BreadcrumbList","@id":"https:\/\/www.kolibrifestivaali.org\/es\/event\/juoiggas-manazan-yoikea-infancia\/#breadcrumb","itemListElement":[{"@type":"ListItem","position":1,"name":"Home","item":"https:\/\/www.kolibrifestivaali.org\/es\/"},{"@type":"ListItem","position":2,"name":"Juoiggas M\u00e1n\u00e1\u017ean! &#8211; \u00a1Yoikea infancia!"}]},{"@type":"WebSite","@id":"https:\/\/www.kolibrifestivaali.org\/es\/#website","url":"https:\/\/www.kolibrifestivaali.org\/es\/","name":"Kolibri Festivaali","description":"Kolibri\u0301 is a unique multicultural, free and open art festival for children and their families.","inLanguage":"es"}]}},"_links":{"self":[{"href":"https:\/\/www.kolibrifestivaali.org\/es\/wp-json\/wp\/v2\/event\/327995","targetHints":{"allow":["GET"]}}],"collection":[{"href":"https:\/\/www.kolibrifestivaali.org\/es\/wp-json\/wp\/v2\/event"}],"about":[{"href":"https:\/\/www.kolibrifestivaali.org\/es\/wp-json\/wp\/v2\/types\/event"}],"wp:attachment":[{"href":"https:\/\/www.kolibrifestivaali.org\/es\/wp-json\/wp\/v2\/media?parent=327995"}],"wp:term":[{"taxonomy":"activity_categories","embeddable":true,"href":"https:\/\/www.kolibrifestivaali.org\/es\/wp-json\/wp\/v2\/activity_categories?post=327995"},{"taxonomy":"ages","embeddable":true,"href":"https:\/\/www.kolibrifestivaali.org\/es\/wp-json\/wp\/v2\/ages?post=327995"},{"taxonomy":"languages","embeddable":true,"href":"https:\/\/www.kolibrifestivaali.org\/es\/wp-json\/wp\/v2\/languages?post=327995"}],"curies":[{"name":"wp","href":"https:\/\/api.w.org\/{rel}","templated":true}]}}

Juoiggas Mánážan! &#8211; ¡Yoikea infancia!

<p>¡La cultura Sámi llega por primera vez a Kolibrí Festivaali! La artista sámi Petra Biret Magga-Vars y sus hijas nos traen una preciosa actividad en la que descubriremos el tradicional yoik sámi. </p>
<p>Como nos cuenta Petra: “Yoik no es cantar, sino describir un objeto, persona, animal, lugar o evento a través de la melodía y el sonido. Queremos compartir un momento interactivo donde el yoik sea el protagonista. A través de canciones sámi también aprenderemos el idioma sámi”. </p>
<p>Vamos a yoikear animales, personas y aprender frases sencillas en sámi del norte. ¡Una experiencia única que no te puedes perder! </p>
<p>Esta actividad es posible gracias al apoyo de la <a href="https://skr.fi/" target="_blank"  rel="noopener">Fundación Cultural de Finlandia.</a></p>

<!-- This site is optimized with the Yoast SEO plugin v27.4 - https://yoast.com/product/yoast-seo-wordpress/ -->
<title>Juoiggas Mánážan! - ¡Yoikea infancia! - Kolibri Festivaali</title>
<meta name="robots" content="index, follow, max-snippet:-1, max-image-preview:large, max-video-preview:-1" />
<link rel="canonical" href="https://www.kolibrifestivaali.org/es/event/juoiggas-manazan-yoikea-infancia/" />
<meta property="og:locale" content="es_ES" />
<meta property="og:type" content="article" />
<meta property="og:title" content="Juoiggas Mánážan! - ¡Yoikea infancia! - Kolibri Festivaali" />
<meta property="og:description" content="¡La cultura Sámi llega por primera vez a Kolibrí Festivaali! La artista sámi Petra Biret Magga-Vars y sus hijas nos […] Lue lisää &raquo;" />
<meta property="og:url" content="https://www.kolibrifestivaali.org/es/event/juoiggas-manazan-yoikea-infancia/" />
<meta property="og:site_name" content="Kolibri Festivaali" />
<meta property="article:modified_time" content="2025-08-15T09:30:33+00:00" />
<meta name="twitter:card" content="summary_large_image" />
<meta name="twitter:label1" content="Tiempo de lectura" />
	<meta name="twitter:data1" content="1 minuto" />
<script type="application/ld+json" class="yoast-schema-graph">{"@context":"https:\/\/schema.org","@graph":[{"@type":"WebPage","@id":"https:\/\/www.kolibrifestivaali.org\/es\/event\/juoiggas-manazan-yoikea-infancia\/","url":"https:\/\/www.kolibrifestivaali.org\/es\/event\/juoiggas-manazan-yoikea-infancia\/","name":"Juoiggas Mánážan! - ¡Yoikea infancia! - Kolibri Festivaali","isPartOf":{"@id":"https:\/\/www.kolibrifestivaali.org\/es\/#website"},"datePublished":"2021-08-19T21:00:00+00:00","dateModified":"2025-08-15T09:30:33+00:00","breadcrumb":{"@id":"https:\/\/www.kolibrifestivaali.org\/es\/event\/juoiggas-manazan-yoikea-infancia\/#breadcrumb"},"inLanguage":"es","potentialAction":[{"@type":"ReadAction","target":["https:\/\/www.kolibrifestivaali.org\/es\/event\/juoiggas-manazan-yoikea-infancia\/"]}]},{"@type":"BreadcrumbList","@id":"https:\/\/www.kolibrifestivaali.org\/es\/event\/juoiggas-manazan-yoikea-infancia\/#breadcrumb","itemListElement":[{"@type":"ListItem","position":1,"name":"Home","item":"https:\/\/www.kolibrifestivaali.org\/es\/"},{"@type":"ListItem","position":2,"name":"Juoiggas Mánážan! &#8211; ¡Yoikea infancia!"}]},{"@type":"WebSite","@id":"https:\/\/www.kolibrifestivaali.org\/es\/#website","url":"https:\/\/www.kolibrifestivaali.org\/es\/","name":"Kolibri Festivaali","description":"Kolibrí is a unique multicultural, free and open art festival for children and their families.","inLanguage":"es"}]}</script>
<!-- / Yoast SEO plugin. -->

Juoiggas Mánážan! - ¡Yoikea infancia! - Kolibri Festivaali

¡La cultura Sámi llega por primera vez a Kolibrí Festivaali! La artista sámi Petra Biret Magga-Vars y sus hijas nos […] Lue lisää &raquo;
