{"id":327986,"date":"2021-08-20T00:00:00","date_gmt":"2021-08-19T21:00:00","guid":{"rendered":"https:\/\/www.kolibrifestivaali.org\/event\/ritmos-de-vida-compartida\/"},"modified":"2025-08-15T12:30:29","modified_gmt":"2025-08-15T09:30:29","slug":"ritmos-de-vida-compartida","status":"publish","type":"event","link":"https:\/\/www.kolibrifestivaali.org\/es\/event\/ritmos-de-vida-compartida\/","title":{"rendered":"Ritmos de vida compartida"},"content":{"rendered":"<p>Delado Duo &#8211; Rodrigo Rodr\u00edguez (CL) y Sanna Karlsson-Sutisna (FI) reunir\u00e1n a las familias en una comunidad vibrante con un emocionante taller de danza y m\u00fasica. Emb\u00e1rcate en este divertido viaje musical donde aprender\u00e9is los or\u00edgenes de la m\u00fasica, sus movimientos y ritmos a trav\u00e9s de instrumentos como el caj\u00f3n peruano, el djembe, el dundun y las flautas de pan. <\/p>\n<p>Explora c\u00f3mo las culturas latinoamericanas y africanas han llegado a Finlandia, creando una fusi\u00f3n \u00fanica y diversa, como la sociedad que nos rodea. \u00a1Que comience la aventura! <\/p>\n<p>  El repertorio incluye finland\u00e9s, sueco, dyula, espa\u00f1ol, quechua y mapuche. El taller se llevar\u00e1 a cabo principalmente en espa\u00f1ol, finland\u00e9s y sueco, con otros idiomas disponibles si es necesario.<\/p>\n","protected":false},"featured_media":0,"template":"","activity_categories":[899],"ages":[1025,896],"languages":[47,50,53,65],"class_list":["post-327986","event","type-event","status-publish","hentry","activity_categories-taller-de-musica","ages-2-anos","ages-4-anos","languages-a-en-es","languages-b-es-es","languages-c-fi-es","languages-e-sv-es"],"acf":[],"yoast_head":"<!-- This site is optimized with the Yoast SEO plugin v27.4 - https:\/\/yoast.com\/product\/yoast-seo-wordpress\/ -->\n<title>Ritmos de vida compartida - Kolibri Festivaali<\/title>\n<meta name=\"robots\" content=\"index, follow, max-snippet:-1, max-image-preview:large, max-video-preview:-1\" \/>\n<link rel=\"canonical\" href=\"https:\/\/www.kolibrifestivaali.org\/es\/event\/ritmos-de-vida-compartida\/\" \/>\n<meta property=\"og:locale\" content=\"es_ES\" \/>\n<meta property=\"og:type\" content=\"article\" \/>\n<meta property=\"og:title\" content=\"Ritmos de vida compartida - Kolibri Festivaali\" \/>\n<meta property=\"og:description\" content=\"Delado Duo &#8211; Rodrigo Rodr\u00edguez (CL) y Sanna Karlsson-Sutisna (FI) reunir\u00e1n a las familias en una comunidad vibrante con un [\u2026] Lue lis\u00e4\u00e4 &raquo;\" \/>\n<meta property=\"og:url\" content=\"https:\/\/www.kolibrifestivaali.org\/es\/event\/ritmos-de-vida-compartida\/\" \/>\n<meta property=\"og:site_name\" content=\"Kolibri Festivaali\" \/>\n<meta property=\"article:modified_time\" content=\"2025-08-15T09:30:29+00:00\" \/>\n<meta name=\"twitter:card\" content=\"summary_large_image\" \/>\n<meta name=\"twitter:label1\" content=\"Tiempo de lectura\" \/>\n\t<meta name=\"twitter:data1\" content=\"1 minuto\" \/>\n<script type=\"application\/ld+json\" class=\"yoast-schema-graph\">{\"@context\":\"https:\\\/\\\/schema.org\",\"@graph\":[{\"@type\":\"WebPage\",\"@id\":\"https:\\\/\\\/www.kolibrifestivaali.org\\\/es\\\/event\\\/ritmos-de-vida-compartida\\\/\",\"url\":\"https:\\\/\\\/www.kolibrifestivaali.org\\\/es\\\/event\\\/ritmos-de-vida-compartida\\\/\",\"name\":\"Ritmos de vida compartida - Kolibri Festivaali\",\"isPartOf\":{\"@id\":\"https:\\\/\\\/www.kolibrifestivaali.org\\\/es\\\/#website\"},\"datePublished\":\"2021-08-19T21:00:00+00:00\",\"dateModified\":\"2025-08-15T09:30:29+00:00\",\"breadcrumb\":{\"@id\":\"https:\\\/\\\/www.kolibrifestivaali.org\\\/es\\\/event\\\/ritmos-de-vida-compartida\\\/#breadcrumb\"},\"inLanguage\":\"es\",\"potentialAction\":[{\"@type\":\"ReadAction\",\"target\":[\"https:\\\/\\\/www.kolibrifestivaali.org\\\/es\\\/event\\\/ritmos-de-vida-compartida\\\/\"]}]},{\"@type\":\"BreadcrumbList\",\"@id\":\"https:\\\/\\\/www.kolibrifestivaali.org\\\/es\\\/event\\\/ritmos-de-vida-compartida\\\/#breadcrumb\",\"itemListElement\":[{\"@type\":\"ListItem\",\"position\":1,\"name\":\"Home\",\"item\":\"https:\\\/\\\/www.kolibrifestivaali.org\\\/es\\\/\"},{\"@type\":\"ListItem\",\"position\":2,\"name\":\"Ritmos de vida compartida\"}]},{\"@type\":\"WebSite\",\"@id\":\"https:\\\/\\\/www.kolibrifestivaali.org\\\/es\\\/#website\",\"url\":\"https:\\\/\\\/www.kolibrifestivaali.org\\\/es\\\/\",\"name\":\"Kolibri Festivaali\",\"description\":\"Kolibri\u0301 is a unique multicultural, free and open art festival for children and their families.\",\"inLanguage\":\"es\"}]}<\/script>\n<!-- \/ Yoast SEO plugin. -->","yoast_head_json":{"title":"Ritmos de vida compartida - Kolibri Festivaali","robots":{"index":"index","follow":"follow","max-snippet":"max-snippet:-1","max-image-preview":"max-image-preview:large","max-video-preview":"max-video-preview:-1"},"canonical":"https:\/\/www.kolibrifestivaali.org\/es\/event\/ritmos-de-vida-compartida\/","og_locale":"es_ES","og_type":"article","og_title":"Ritmos de vida compartida - Kolibri Festivaali","og_description":"Delado Duo &#8211; Rodrigo Rodr\u00edguez (CL) y Sanna Karlsson-Sutisna (FI) reunir\u00e1n a las familias en una comunidad vibrante con un [\u2026] Lue lis\u00e4\u00e4 &raquo;","og_url":"https:\/\/www.kolibrifestivaali.org\/es\/event\/ritmos-de-vida-compartida\/","og_site_name":"Kolibri Festivaali","article_modified_time":"2025-08-15T09:30:29+00:00","twitter_card":"summary_large_image","twitter_misc":{"Tiempo de lectura":"1 minuto"},"schema":{"@context":"https:\/\/schema.org","@graph":[{"@type":"WebPage","@id":"https:\/\/www.kolibrifestivaali.org\/es\/event\/ritmos-de-vida-compartida\/","url":"https:\/\/www.kolibrifestivaali.org\/es\/event\/ritmos-de-vida-compartida\/","name":"Ritmos de vida compartida - Kolibri Festivaali","isPartOf":{"@id":"https:\/\/www.kolibrifestivaali.org\/es\/#website"},"datePublished":"2021-08-19T21:00:00+00:00","dateModified":"2025-08-15T09:30:29+00:00","breadcrumb":{"@id":"https:\/\/www.kolibrifestivaali.org\/es\/event\/ritmos-de-vida-compartida\/#breadcrumb"},"inLanguage":"es","potentialAction":[{"@type":"ReadAction","target":["https:\/\/www.kolibrifestivaali.org\/es\/event\/ritmos-de-vida-compartida\/"]}]},{"@type":"BreadcrumbList","@id":"https:\/\/www.kolibrifestivaali.org\/es\/event\/ritmos-de-vida-compartida\/#breadcrumb","itemListElement":[{"@type":"ListItem","position":1,"name":"Home","item":"https:\/\/www.kolibrifestivaali.org\/es\/"},{"@type":"ListItem","position":2,"name":"Ritmos de vida compartida"}]},{"@type":"WebSite","@id":"https:\/\/www.kolibrifestivaali.org\/es\/#website","url":"https:\/\/www.kolibrifestivaali.org\/es\/","name":"Kolibri Festivaali","description":"Kolibri\u0301 is a unique multicultural, free and open art festival for children and their families.","inLanguage":"es"}]}},"_links":{"self":[{"href":"https:\/\/www.kolibrifestivaali.org\/es\/wp-json\/wp\/v2\/event\/327986","targetHints":{"allow":["GET"]}}],"collection":[{"href":"https:\/\/www.kolibrifestivaali.org\/es\/wp-json\/wp\/v2\/event"}],"about":[{"href":"https:\/\/www.kolibrifestivaali.org\/es\/wp-json\/wp\/v2\/types\/event"}],"wp:attachment":[{"href":"https:\/\/www.kolibrifestivaali.org\/es\/wp-json\/wp\/v2\/media?parent=327986"}],"wp:term":[{"taxonomy":"activity_categories","embeddable":true,"href":"https:\/\/www.kolibrifestivaali.org\/es\/wp-json\/wp\/v2\/activity_categories?post=327986"},{"taxonomy":"ages","embeddable":true,"href":"https:\/\/www.kolibrifestivaali.org\/es\/wp-json\/wp\/v2\/ages?post=327986"},{"taxonomy":"languages","embeddable":true,"href":"https:\/\/www.kolibrifestivaali.org\/es\/wp-json\/wp\/v2\/languages?post=327986"}],"curies":[{"name":"wp","href":"https:\/\/api.w.org\/{rel}","templated":true}]}}

<p>Delado Duo &#8211; Rodrigo Rodríguez (CL) y Sanna Karlsson-Sutisna (FI) reunirán a las familias en una comunidad vibrante con un emocionante taller de danza y música. Embárcate en este divertido viaje musical donde aprenderéis los orígenes de la música, sus movimientos y ritmos a través de instrumentos como el cajón peruano, el djembe, el dundun y las flautas de pan. </p>
<p>Explora cómo las culturas latinoamericanas y africanas han llegado a Finlandia, creando una fusión única y diversa, como la sociedad que nos rodea. ¡Que comience la aventura! </p>
<p>  El repertorio incluye finlandés, sueco, dyula, español, quechua y mapuche. El taller se llevará a cabo principalmente en español, finlandés y sueco, con otros idiomas disponibles si es necesario.</p>

<!-- This site is optimized with the Yoast SEO plugin v27.4 - https://yoast.com/product/yoast-seo-wordpress/ -->
<title>Ritmos de vida compartida - Kolibri Festivaali</title>
<meta name="robots" content="index, follow, max-snippet:-1, max-image-preview:large, max-video-preview:-1" />
<link rel="canonical" href="https://www.kolibrifestivaali.org/es/event/ritmos-de-vida-compartida/" />
<meta property="og:locale" content="es_ES" />
<meta property="og:type" content="article" />
<meta property="og:title" content="Ritmos de vida compartida - Kolibri Festivaali" />
<meta property="og:description" content="Delado Duo &#8211; Rodrigo Rodríguez (CL) y Sanna Karlsson-Sutisna (FI) reunirán a las familias en una comunidad vibrante con un […] Lue lisää &raquo;" />
<meta property="og:url" content="https://www.kolibrifestivaali.org/es/event/ritmos-de-vida-compartida/" />
<meta property="og:site_name" content="Kolibri Festivaali" />
<meta property="article:modified_time" content="2025-08-15T09:30:29+00:00" />
<meta name="twitter:card" content="summary_large_image" />
<meta name="twitter:label1" content="Tiempo de lectura" />
	<meta name="twitter:data1" content="1 minuto" />
<script type="application/ld+json" class="yoast-schema-graph">{"@context":"https:\/\/schema.org","@graph":[{"@type":"WebPage","@id":"https:\/\/www.kolibrifestivaali.org\/es\/event\/ritmos-de-vida-compartida\/","url":"https:\/\/www.kolibrifestivaali.org\/es\/event\/ritmos-de-vida-compartida\/","name":"Ritmos de vida compartida - Kolibri Festivaali","isPartOf":{"@id":"https:\/\/www.kolibrifestivaali.org\/es\/#website"},"datePublished":"2021-08-19T21:00:00+00:00","dateModified":"2025-08-15T09:30:29+00:00","breadcrumb":{"@id":"https:\/\/www.kolibrifestivaali.org\/es\/event\/ritmos-de-vida-compartida\/#breadcrumb"},"inLanguage":"es","potentialAction":[{"@type":"ReadAction","target":["https:\/\/www.kolibrifestivaali.org\/es\/event\/ritmos-de-vida-compartida\/"]}]},{"@type":"BreadcrumbList","@id":"https:\/\/www.kolibrifestivaali.org\/es\/event\/ritmos-de-vida-compartida\/#breadcrumb","itemListElement":[{"@type":"ListItem","position":1,"name":"Home","item":"https:\/\/www.kolibrifestivaali.org\/es\/"},{"@type":"ListItem","position":2,"name":"Ritmos de vida compartida"}]},{"@type":"WebSite","@id":"https:\/\/www.kolibrifestivaali.org\/es\/#website","url":"https:\/\/www.kolibrifestivaali.org\/es\/","name":"Kolibri Festivaali","description":"Kolibrí is a unique multicultural, free and open art festival for children and their families.","inLanguage":"es"}]}</script>
<!-- / Yoast SEO plugin. -->

Delado Duo &#8211; Rodrigo Rodríguez (CL) y Sanna Karlsson-Sutisna (FI) reunirán a las familias en una comunidad vibrante con un […] Lue lisää &raquo;
