{"id":327981,"date":"2021-08-20T00:00:00","date_gmt":"2021-08-19T21:00:00","guid":{"rendered":"https:\/\/www.kolibrifestivaali.org\/event\/concierto-de-cierre-con-kaos\/"},"modified":"2025-08-15T12:30:27","modified_gmt":"2025-08-15T09:30:27","slug":"concierto-de-cierre-con-kaos","status":"publish","type":"event","link":"https:\/\/www.kolibrifestivaali.org\/es\/event\/concierto-de-cierre-con-kaos\/","title":{"rendered":"Concierto de cierre con KA\u00d4S"},"content":{"rendered":"<p>\u00a1Vengan a celebrar el final del 10\u00ba aniversario de Kolibr\u00ed Festivaali! Les damos la bienvenida a esta especial fiesta de cumplea\u00f1os, donde la banda multicultural KA\u00d4S nos llevar\u00e1 a un viaje musical desde Europa hasta Oriente Medio y Asia. Un repertorio para familias con nanas y hermosas canciones populares en portugu\u00e9s, japon\u00e9s y farsi. <\/p>\n<p>\u00a1Vengan a soplar las velas en esta fiesta de cumplea\u00f1os \u00fanica y pidamos deseos en comunidad!<\/p>\n","protected":false},"featured_media":0,"template":"","activity_categories":[93],"ages":[1030,1025,896,271],"languages":[47,50,463,765,62],"class_list":["post-327981","event","type-event","status-publish","hentry","activity_categories-concierto","ages-1-ano","ages-2-anos","ages-4-anos","ages-f-all-ages-es","languages-a-en-es","languages-b-es-es","languages-fa-es","languages-jp-es","languages-d-pt-es"],"acf":[],"yoast_head":"<!-- This site is optimized with the Yoast SEO plugin v27.4 - https:\/\/yoast.com\/product\/yoast-seo-wordpress\/ -->\n<title>Concierto de cierre con KA\u00d4S - Kolibri Festivaali<\/title>\n<meta name=\"robots\" content=\"index, follow, max-snippet:-1, max-image-preview:large, max-video-preview:-1\" \/>\n<link rel=\"canonical\" href=\"https:\/\/www.kolibrifestivaali.org\/es\/event\/concierto-de-cierre-con-kaos\/\" \/>\n<meta property=\"og:locale\" content=\"es_ES\" \/>\n<meta property=\"og:type\" content=\"article\" \/>\n<meta property=\"og:title\" content=\"Concierto de cierre con KA\u00d4S - Kolibri Festivaali\" \/>\n<meta property=\"og:description\" content=\"\u00a1Vengan a celebrar el final del 10\u00ba aniversario de Kolibr\u00ed Festivaali! Les damos la bienvenida a esta especial fiesta de [\u2026] Lue lis\u00e4\u00e4 &raquo;\" \/>\n<meta property=\"og:url\" content=\"https:\/\/www.kolibrifestivaali.org\/es\/event\/concierto-de-cierre-con-kaos\/\" \/>\n<meta property=\"og:site_name\" content=\"Kolibri Festivaali\" \/>\n<meta property=\"article:modified_time\" content=\"2025-08-15T09:30:27+00:00\" \/>\n<meta name=\"twitter:card\" content=\"summary_large_image\" \/>\n<script type=\"application\/ld+json\" class=\"yoast-schema-graph\">{\"@context\":\"https:\\\/\\\/schema.org\",\"@graph\":[{\"@type\":\"WebPage\",\"@id\":\"https:\\\/\\\/www.kolibrifestivaali.org\\\/es\\\/event\\\/concierto-de-cierre-con-kaos\\\/\",\"url\":\"https:\\\/\\\/www.kolibrifestivaali.org\\\/es\\\/event\\\/concierto-de-cierre-con-kaos\\\/\",\"name\":\"Concierto de cierre con KA\u00d4S - Kolibri Festivaali\",\"isPartOf\":{\"@id\":\"https:\\\/\\\/www.kolibrifestivaali.org\\\/es\\\/#website\"},\"datePublished\":\"2021-08-19T21:00:00+00:00\",\"dateModified\":\"2025-08-15T09:30:27+00:00\",\"breadcrumb\":{\"@id\":\"https:\\\/\\\/www.kolibrifestivaali.org\\\/es\\\/event\\\/concierto-de-cierre-con-kaos\\\/#breadcrumb\"},\"inLanguage\":\"es\",\"potentialAction\":[{\"@type\":\"ReadAction\",\"target\":[\"https:\\\/\\\/www.kolibrifestivaali.org\\\/es\\\/event\\\/concierto-de-cierre-con-kaos\\\/\"]}]},{\"@type\":\"BreadcrumbList\",\"@id\":\"https:\\\/\\\/www.kolibrifestivaali.org\\\/es\\\/event\\\/concierto-de-cierre-con-kaos\\\/#breadcrumb\",\"itemListElement\":[{\"@type\":\"ListItem\",\"position\":1,\"name\":\"Home\",\"item\":\"https:\\\/\\\/www.kolibrifestivaali.org\\\/es\\\/\"},{\"@type\":\"ListItem\",\"position\":2,\"name\":\"Concierto de cierre con KA\u00d4S\"}]},{\"@type\":\"WebSite\",\"@id\":\"https:\\\/\\\/www.kolibrifestivaali.org\\\/es\\\/#website\",\"url\":\"https:\\\/\\\/www.kolibrifestivaali.org\\\/es\\\/\",\"name\":\"Kolibri Festivaali\",\"description\":\"Kolibri\u0301 is a unique multicultural, free and open art festival for children and their families.\",\"inLanguage\":\"es\"}]}<\/script>\n<!-- \/ Yoast SEO plugin. -->","yoast_head_json":{"title":"Concierto de cierre con KA\u00d4S - Kolibri Festivaali","robots":{"index":"index","follow":"follow","max-snippet":"max-snippet:-1","max-image-preview":"max-image-preview:large","max-video-preview":"max-video-preview:-1"},"canonical":"https:\/\/www.kolibrifestivaali.org\/es\/event\/concierto-de-cierre-con-kaos\/","og_locale":"es_ES","og_type":"article","og_title":"Concierto de cierre con KA\u00d4S - Kolibri Festivaali","og_description":"\u00a1Vengan a celebrar el final del 10\u00ba aniversario de Kolibr\u00ed Festivaali! Les damos la bienvenida a esta especial fiesta de [\u2026] Lue lis\u00e4\u00e4 &raquo;","og_url":"https:\/\/www.kolibrifestivaali.org\/es\/event\/concierto-de-cierre-con-kaos\/","og_site_name":"Kolibri Festivaali","article_modified_time":"2025-08-15T09:30:27+00:00","twitter_card":"summary_large_image","schema":{"@context":"https:\/\/schema.org","@graph":[{"@type":"WebPage","@id":"https:\/\/www.kolibrifestivaali.org\/es\/event\/concierto-de-cierre-con-kaos\/","url":"https:\/\/www.kolibrifestivaali.org\/es\/event\/concierto-de-cierre-con-kaos\/","name":"Concierto de cierre con KA\u00d4S - Kolibri Festivaali","isPartOf":{"@id":"https:\/\/www.kolibrifestivaali.org\/es\/#website"},"datePublished":"2021-08-19T21:00:00+00:00","dateModified":"2025-08-15T09:30:27+00:00","breadcrumb":{"@id":"https:\/\/www.kolibrifestivaali.org\/es\/event\/concierto-de-cierre-con-kaos\/#breadcrumb"},"inLanguage":"es","potentialAction":[{"@type":"ReadAction","target":["https:\/\/www.kolibrifestivaali.org\/es\/event\/concierto-de-cierre-con-kaos\/"]}]},{"@type":"BreadcrumbList","@id":"https:\/\/www.kolibrifestivaali.org\/es\/event\/concierto-de-cierre-con-kaos\/#breadcrumb","itemListElement":[{"@type":"ListItem","position":1,"name":"Home","item":"https:\/\/www.kolibrifestivaali.org\/es\/"},{"@type":"ListItem","position":2,"name":"Concierto de cierre con KA\u00d4S"}]},{"@type":"WebSite","@id":"https:\/\/www.kolibrifestivaali.org\/es\/#website","url":"https:\/\/www.kolibrifestivaali.org\/es\/","name":"Kolibri Festivaali","description":"Kolibri\u0301 is a unique multicultural, free and open art festival for children and their families.","inLanguage":"es"}]}},"_links":{"self":[{"href":"https:\/\/www.kolibrifestivaali.org\/es\/wp-json\/wp\/v2\/event\/327981","targetHints":{"allow":["GET"]}}],"collection":[{"href":"https:\/\/www.kolibrifestivaali.org\/es\/wp-json\/wp\/v2\/event"}],"about":[{"href":"https:\/\/www.kolibrifestivaali.org\/es\/wp-json\/wp\/v2\/types\/event"}],"wp:attachment":[{"href":"https:\/\/www.kolibrifestivaali.org\/es\/wp-json\/wp\/v2\/media?parent=327981"}],"wp:term":[{"taxonomy":"activity_categories","embeddable":true,"href":"https:\/\/www.kolibrifestivaali.org\/es\/wp-json\/wp\/v2\/activity_categories?post=327981"},{"taxonomy":"ages","embeddable":true,"href":"https:\/\/www.kolibrifestivaali.org\/es\/wp-json\/wp\/v2\/ages?post=327981"},{"taxonomy":"languages","embeddable":true,"href":"https:\/\/www.kolibrifestivaali.org\/es\/wp-json\/wp\/v2\/languages?post=327981"}],"curies":[{"name":"wp","href":"https:\/\/api.w.org\/{rel}","templated":true}]}}

Concierto de cierre con KAÔS

<p>¡Vengan a celebrar el final del 10º aniversario de Kolibrí Festivaali! Les damos la bienvenida a esta especial fiesta de cumpleaños, donde la banda multicultural KAÔS nos llevará a un viaje musical desde Europa hasta Oriente Medio y Asia. Un repertorio para familias con nanas y hermosas canciones populares en portugués, japonés y farsi. </p>
<p>¡Vengan a soplar las velas en esta fiesta de cumpleaños única y pidamos deseos en comunidad!</p>

<!-- This site is optimized with the Yoast SEO plugin v27.4 - https://yoast.com/product/yoast-seo-wordpress/ -->
<title>Concierto de cierre con KAÔS - Kolibri Festivaali</title>
<meta name="robots" content="index, follow, max-snippet:-1, max-image-preview:large, max-video-preview:-1" />
<link rel="canonical" href="https://www.kolibrifestivaali.org/es/event/concierto-de-cierre-con-kaos/" />
<meta property="og:locale" content="es_ES" />
<meta property="og:type" content="article" />
<meta property="og:title" content="Concierto de cierre con KAÔS - Kolibri Festivaali" />
<meta property="og:description" content="¡Vengan a celebrar el final del 10º aniversario de Kolibrí Festivaali! Les damos la bienvenida a esta especial fiesta de […] Lue lisää &raquo;" />
<meta property="og:url" content="https://www.kolibrifestivaali.org/es/event/concierto-de-cierre-con-kaos/" />
<meta property="og:site_name" content="Kolibri Festivaali" />
<meta property="article:modified_time" content="2025-08-15T09:30:27+00:00" />
<meta name="twitter:card" content="summary_large_image" />
<script type="application/ld+json" class="yoast-schema-graph">{"@context":"https:\/\/schema.org","@graph":[{"@type":"WebPage","@id":"https:\/\/www.kolibrifestivaali.org\/es\/event\/concierto-de-cierre-con-kaos\/","url":"https:\/\/www.kolibrifestivaali.org\/es\/event\/concierto-de-cierre-con-kaos\/","name":"Concierto de cierre con KAÔS - Kolibri Festivaali","isPartOf":{"@id":"https:\/\/www.kolibrifestivaali.org\/es\/#website"},"datePublished":"2021-08-19T21:00:00+00:00","dateModified":"2025-08-15T09:30:27+00:00","breadcrumb":{"@id":"https:\/\/www.kolibrifestivaali.org\/es\/event\/concierto-de-cierre-con-kaos\/#breadcrumb"},"inLanguage":"es","potentialAction":[{"@type":"ReadAction","target":["https:\/\/www.kolibrifestivaali.org\/es\/event\/concierto-de-cierre-con-kaos\/"]}]},{"@type":"BreadcrumbList","@id":"https:\/\/www.kolibrifestivaali.org\/es\/event\/concierto-de-cierre-con-kaos\/#breadcrumb","itemListElement":[{"@type":"ListItem","position":1,"name":"Home","item":"https:\/\/www.kolibrifestivaali.org\/es\/"},{"@type":"ListItem","position":2,"name":"Concierto de cierre con KAÔS"}]},{"@type":"WebSite","@id":"https:\/\/www.kolibrifestivaali.org\/es\/#website","url":"https:\/\/www.kolibrifestivaali.org\/es\/","name":"Kolibri Festivaali","description":"Kolibrí is a unique multicultural, free and open art festival for children and their families.","inLanguage":"es"}]}</script>
<!-- / Yoast SEO plugin. -->

Concierto de cierre con KAÔS - Kolibri Festivaali

¡Vengan a celebrar el final del 10º aniversario de Kolibrí Festivaali! Les damos la bienvenida a esta especial fiesta de […] Lue lisää &raquo;
