{"id":327980,"date":"2021-08-20T00:00:00","date_gmt":"2021-08-19T21:00:00","guid":{"rendered":"https:\/\/www.kolibrifestivaali.org\/event\/inauguracion-de-kolibri-festivaali-2025\/"},"modified":"2025-08-15T12:30:27","modified_gmt":"2025-08-15T09:30:27","slug":"inauguracion-de-kolibri-festivaali-2025","status":"publish","type":"event","link":"https:\/\/www.kolibrifestivaali.org\/es\/event\/inauguracion-de-kolibri-festivaali-2025\/","title":{"rendered":"Inauguraci\u00f3n de Kolibr\u00ed Festivaali 2025"},"content":{"rendered":"<p>\u00a1Celebremos la inauguraci\u00f3n de Kolibr\u00ed Festivaali 2025 en Kulttuurikeskus Caisa! Les invitamos a cantar, bailar, dar palmas y hacer nuevas amistades en esta divertida fiesta de inauguraci\u00f3n. Un concierto gratuito donde todas las edades e infancias sentir\u00e1n la alegr\u00eda de la comunidad. <\/p>\n<p>La banda multicultural KA\u00d4S nos llevar\u00e1 por un viaje musical desde Europa hasta Oriente Medio y Asia, a trav\u00e9s de un repertorio para familias con nanas y bellas canciones populares en portugu\u00e9s, japon\u00e9s y farsi. <\/p>\n<p>Sum\u00e9rgete en el esp\u00edritu del Kolibr\u00ed Festivaali a trav\u00e9s de los cautivadores instrumentos de Ni Jui Hsin (tsugaru shamisen), Sara Majidi Nejad (qanun) y Jo\u00e3o Lu\u00eds (percusi\u00f3n). <\/p>\n<p>\u00a1Vengan a soplar las velas en esta fiesta de cumplea\u00f1os \u00fanica y pidamos deseos en comunidad!<\/p>\n","protected":false},"featured_media":0,"template":"","activity_categories":[93],"ages":[1030,1025,896,1034,271],"languages":[47,50,463,765,62],"class_list":["post-327980","event","type-event","status-publish","hentry","activity_categories-concierto","ages-1-ano","ages-2-anos","ages-4-anos","ages-bebes","ages-f-all-ages-es","languages-a-en-es","languages-b-es-es","languages-fa-es","languages-jp-es","languages-d-pt-es"],"acf":[],"yoast_head":"<!-- This site is optimized with the Yoast SEO plugin v27.4 - https:\/\/yoast.com\/product\/yoast-seo-wordpress\/ -->\n<title>Inauguraci\u00f3n de Kolibr\u00ed Festivaali 2025 - Kolibri Festivaali<\/title>\n<meta name=\"robots\" content=\"index, follow, max-snippet:-1, max-image-preview:large, max-video-preview:-1\" \/>\n<link rel=\"canonical\" href=\"https:\/\/www.kolibrifestivaali.org\/es\/event\/inauguracion-de-kolibri-festivaali-2025\/\" \/>\n<meta property=\"og:locale\" content=\"es_ES\" \/>\n<meta property=\"og:type\" content=\"article\" \/>\n<meta property=\"og:title\" content=\"Inauguraci\u00f3n de Kolibr\u00ed Festivaali 2025 - Kolibri Festivaali\" \/>\n<meta property=\"og:description\" content=\"\u00a1Celebremos la inauguraci\u00f3n de Kolibr\u00ed Festivaali 2025 en Kulttuurikeskus Caisa! Les invitamos a cantar, bailar, dar palmas y hacer nuevas [\u2026] Lue lis\u00e4\u00e4 &raquo;\" \/>\n<meta property=\"og:url\" content=\"https:\/\/www.kolibrifestivaali.org\/es\/event\/inauguracion-de-kolibri-festivaali-2025\/\" \/>\n<meta property=\"og:site_name\" content=\"Kolibri Festivaali\" \/>\n<meta property=\"article:modified_time\" content=\"2025-08-15T09:30:27+00:00\" \/>\n<meta name=\"twitter:card\" content=\"summary_large_image\" \/>\n<meta name=\"twitter:label1\" content=\"Tiempo de lectura\" \/>\n\t<meta name=\"twitter:data1\" content=\"1 minuto\" \/>\n<script type=\"application\/ld+json\" class=\"yoast-schema-graph\">{\"@context\":\"https:\\\/\\\/schema.org\",\"@graph\":[{\"@type\":\"WebPage\",\"@id\":\"https:\\\/\\\/www.kolibrifestivaali.org\\\/es\\\/event\\\/inauguracion-de-kolibri-festivaali-2025\\\/\",\"url\":\"https:\\\/\\\/www.kolibrifestivaali.org\\\/es\\\/event\\\/inauguracion-de-kolibri-festivaali-2025\\\/\",\"name\":\"Inauguraci\u00f3n de Kolibr\u00ed Festivaali 2025 - Kolibri Festivaali\",\"isPartOf\":{\"@id\":\"https:\\\/\\\/www.kolibrifestivaali.org\\\/es\\\/#website\"},\"datePublished\":\"2021-08-19T21:00:00+00:00\",\"dateModified\":\"2025-08-15T09:30:27+00:00\",\"breadcrumb\":{\"@id\":\"https:\\\/\\\/www.kolibrifestivaali.org\\\/es\\\/event\\\/inauguracion-de-kolibri-festivaali-2025\\\/#breadcrumb\"},\"inLanguage\":\"es\",\"potentialAction\":[{\"@type\":\"ReadAction\",\"target\":[\"https:\\\/\\\/www.kolibrifestivaali.org\\\/es\\\/event\\\/inauguracion-de-kolibri-festivaali-2025\\\/\"]}]},{\"@type\":\"BreadcrumbList\",\"@id\":\"https:\\\/\\\/www.kolibrifestivaali.org\\\/es\\\/event\\\/inauguracion-de-kolibri-festivaali-2025\\\/#breadcrumb\",\"itemListElement\":[{\"@type\":\"ListItem\",\"position\":1,\"name\":\"Home\",\"item\":\"https:\\\/\\\/www.kolibrifestivaali.org\\\/es\\\/\"},{\"@type\":\"ListItem\",\"position\":2,\"name\":\"Inauguraci\u00f3n de Kolibr\u00ed Festivaali 2025\"}]},{\"@type\":\"WebSite\",\"@id\":\"https:\\\/\\\/www.kolibrifestivaali.org\\\/es\\\/#website\",\"url\":\"https:\\\/\\\/www.kolibrifestivaali.org\\\/es\\\/\",\"name\":\"Kolibri Festivaali\",\"description\":\"Kolibri\u0301 is a unique multicultural, free and open art festival for children and their families.\",\"inLanguage\":\"es\"}]}<\/script>\n<!-- \/ Yoast SEO plugin. -->","yoast_head_json":{"title":"Inauguraci\u00f3n de Kolibr\u00ed Festivaali 2025 - Kolibri Festivaali","robots":{"index":"index","follow":"follow","max-snippet":"max-snippet:-1","max-image-preview":"max-image-preview:large","max-video-preview":"max-video-preview:-1"},"canonical":"https:\/\/www.kolibrifestivaali.org\/es\/event\/inauguracion-de-kolibri-festivaali-2025\/","og_locale":"es_ES","og_type":"article","og_title":"Inauguraci\u00f3n de Kolibr\u00ed Festivaali 2025 - Kolibri Festivaali","og_description":"\u00a1Celebremos la inauguraci\u00f3n de Kolibr\u00ed Festivaali 2025 en Kulttuurikeskus Caisa! Les invitamos a cantar, bailar, dar palmas y hacer nuevas [\u2026] Lue lis\u00e4\u00e4 &raquo;","og_url":"https:\/\/www.kolibrifestivaali.org\/es\/event\/inauguracion-de-kolibri-festivaali-2025\/","og_site_name":"Kolibri Festivaali","article_modified_time":"2025-08-15T09:30:27+00:00","twitter_card":"summary_large_image","twitter_misc":{"Tiempo de lectura":"1 minuto"},"schema":{"@context":"https:\/\/schema.org","@graph":[{"@type":"WebPage","@id":"https:\/\/www.kolibrifestivaali.org\/es\/event\/inauguracion-de-kolibri-festivaali-2025\/","url":"https:\/\/www.kolibrifestivaali.org\/es\/event\/inauguracion-de-kolibri-festivaali-2025\/","name":"Inauguraci\u00f3n de Kolibr\u00ed Festivaali 2025 - Kolibri Festivaali","isPartOf":{"@id":"https:\/\/www.kolibrifestivaali.org\/es\/#website"},"datePublished":"2021-08-19T21:00:00+00:00","dateModified":"2025-08-15T09:30:27+00:00","breadcrumb":{"@id":"https:\/\/www.kolibrifestivaali.org\/es\/event\/inauguracion-de-kolibri-festivaali-2025\/#breadcrumb"},"inLanguage":"es","potentialAction":[{"@type":"ReadAction","target":["https:\/\/www.kolibrifestivaali.org\/es\/event\/inauguracion-de-kolibri-festivaali-2025\/"]}]},{"@type":"BreadcrumbList","@id":"https:\/\/www.kolibrifestivaali.org\/es\/event\/inauguracion-de-kolibri-festivaali-2025\/#breadcrumb","itemListElement":[{"@type":"ListItem","position":1,"name":"Home","item":"https:\/\/www.kolibrifestivaali.org\/es\/"},{"@type":"ListItem","position":2,"name":"Inauguraci\u00f3n de Kolibr\u00ed Festivaali 2025"}]},{"@type":"WebSite","@id":"https:\/\/www.kolibrifestivaali.org\/es\/#website","url":"https:\/\/www.kolibrifestivaali.org\/es\/","name":"Kolibri Festivaali","description":"Kolibri\u0301 is a unique multicultural, free and open art festival for children and their families.","inLanguage":"es"}]}},"_links":{"self":[{"href":"https:\/\/www.kolibrifestivaali.org\/es\/wp-json\/wp\/v2\/event\/327980","targetHints":{"allow":["GET"]}}],"collection":[{"href":"https:\/\/www.kolibrifestivaali.org\/es\/wp-json\/wp\/v2\/event"}],"about":[{"href":"https:\/\/www.kolibrifestivaali.org\/es\/wp-json\/wp\/v2\/types\/event"}],"wp:attachment":[{"href":"https:\/\/www.kolibrifestivaali.org\/es\/wp-json\/wp\/v2\/media?parent=327980"}],"wp:term":[{"taxonomy":"activity_categories","embeddable":true,"href":"https:\/\/www.kolibrifestivaali.org\/es\/wp-json\/wp\/v2\/activity_categories?post=327980"},{"taxonomy":"ages","embeddable":true,"href":"https:\/\/www.kolibrifestivaali.org\/es\/wp-json\/wp\/v2\/ages?post=327980"},{"taxonomy":"languages","embeddable":true,"href":"https:\/\/www.kolibrifestivaali.org\/es\/wp-json\/wp\/v2\/languages?post=327980"}],"curies":[{"name":"wp","href":"https:\/\/api.w.org\/{rel}","templated":true}]}}

Inauguración de Kolibrí Festivaali 2025

<p>¡Celebremos la inauguración de Kolibrí Festivaali 2025 en Kulttuurikeskus Caisa! Les invitamos a cantar, bailar, dar palmas y hacer nuevas amistades en esta divertida fiesta de inauguración. Un concierto gratuito donde todas las edades e infancias sentirán la alegría de la comunidad. </p>
<p>La banda multicultural KAÔS nos llevará por un viaje musical desde Europa hasta Oriente Medio y Asia, a través de un repertorio para familias con nanas y bellas canciones populares en portugués, japonés y farsi. </p>
<p>Sumérgete en el espíritu del Kolibrí Festivaali a través de los cautivadores instrumentos de Ni Jui Hsin (tsugaru shamisen), Sara Majidi Nejad (qanun) y João Luís (percusión). </p>
<p>¡Vengan a soplar las velas en esta fiesta de cumpleaños única y pidamos deseos en comunidad!</p>

<!-- This site is optimized with the Yoast SEO plugin v27.4 - https://yoast.com/product/yoast-seo-wordpress/ -->
<title>Inauguración de Kolibrí Festivaali 2025 - Kolibri Festivaali</title>
<meta name="robots" content="index, follow, max-snippet:-1, max-image-preview:large, max-video-preview:-1" />
<link rel="canonical" href="https://www.kolibrifestivaali.org/es/event/inauguracion-de-kolibri-festivaali-2025/" />
<meta property="og:locale" content="es_ES" />
<meta property="og:type" content="article" />
<meta property="og:title" content="Inauguración de Kolibrí Festivaali 2025 - Kolibri Festivaali" />
<meta property="og:description" content="¡Celebremos la inauguración de Kolibrí Festivaali 2025 en Kulttuurikeskus Caisa! Les invitamos a cantar, bailar, dar palmas y hacer nuevas […] Lue lisää &raquo;" />
<meta property="og:url" content="https://www.kolibrifestivaali.org/es/event/inauguracion-de-kolibri-festivaali-2025/" />
<meta property="og:site_name" content="Kolibri Festivaali" />
<meta property="article:modified_time" content="2025-08-15T09:30:27+00:00" />
<meta name="twitter:card" content="summary_large_image" />
<meta name="twitter:label1" content="Tiempo de lectura" />
	<meta name="twitter:data1" content="1 minuto" />
<script type="application/ld+json" class="yoast-schema-graph">{"@context":"https:\/\/schema.org","@graph":[{"@type":"WebPage","@id":"https:\/\/www.kolibrifestivaali.org\/es\/event\/inauguracion-de-kolibri-festivaali-2025\/","url":"https:\/\/www.kolibrifestivaali.org\/es\/event\/inauguracion-de-kolibri-festivaali-2025\/","name":"Inauguración de Kolibrí Festivaali 2025 - Kolibri Festivaali","isPartOf":{"@id":"https:\/\/www.kolibrifestivaali.org\/es\/#website"},"datePublished":"2021-08-19T21:00:00+00:00","dateModified":"2025-08-15T09:30:27+00:00","breadcrumb":{"@id":"https:\/\/www.kolibrifestivaali.org\/es\/event\/inauguracion-de-kolibri-festivaali-2025\/#breadcrumb"},"inLanguage":"es","potentialAction":[{"@type":"ReadAction","target":["https:\/\/www.kolibrifestivaali.org\/es\/event\/inauguracion-de-kolibri-festivaali-2025\/"]}]},{"@type":"BreadcrumbList","@id":"https:\/\/www.kolibrifestivaali.org\/es\/event\/inauguracion-de-kolibri-festivaali-2025\/#breadcrumb","itemListElement":[{"@type":"ListItem","position":1,"name":"Home","item":"https:\/\/www.kolibrifestivaali.org\/es\/"},{"@type":"ListItem","position":2,"name":"Inauguración de Kolibrí Festivaali 2025"}]},{"@type":"WebSite","@id":"https:\/\/www.kolibrifestivaali.org\/es\/#website","url":"https:\/\/www.kolibrifestivaali.org\/es\/","name":"Kolibri Festivaali","description":"Kolibrí is a unique multicultural, free and open art festival for children and their families.","inLanguage":"es"}]}</script>
<!-- / Yoast SEO plugin. -->

Inauguración de Kolibrí Festivaali 2025 - Kolibri Festivaali

¡Celebremos la inauguración de Kolibrí Festivaali 2025 en Kulttuurikeskus Caisa! Les invitamos a cantar, bailar, dar palmas y hacer nuevas […] Lue lisää &raquo;
