{"id":327978,"date":"2021-08-20T00:00:00","date_gmt":"2021-08-19T21:00:00","guid":{"rendered":"https:\/\/www.kolibrifestivaali.org\/event\/deseos-coloridos-grandes-suenos\/"},"modified":"2025-08-15T12:30:26","modified_gmt":"2025-08-15T09:30:26","slug":"deseos-coloridos-grandes-suenos","status":"publish","type":"event","link":"https:\/\/www.kolibrifestivaali.org\/es\/event\/deseos-coloridos-grandes-suenos\/","title":{"rendered":"Deseos coloridos, Grandes sue\u00f1os"},"content":{"rendered":"<p>Vivita Kaupere celebra su quinto a\u00f1o en Kolibr\u00ed con un taller de arte en el que podr\u00e1s dar vida a tus deseos m\u00e1s coloridos con materiales naturales, totalmente seguros para las infancias. Aprende a pintar con tus peques con elementos que puedes encontrar f\u00e1cilmente en la naturaleza.  <\/p>\n<p>Un espacio tranquilo para experimentar la creatividad art\u00edstica, donde Vivita espera que todo el mundo se sienta incluido, bienvenido, entendido y aceptado. \u00a1Olv\u00eddate de todo y d\u00e9jate llevar a un mundo lleno de l\u00edneas y colores!<\/p>\n","protected":false},"featured_media":0,"template":"","activity_categories":[99],"ages":[1025,896],"languages":[47,53,56],"class_list":["post-327978","event","type-event","status-publish","hentry","activity_categories-experimentacion-sensorial","ages-2-anos","ages-4-anos","languages-a-en-es","languages-c-fi-es","languages-h-lv-es"],"acf":[],"yoast_head":"<!-- This site is optimized with the Yoast SEO plugin v27.4 - https:\/\/yoast.com\/product\/yoast-seo-wordpress\/ -->\n<title>Deseos coloridos, Grandes sue\u00f1os - Kolibri Festivaali<\/title>\n<meta name=\"robots\" content=\"index, follow, max-snippet:-1, max-image-preview:large, max-video-preview:-1\" \/>\n<link rel=\"canonical\" href=\"https:\/\/www.kolibrifestivaali.org\/es\/event\/deseos-coloridos-grandes-suenos\/\" \/>\n<meta property=\"og:locale\" content=\"es_ES\" \/>\n<meta property=\"og:type\" content=\"article\" \/>\n<meta property=\"og:title\" content=\"Deseos coloridos, Grandes sue\u00f1os - Kolibri Festivaali\" \/>\n<meta property=\"og:description\" content=\"Vivita Kaupere celebra su quinto a\u00f1o en Kolibr\u00ed con un taller de arte en el que podr\u00e1s dar vida a [\u2026] Lue lis\u00e4\u00e4 &raquo;\" \/>\n<meta property=\"og:url\" content=\"https:\/\/www.kolibrifestivaali.org\/es\/event\/deseos-coloridos-grandes-suenos\/\" \/>\n<meta property=\"og:site_name\" content=\"Kolibri Festivaali\" \/>\n<meta property=\"article:modified_time\" content=\"2025-08-15T09:30:26+00:00\" \/>\n<meta name=\"twitter:card\" content=\"summary_large_image\" \/>\n<script type=\"application\/ld+json\" class=\"yoast-schema-graph\">{\"@context\":\"https:\\\/\\\/schema.org\",\"@graph\":[{\"@type\":\"WebPage\",\"@id\":\"https:\\\/\\\/www.kolibrifestivaali.org\\\/es\\\/event\\\/deseos-coloridos-grandes-suenos\\\/\",\"url\":\"https:\\\/\\\/www.kolibrifestivaali.org\\\/es\\\/event\\\/deseos-coloridos-grandes-suenos\\\/\",\"name\":\"Deseos coloridos, Grandes sue\u00f1os - Kolibri Festivaali\",\"isPartOf\":{\"@id\":\"https:\\\/\\\/www.kolibrifestivaali.org\\\/es\\\/#website\"},\"datePublished\":\"2021-08-19T21:00:00+00:00\",\"dateModified\":\"2025-08-15T09:30:26+00:00\",\"breadcrumb\":{\"@id\":\"https:\\\/\\\/www.kolibrifestivaali.org\\\/es\\\/event\\\/deseos-coloridos-grandes-suenos\\\/#breadcrumb\"},\"inLanguage\":\"es\",\"potentialAction\":[{\"@type\":\"ReadAction\",\"target\":[\"https:\\\/\\\/www.kolibrifestivaali.org\\\/es\\\/event\\\/deseos-coloridos-grandes-suenos\\\/\"]}]},{\"@type\":\"BreadcrumbList\",\"@id\":\"https:\\\/\\\/www.kolibrifestivaali.org\\\/es\\\/event\\\/deseos-coloridos-grandes-suenos\\\/#breadcrumb\",\"itemListElement\":[{\"@type\":\"ListItem\",\"position\":1,\"name\":\"Home\",\"item\":\"https:\\\/\\\/www.kolibrifestivaali.org\\\/es\\\/\"},{\"@type\":\"ListItem\",\"position\":2,\"name\":\"Deseos coloridos, Grandes sue\u00f1os\"}]},{\"@type\":\"WebSite\",\"@id\":\"https:\\\/\\\/www.kolibrifestivaali.org\\\/es\\\/#website\",\"url\":\"https:\\\/\\\/www.kolibrifestivaali.org\\\/es\\\/\",\"name\":\"Kolibri Festivaali\",\"description\":\"Kolibri\u0301 is a unique multicultural, free and open art festival for children and their families.\",\"inLanguage\":\"es\"}]}<\/script>\n<!-- \/ Yoast SEO plugin. -->","yoast_head_json":{"title":"Deseos coloridos, Grandes sue\u00f1os - Kolibri Festivaali","robots":{"index":"index","follow":"follow","max-snippet":"max-snippet:-1","max-image-preview":"max-image-preview:large","max-video-preview":"max-video-preview:-1"},"canonical":"https:\/\/www.kolibrifestivaali.org\/es\/event\/deseos-coloridos-grandes-suenos\/","og_locale":"es_ES","og_type":"article","og_title":"Deseos coloridos, Grandes sue\u00f1os - Kolibri Festivaali","og_description":"Vivita Kaupere celebra su quinto a\u00f1o en Kolibr\u00ed con un taller de arte en el que podr\u00e1s dar vida a [\u2026] Lue lis\u00e4\u00e4 &raquo;","og_url":"https:\/\/www.kolibrifestivaali.org\/es\/event\/deseos-coloridos-grandes-suenos\/","og_site_name":"Kolibri Festivaali","article_modified_time":"2025-08-15T09:30:26+00:00","twitter_card":"summary_large_image","schema":{"@context":"https:\/\/schema.org","@graph":[{"@type":"WebPage","@id":"https:\/\/www.kolibrifestivaali.org\/es\/event\/deseos-coloridos-grandes-suenos\/","url":"https:\/\/www.kolibrifestivaali.org\/es\/event\/deseos-coloridos-grandes-suenos\/","name":"Deseos coloridos, Grandes sue\u00f1os - Kolibri Festivaali","isPartOf":{"@id":"https:\/\/www.kolibrifestivaali.org\/es\/#website"},"datePublished":"2021-08-19T21:00:00+00:00","dateModified":"2025-08-15T09:30:26+00:00","breadcrumb":{"@id":"https:\/\/www.kolibrifestivaali.org\/es\/event\/deseos-coloridos-grandes-suenos\/#breadcrumb"},"inLanguage":"es","potentialAction":[{"@type":"ReadAction","target":["https:\/\/www.kolibrifestivaali.org\/es\/event\/deseos-coloridos-grandes-suenos\/"]}]},{"@type":"BreadcrumbList","@id":"https:\/\/www.kolibrifestivaali.org\/es\/event\/deseos-coloridos-grandes-suenos\/#breadcrumb","itemListElement":[{"@type":"ListItem","position":1,"name":"Home","item":"https:\/\/www.kolibrifestivaali.org\/es\/"},{"@type":"ListItem","position":2,"name":"Deseos coloridos, Grandes sue\u00f1os"}]},{"@type":"WebSite","@id":"https:\/\/www.kolibrifestivaali.org\/es\/#website","url":"https:\/\/www.kolibrifestivaali.org\/es\/","name":"Kolibri Festivaali","description":"Kolibri\u0301 is a unique multicultural, free and open art festival for children and their families.","inLanguage":"es"}]}},"_links":{"self":[{"href":"https:\/\/www.kolibrifestivaali.org\/es\/wp-json\/wp\/v2\/event\/327978","targetHints":{"allow":["GET"]}}],"collection":[{"href":"https:\/\/www.kolibrifestivaali.org\/es\/wp-json\/wp\/v2\/event"}],"about":[{"href":"https:\/\/www.kolibrifestivaali.org\/es\/wp-json\/wp\/v2\/types\/event"}],"wp:attachment":[{"href":"https:\/\/www.kolibrifestivaali.org\/es\/wp-json\/wp\/v2\/media?parent=327978"}],"wp:term":[{"taxonomy":"activity_categories","embeddable":true,"href":"https:\/\/www.kolibrifestivaali.org\/es\/wp-json\/wp\/v2\/activity_categories?post=327978"},{"taxonomy":"ages","embeddable":true,"href":"https:\/\/www.kolibrifestivaali.org\/es\/wp-json\/wp\/v2\/ages?post=327978"},{"taxonomy":"languages","embeddable":true,"href":"https:\/\/www.kolibrifestivaali.org\/es\/wp-json\/wp\/v2\/languages?post=327978"}],"curies":[{"name":"wp","href":"https:\/\/api.w.org\/{rel}","templated":true}]}}

Deseos coloridos, Grandes sueños

<p>Vivita Kaupere celebra su quinto año en Kolibrí con un taller de arte en el que podrás dar vida a tus deseos más coloridos con materiales naturales, totalmente seguros para las infancias. Aprende a pintar con tus peques con elementos que puedes encontrar fácilmente en la naturaleza.  </p>
<p>Un espacio tranquilo para experimentar la creatividad artística, donde Vivita espera que todo el mundo se sienta incluido, bienvenido, entendido y aceptado. ¡Olvídate de todo y déjate llevar a un mundo lleno de líneas y colores!</p>

<!-- This site is optimized with the Yoast SEO plugin v27.4 - https://yoast.com/product/yoast-seo-wordpress/ -->
<title>Deseos coloridos, Grandes sueños - Kolibri Festivaali</title>
<meta name="robots" content="index, follow, max-snippet:-1, max-image-preview:large, max-video-preview:-1" />
<link rel="canonical" href="https://www.kolibrifestivaali.org/es/event/deseos-coloridos-grandes-suenos/" />
<meta property="og:locale" content="es_ES" />
<meta property="og:type" content="article" />
<meta property="og:title" content="Deseos coloridos, Grandes sueños - Kolibri Festivaali" />
<meta property="og:description" content="Vivita Kaupere celebra su quinto año en Kolibrí con un taller de arte en el que podrás dar vida a […] Lue lisää &raquo;" />
<meta property="og:url" content="https://www.kolibrifestivaali.org/es/event/deseos-coloridos-grandes-suenos/" />
<meta property="og:site_name" content="Kolibri Festivaali" />
<meta property="article:modified_time" content="2025-08-15T09:30:26+00:00" />
<meta name="twitter:card" content="summary_large_image" />
<script type="application/ld+json" class="yoast-schema-graph">{"@context":"https:\/\/schema.org","@graph":[{"@type":"WebPage","@id":"https:\/\/www.kolibrifestivaali.org\/es\/event\/deseos-coloridos-grandes-suenos\/","url":"https:\/\/www.kolibrifestivaali.org\/es\/event\/deseos-coloridos-grandes-suenos\/","name":"Deseos coloridos, Grandes sueños - Kolibri Festivaali","isPartOf":{"@id":"https:\/\/www.kolibrifestivaali.org\/es\/#website"},"datePublished":"2021-08-19T21:00:00+00:00","dateModified":"2025-08-15T09:30:26+00:00","breadcrumb":{"@id":"https:\/\/www.kolibrifestivaali.org\/es\/event\/deseos-coloridos-grandes-suenos\/#breadcrumb"},"inLanguage":"es","potentialAction":[{"@type":"ReadAction","target":["https:\/\/www.kolibrifestivaali.org\/es\/event\/deseos-coloridos-grandes-suenos\/"]}]},{"@type":"BreadcrumbList","@id":"https:\/\/www.kolibrifestivaali.org\/es\/event\/deseos-coloridos-grandes-suenos\/#breadcrumb","itemListElement":[{"@type":"ListItem","position":1,"name":"Home","item":"https:\/\/www.kolibrifestivaali.org\/es\/"},{"@type":"ListItem","position":2,"name":"Deseos coloridos, Grandes sueños"}]},{"@type":"WebSite","@id":"https:\/\/www.kolibrifestivaali.org\/es\/#website","url":"https:\/\/www.kolibrifestivaali.org\/es\/","name":"Kolibri Festivaali","description":"Kolibrí is a unique multicultural, free and open art festival for children and their families.","inLanguage":"es"}]}</script>
<!-- / Yoast SEO plugin. -->

Deseos coloridos, Grandes sueños - Kolibri Festivaali

Vivita Kaupere celebra su quinto año en Kolibrí con un taller de arte en el que podrás dar vida a […] Lue lisää &raquo;
