{"id":327599,"date":"2021-08-20T00:00:00","date_gmt":"2021-08-19T21:00:00","guid":{"rendered":"https:\/\/www.kolibrifestivaali.org\/artist\/mar-benegas\/"},"modified":"2025-08-12T17:10:17","modified_gmt":"2025-08-12T14:10:17","slug":"mar-benegas","status":"publish","type":"artist","link":"https:\/\/www.kolibrifestivaali.org\/es\/artist\/mar-benegas\/","title":{"rendered":"Mar Benegas"},"content":{"rendered":"<p>Artista Invitada de Kolibr\u00ed Festivaali 2025 \u2013 10\u00ba Aniversario <\/p>\n<p>En un a\u00f1o tan especial como el d\u00e9cimo aniversario, tendremos la gran suerte de compartir unos d\u00edas con la escritora y gestora cultural Mar Benegas (Valencia, Espa\u00f1a, 1975).  <\/p>\n<p>Hasta 61 libros infantiles y juveniles, as\u00ed como ensayos, poes\u00eda para adultos y antolog\u00edas. Historias que han llegado hasta China, Brasil, Corea, Italia o Francia y que han sido reconocidas con importantes premios. <\/p>\n<p><a href=\"https:\/\/www.kolibrifestivaali.org\/news-archive\/mar-benegas-guest-artist-kolibri-2025\/\" target=\"_blank\"  rel=\"noopener\">\u00a1Conoce su trabajo!<\/a> <\/p>\n<p>La participaci\u00f3n de Mar Benegas en Kolibr\u00ed Festivaali es gracias a la colaboraci\u00f3n de la <a href=\"https:\/\/www.cultura.gob.es\/cultura\/libro-bibliotecas.html\" target=\"_blank\"  rel=\"noopener\">Direcci\u00f3n General del Libro, del C\u00f3mic y de la Lectura del Ministerio de Cultura y Deportes de Espa\u00f1a.<\/a><\/p>\n","protected":false},"featured_media":327578,"menu_order":0,"template":"","class_list":["post-327599","artist","type-artist","status-publish","has-post-thumbnail","hentry"],"acf":[],"yoast_head":"<!-- This site is optimized with the Yoast SEO plugin v27.4 - https:\/\/yoast.com\/product\/yoast-seo-wordpress\/ -->\n<title>Mar Benegas - Kolibri Festivaali<\/title>\n<meta name=\"robots\" content=\"index, follow, max-snippet:-1, max-image-preview:large, max-video-preview:-1\" \/>\n<link rel=\"canonical\" href=\"https:\/\/www.kolibrifestivaali.org\/es\/artist\/mar-benegas\/\" \/>\n<meta property=\"og:locale\" content=\"es_ES\" \/>\n<meta property=\"og:type\" content=\"article\" \/>\n<meta property=\"og:title\" content=\"Mar Benegas - Kolibri Festivaali\" \/>\n<meta property=\"og:description\" content=\"Artista Invitada de Kolibr\u00ed Festivaali 2025 \u2013 10\u00ba Aniversario En un a\u00f1o tan especial como el d\u00e9cimo aniversario, tendremos la [\u2026] Lue lis\u00e4\u00e4 &raquo;\" \/>\n<meta property=\"og:url\" content=\"https:\/\/www.kolibrifestivaali.org\/es\/artist\/mar-benegas\/\" \/>\n<meta property=\"og:site_name\" content=\"Kolibri Festivaali\" \/>\n<meta property=\"article:modified_time\" content=\"2025-08-12T14:10:17+00:00\" \/>\n<meta property=\"og:image\" content=\"https:\/\/www.kolibrifestivaali.org\/wp-content\/uploads\/2025\/08\/min-mar-benegas-picturecopy.jpg\" \/>\n\t<meta property=\"og:image:width\" content=\"1554\" \/>\n\t<meta property=\"og:image:height\" content=\"1139\" \/>\n\t<meta property=\"og:image:type\" content=\"image\/jpeg\" \/>\n<meta name=\"twitter:card\" content=\"summary_large_image\" \/>\n<meta name=\"twitter:label1\" content=\"Tiempo de lectura\" \/>\n\t<meta name=\"twitter:data1\" content=\"1 minuto\" \/>\n<script type=\"application\/ld+json\" class=\"yoast-schema-graph\">{\"@context\":\"https:\\\/\\\/schema.org\",\"@graph\":[{\"@type\":\"WebPage\",\"@id\":\"https:\\\/\\\/www.kolibrifestivaali.org\\\/es\\\/artist\\\/mar-benegas\\\/\",\"url\":\"https:\\\/\\\/www.kolibrifestivaali.org\\\/es\\\/artist\\\/mar-benegas\\\/\",\"name\":\"Mar Benegas - Kolibri Festivaali\",\"isPartOf\":{\"@id\":\"https:\\\/\\\/www.kolibrifestivaali.org\\\/es\\\/#website\"},\"primaryImageOfPage\":{\"@id\":\"https:\\\/\\\/www.kolibrifestivaali.org\\\/es\\\/artist\\\/mar-benegas\\\/#primaryimage\"},\"image\":{\"@id\":\"https:\\\/\\\/www.kolibrifestivaali.org\\\/es\\\/artist\\\/mar-benegas\\\/#primaryimage\"},\"thumbnailUrl\":\"https:\\\/\\\/www.kolibrifestivaali.org\\\/wp-content\\\/uploads\\\/2025\\\/08\\\/min-mar-benegas-picturecopy.jpg\",\"datePublished\":\"2021-08-19T21:00:00+00:00\",\"dateModified\":\"2025-08-12T14:10:17+00:00\",\"breadcrumb\":{\"@id\":\"https:\\\/\\\/www.kolibrifestivaali.org\\\/es\\\/artist\\\/mar-benegas\\\/#breadcrumb\"},\"inLanguage\":\"es\",\"potentialAction\":[{\"@type\":\"ReadAction\",\"target\":[\"https:\\\/\\\/www.kolibrifestivaali.org\\\/es\\\/artist\\\/mar-benegas\\\/\"]}]},{\"@type\":\"ImageObject\",\"inLanguage\":\"es\",\"@id\":\"https:\\\/\\\/www.kolibrifestivaali.org\\\/es\\\/artist\\\/mar-benegas\\\/#primaryimage\",\"url\":\"https:\\\/\\\/www.kolibrifestivaali.org\\\/wp-content\\\/uploads\\\/2025\\\/08\\\/min-mar-benegas-picturecopy.jpg\",\"contentUrl\":\"https:\\\/\\\/www.kolibrifestivaali.org\\\/wp-content\\\/uploads\\\/2025\\\/08\\\/min-mar-benegas-picturecopy.jpg\",\"width\":1554,\"height\":1139},{\"@type\":\"BreadcrumbList\",\"@id\":\"https:\\\/\\\/www.kolibrifestivaali.org\\\/es\\\/artist\\\/mar-benegas\\\/#breadcrumb\",\"itemListElement\":[{\"@type\":\"ListItem\",\"position\":1,\"name\":\"Home\",\"item\":\"https:\\\/\\\/www.kolibrifestivaali.org\\\/es\\\/\"},{\"@type\":\"ListItem\",\"position\":2,\"name\":\"Mar Benegas\"}]},{\"@type\":\"WebSite\",\"@id\":\"https:\\\/\\\/www.kolibrifestivaali.org\\\/es\\\/#website\",\"url\":\"https:\\\/\\\/www.kolibrifestivaali.org\\\/es\\\/\",\"name\":\"Kolibri Festivaali\",\"description\":\"Kolibri\u0301 is a unique multicultural, free and open art festival for children and their families.\",\"inLanguage\":\"es\"}]}<\/script>\n<!-- \/ Yoast SEO plugin. -->","yoast_head_json":{"title":"Mar Benegas - Kolibri Festivaali","robots":{"index":"index","follow":"follow","max-snippet":"max-snippet:-1","max-image-preview":"max-image-preview:large","max-video-preview":"max-video-preview:-1"},"canonical":"https:\/\/www.kolibrifestivaali.org\/es\/artist\/mar-benegas\/","og_locale":"es_ES","og_type":"article","og_title":"Mar Benegas - Kolibri Festivaali","og_description":"Artista Invitada de Kolibr\u00ed Festivaali 2025 \u2013 10\u00ba Aniversario En un a\u00f1o tan especial como el d\u00e9cimo aniversario, tendremos la [\u2026] Lue lis\u00e4\u00e4 &raquo;","og_url":"https:\/\/www.kolibrifestivaali.org\/es\/artist\/mar-benegas\/","og_site_name":"Kolibri Festivaali","article_modified_time":"2025-08-12T14:10:17+00:00","og_image":[{"width":1554,"height":1139,"url":"https:\/\/www.kolibrifestivaali.org\/wp-content\/uploads\/2025\/08\/min-mar-benegas-picturecopy.jpg","type":"image\/jpeg"}],"twitter_card":"summary_large_image","twitter_misc":{"Tiempo de lectura":"1 minuto"},"schema":{"@context":"https:\/\/schema.org","@graph":[{"@type":"WebPage","@id":"https:\/\/www.kolibrifestivaali.org\/es\/artist\/mar-benegas\/","url":"https:\/\/www.kolibrifestivaali.org\/es\/artist\/mar-benegas\/","name":"Mar Benegas - Kolibri Festivaali","isPartOf":{"@id":"https:\/\/www.kolibrifestivaali.org\/es\/#website"},"primaryImageOfPage":{"@id":"https:\/\/www.kolibrifestivaali.org\/es\/artist\/mar-benegas\/#primaryimage"},"image":{"@id":"https:\/\/www.kolibrifestivaali.org\/es\/artist\/mar-benegas\/#primaryimage"},"thumbnailUrl":"https:\/\/www.kolibrifestivaali.org\/wp-content\/uploads\/2025\/08\/min-mar-benegas-picturecopy.jpg","datePublished":"2021-08-19T21:00:00+00:00","dateModified":"2025-08-12T14:10:17+00:00","breadcrumb":{"@id":"https:\/\/www.kolibrifestivaali.org\/es\/artist\/mar-benegas\/#breadcrumb"},"inLanguage":"es","potentialAction":[{"@type":"ReadAction","target":["https:\/\/www.kolibrifestivaali.org\/es\/artist\/mar-benegas\/"]}]},{"@type":"ImageObject","inLanguage":"es","@id":"https:\/\/www.kolibrifestivaali.org\/es\/artist\/mar-benegas\/#primaryimage","url":"https:\/\/www.kolibrifestivaali.org\/wp-content\/uploads\/2025\/08\/min-mar-benegas-picturecopy.jpg","contentUrl":"https:\/\/www.kolibrifestivaali.org\/wp-content\/uploads\/2025\/08\/min-mar-benegas-picturecopy.jpg","width":1554,"height":1139},{"@type":"BreadcrumbList","@id":"https:\/\/www.kolibrifestivaali.org\/es\/artist\/mar-benegas\/#breadcrumb","itemListElement":[{"@type":"ListItem","position":1,"name":"Home","item":"https:\/\/www.kolibrifestivaali.org\/es\/"},{"@type":"ListItem","position":2,"name":"Mar Benegas"}]},{"@type":"WebSite","@id":"https:\/\/www.kolibrifestivaali.org\/es\/#website","url":"https:\/\/www.kolibrifestivaali.org\/es\/","name":"Kolibri Festivaali","description":"Kolibri\u0301 is a unique multicultural, free and open art festival for children and their families.","inLanguage":"es"}]}},"_links":{"self":[{"href":"https:\/\/www.kolibrifestivaali.org\/es\/wp-json\/wp\/v2\/artist\/327599","targetHints":{"allow":["GET"]}}],"collection":[{"href":"https:\/\/www.kolibrifestivaali.org\/es\/wp-json\/wp\/v2\/artist"}],"about":[{"href":"https:\/\/www.kolibrifestivaali.org\/es\/wp-json\/wp\/v2\/types\/artist"}],"wp:featuredmedia":[{"embeddable":true,"href":"https:\/\/www.kolibrifestivaali.org\/es\/wp-json\/wp\/v2\/media\/327578"}],"wp:attachment":[{"href":"https:\/\/www.kolibrifestivaali.org\/es\/wp-json\/wp\/v2\/media?parent=327599"}],"curies":[{"name":"wp","href":"https:\/\/api.w.org\/{rel}","templated":true}]}}

<p>Artista Invitada de Kolibrí Festivaali 2025 – 10º Aniversario </p>
<p>En un año tan especial como el décimo aniversario, tendremos la gran suerte de compartir unos días con la escritora y gestora cultural Mar Benegas (Valencia, España, 1975).  </p>
<p>Hasta 61 libros infantiles y juveniles, así como ensayos, poesía para adultos y antologías. Historias que han llegado hasta China, Brasil, Corea, Italia o Francia y que han sido reconocidas con importantes premios. </p>
<p><a href="https://www.kolibrifestivaali.org/news-archive/mar-benegas-guest-artist-kolibri-2025/" target="_blank"  rel="noopener">¡Conoce su trabajo!</a> </p>
<p>La participación de Mar Benegas en Kolibrí Festivaali es gracias a la colaboración de la <a href="https://www.cultura.gob.es/cultura/libro-bibliotecas.html" target="_blank"  rel="noopener">Dirección General del Libro, del Cómic y de la Lectura del Ministerio de Cultura y Deportes de España.</a></p>

<!-- This site is optimized with the Yoast SEO plugin v27.4 - https://yoast.com/product/yoast-seo-wordpress/ -->
<title>Mar Benegas - Kolibri Festivaali</title>
<meta name="robots" content="index, follow, max-snippet:-1, max-image-preview:large, max-video-preview:-1" />
<link rel="canonical" href="https://www.kolibrifestivaali.org/es/artist/mar-benegas/" />
<meta property="og:locale" content="es_ES" />
<meta property="og:type" content="article" />
<meta property="og:title" content="Mar Benegas - Kolibri Festivaali" />
<meta property="og:description" content="Artista Invitada de Kolibrí Festivaali 2025 – 10º Aniversario En un año tan especial como el décimo aniversario, tendremos la […] Lue lisää &raquo;" />
<meta property="og:url" content="https://www.kolibrifestivaali.org/es/artist/mar-benegas/" />
<meta property="og:site_name" content="Kolibri Festivaali" />
<meta property="article:modified_time" content="2025-08-12T14:10:17+00:00" />
<meta property="og:image" content="https://www.kolibrifestivaali.org/wp-content/uploads/2025/08/min-mar-benegas-picturecopy.jpg" />
	<meta property="og:image:width" content="1554" />
	<meta property="og:image:height" content="1139" />
	<meta property="og:image:type" content="image/jpeg" />
<meta name="twitter:card" content="summary_large_image" />
<meta name="twitter:label1" content="Tiempo de lectura" />
	<meta name="twitter:data1" content="1 minuto" />
<script type="application/ld+json" class="yoast-schema-graph">{"@context":"https:\/\/schema.org","@graph":[{"@type":"WebPage","@id":"https:\/\/www.kolibrifestivaali.org\/es\/artist\/mar-benegas\/","url":"https:\/\/www.kolibrifestivaali.org\/es\/artist\/mar-benegas\/","name":"Mar Benegas - Kolibri Festivaali","isPartOf":{"@id":"https:\/\/www.kolibrifestivaali.org\/es\/#website"},"primaryImageOfPage":{"@id":"https:\/\/www.kolibrifestivaali.org\/es\/artist\/mar-benegas\/#primaryimage"},"image":{"@id":"https:\/\/www.kolibrifestivaali.org\/es\/artist\/mar-benegas\/#primaryimage"},"thumbnailUrl":"https:\/\/www.kolibrifestivaali.org\/wp-content\/uploads\/2025\/08\/min-mar-benegas-picturecopy.jpg","datePublished":"2021-08-19T21:00:00+00:00","dateModified":"2025-08-12T14:10:17+00:00","breadcrumb":{"@id":"https:\/\/www.kolibrifestivaali.org\/es\/artist\/mar-benegas\/#breadcrumb"},"inLanguage":"es","potentialAction":[{"@type":"ReadAction","target":["https:\/\/www.kolibrifestivaali.org\/es\/artist\/mar-benegas\/"]}]},{"@type":"ImageObject","inLanguage":"es","@id":"https:\/\/www.kolibrifestivaali.org\/es\/artist\/mar-benegas\/#primaryimage","url":"https:\/\/www.kolibrifestivaali.org\/wp-content\/uploads\/2025\/08\/min-mar-benegas-picturecopy.jpg","contentUrl":"https:\/\/www.kolibrifestivaali.org\/wp-content\/uploads\/2025\/08\/min-mar-benegas-picturecopy.jpg","width":1554,"height":1139},{"@type":"BreadcrumbList","@id":"https:\/\/www.kolibrifestivaali.org\/es\/artist\/mar-benegas\/#breadcrumb","itemListElement":[{"@type":"ListItem","position":1,"name":"Home","item":"https:\/\/www.kolibrifestivaali.org\/es\/"},{"@type":"ListItem","position":2,"name":"Mar Benegas"}]},{"@type":"WebSite","@id":"https:\/\/www.kolibrifestivaali.org\/es\/#website","url":"https:\/\/www.kolibrifestivaali.org\/es\/","name":"Kolibri Festivaali","description":"Kolibrí is a unique multicultural, free and open art festival for children and their families.","inLanguage":"es"}]}</script>
<!-- / Yoast SEO plugin. -->

Artista Invitada de Kolibrí Festivaali 2025 – 10º Aniversario En un año tan especial como el décimo aniversario, tendremos la […] Lue lisää &raquo;
