{"id":327594,"date":"2021-08-20T00:00:00","date_gmt":"2021-08-19T21:00:00","guid":{"rendered":"https:\/\/www.kolibrifestivaali.org\/artist\/arianna-squilloni\/"},"modified":"2025-08-12T17:10:13","modified_gmt":"2025-08-12T14:10:13","slug":"arianna-squilloni","status":"publish","type":"artist","link":"https:\/\/www.kolibrifestivaali.org\/es\/artist\/arianna-squilloni\/","title":{"rendered":"Arianna Squilloni"},"content":{"rendered":"<p>Arianna Squilloni (IT) estudi\u00f3 teor\u00eda del pensamiento y filolog\u00eda latina y griega. Es escritora, profesora y editora. Vive en Barcelona desde 2002, donde ha trabajado en Thule Ediciones (2003-2007). En 2008 abri\u00f3 su propia editorial A buen paso.  <\/p>\n<p>Colabora con revistas especializadas y participa en jornadas y debates en Espa\u00f1a y otros pa\u00edses. En su faceta como escritora ha publicado libros ilustrados (&quot;El libro de los saludos&quot;, &quot;El constructor de muros&quot;, A buen paso; &quot;Bajo las piedras&quot;, Akiara), novelas (&quot;El verano de John Silver&quot;, Milrazones) y ensayos (&quot;En la oficina del editor&quot;, Pantalia). <\/p>\n<p>Su editorial A buen paso es la primera editorial invitada a Kolibr\u00ed Festivaali, en su edici\u00f3n 2025 \u2013 10\u00ba aniversario.<\/p>\n","protected":false},"featured_media":327548,"menu_order":0,"template":"","class_list":["post-327594","artist","type-artist","status-publish","has-post-thumbnail","hentry"],"acf":[],"yoast_head":"<!-- This site is optimized with the Yoast SEO plugin v27.4 - https:\/\/yoast.com\/product\/yoast-seo-wordpress\/ -->\n<title>Arianna Squilloni - Kolibri Festivaali<\/title>\n<meta name=\"robots\" content=\"index, follow, max-snippet:-1, max-image-preview:large, max-video-preview:-1\" \/>\n<link rel=\"canonical\" href=\"https:\/\/www.kolibrifestivaali.org\/es\/artist\/arianna-squilloni\/\" \/>\n<meta property=\"og:locale\" content=\"es_ES\" \/>\n<meta property=\"og:type\" content=\"article\" \/>\n<meta property=\"og:title\" content=\"Arianna Squilloni - Kolibri Festivaali\" \/>\n<meta property=\"og:description\" content=\"Arianna Squilloni (IT) estudi\u00f3 teor\u00eda del pensamiento y filolog\u00eda latina y griega. Es escritora, profesora y editora. Vive en Barcelona [\u2026] Lue lis\u00e4\u00e4 &raquo;\" \/>\n<meta property=\"og:url\" content=\"https:\/\/www.kolibrifestivaali.org\/es\/artist\/arianna-squilloni\/\" \/>\n<meta property=\"og:site_name\" content=\"Kolibri Festivaali\" \/>\n<meta property=\"article:modified_time\" content=\"2025-08-12T14:10:13+00:00\" \/>\n<meta property=\"og:image\" content=\"https:\/\/www.kolibrifestivaali.org\/wp-content\/uploads\/2025\/08\/ariannasquillonipicture.jpeg\" \/>\n\t<meta property=\"og:image:width\" content=\"1600\" \/>\n\t<meta property=\"og:image:height\" content=\"1066\" \/>\n\t<meta property=\"og:image:type\" content=\"image\/jpeg\" \/>\n<meta name=\"twitter:card\" content=\"summary_large_image\" \/>\n<meta name=\"twitter:label1\" content=\"Tiempo de lectura\" \/>\n\t<meta name=\"twitter:data1\" content=\"1 minuto\" \/>\n<script type=\"application\/ld+json\" class=\"yoast-schema-graph\">{\"@context\":\"https:\\\/\\\/schema.org\",\"@graph\":[{\"@type\":\"WebPage\",\"@id\":\"https:\\\/\\\/www.kolibrifestivaali.org\\\/es\\\/artist\\\/arianna-squilloni\\\/\",\"url\":\"https:\\\/\\\/www.kolibrifestivaali.org\\\/es\\\/artist\\\/arianna-squilloni\\\/\",\"name\":\"Arianna Squilloni - Kolibri Festivaali\",\"isPartOf\":{\"@id\":\"https:\\\/\\\/www.kolibrifestivaali.org\\\/es\\\/#website\"},\"primaryImageOfPage\":{\"@id\":\"https:\\\/\\\/www.kolibrifestivaali.org\\\/es\\\/artist\\\/arianna-squilloni\\\/#primaryimage\"},\"image\":{\"@id\":\"https:\\\/\\\/www.kolibrifestivaali.org\\\/es\\\/artist\\\/arianna-squilloni\\\/#primaryimage\"},\"thumbnailUrl\":\"https:\\\/\\\/www.kolibrifestivaali.org\\\/wp-content\\\/uploads\\\/2025\\\/08\\\/ariannasquillonipicture.jpeg\",\"datePublished\":\"2021-08-19T21:00:00+00:00\",\"dateModified\":\"2025-08-12T14:10:13+00:00\",\"breadcrumb\":{\"@id\":\"https:\\\/\\\/www.kolibrifestivaali.org\\\/es\\\/artist\\\/arianna-squilloni\\\/#breadcrumb\"},\"inLanguage\":\"es\",\"potentialAction\":[{\"@type\":\"ReadAction\",\"target\":[\"https:\\\/\\\/www.kolibrifestivaali.org\\\/es\\\/artist\\\/arianna-squilloni\\\/\"]}]},{\"@type\":\"ImageObject\",\"inLanguage\":\"es\",\"@id\":\"https:\\\/\\\/www.kolibrifestivaali.org\\\/es\\\/artist\\\/arianna-squilloni\\\/#primaryimage\",\"url\":\"https:\\\/\\\/www.kolibrifestivaali.org\\\/wp-content\\\/uploads\\\/2025\\\/08\\\/ariannasquillonipicture.jpeg\",\"contentUrl\":\"https:\\\/\\\/www.kolibrifestivaali.org\\\/wp-content\\\/uploads\\\/2025\\\/08\\\/ariannasquillonipicture.jpeg\",\"width\":1600,\"height\":1066},{\"@type\":\"BreadcrumbList\",\"@id\":\"https:\\\/\\\/www.kolibrifestivaali.org\\\/es\\\/artist\\\/arianna-squilloni\\\/#breadcrumb\",\"itemListElement\":[{\"@type\":\"ListItem\",\"position\":1,\"name\":\"Home\",\"item\":\"https:\\\/\\\/www.kolibrifestivaali.org\\\/es\\\/\"},{\"@type\":\"ListItem\",\"position\":2,\"name\":\"Arianna Squilloni\"}]},{\"@type\":\"WebSite\",\"@id\":\"https:\\\/\\\/www.kolibrifestivaali.org\\\/es\\\/#website\",\"url\":\"https:\\\/\\\/www.kolibrifestivaali.org\\\/es\\\/\",\"name\":\"Kolibri Festivaali\",\"description\":\"Kolibri\u0301 is a unique multicultural, free and open art festival for children and their families.\",\"inLanguage\":\"es\"}]}<\/script>\n<!-- \/ Yoast SEO plugin. -->","yoast_head_json":{"title":"Arianna Squilloni - Kolibri Festivaali","robots":{"index":"index","follow":"follow","max-snippet":"max-snippet:-1","max-image-preview":"max-image-preview:large","max-video-preview":"max-video-preview:-1"},"canonical":"https:\/\/www.kolibrifestivaali.org\/es\/artist\/arianna-squilloni\/","og_locale":"es_ES","og_type":"article","og_title":"Arianna Squilloni - Kolibri Festivaali","og_description":"Arianna Squilloni (IT) estudi\u00f3 teor\u00eda del pensamiento y filolog\u00eda latina y griega. Es escritora, profesora y editora. Vive en Barcelona [\u2026] Lue lis\u00e4\u00e4 &raquo;","og_url":"https:\/\/www.kolibrifestivaali.org\/es\/artist\/arianna-squilloni\/","og_site_name":"Kolibri Festivaali","article_modified_time":"2025-08-12T14:10:13+00:00","og_image":[{"width":1600,"height":1066,"url":"https:\/\/www.kolibrifestivaali.org\/wp-content\/uploads\/2025\/08\/ariannasquillonipicture.jpeg","type":"image\/jpeg"}],"twitter_card":"summary_large_image","twitter_misc":{"Tiempo de lectura":"1 minuto"},"schema":{"@context":"https:\/\/schema.org","@graph":[{"@type":"WebPage","@id":"https:\/\/www.kolibrifestivaali.org\/es\/artist\/arianna-squilloni\/","url":"https:\/\/www.kolibrifestivaali.org\/es\/artist\/arianna-squilloni\/","name":"Arianna Squilloni - Kolibri Festivaali","isPartOf":{"@id":"https:\/\/www.kolibrifestivaali.org\/es\/#website"},"primaryImageOfPage":{"@id":"https:\/\/www.kolibrifestivaali.org\/es\/artist\/arianna-squilloni\/#primaryimage"},"image":{"@id":"https:\/\/www.kolibrifestivaali.org\/es\/artist\/arianna-squilloni\/#primaryimage"},"thumbnailUrl":"https:\/\/www.kolibrifestivaali.org\/wp-content\/uploads\/2025\/08\/ariannasquillonipicture.jpeg","datePublished":"2021-08-19T21:00:00+00:00","dateModified":"2025-08-12T14:10:13+00:00","breadcrumb":{"@id":"https:\/\/www.kolibrifestivaali.org\/es\/artist\/arianna-squilloni\/#breadcrumb"},"inLanguage":"es","potentialAction":[{"@type":"ReadAction","target":["https:\/\/www.kolibrifestivaali.org\/es\/artist\/arianna-squilloni\/"]}]},{"@type":"ImageObject","inLanguage":"es","@id":"https:\/\/www.kolibrifestivaali.org\/es\/artist\/arianna-squilloni\/#primaryimage","url":"https:\/\/www.kolibrifestivaali.org\/wp-content\/uploads\/2025\/08\/ariannasquillonipicture.jpeg","contentUrl":"https:\/\/www.kolibrifestivaali.org\/wp-content\/uploads\/2025\/08\/ariannasquillonipicture.jpeg","width":1600,"height":1066},{"@type":"BreadcrumbList","@id":"https:\/\/www.kolibrifestivaali.org\/es\/artist\/arianna-squilloni\/#breadcrumb","itemListElement":[{"@type":"ListItem","position":1,"name":"Home","item":"https:\/\/www.kolibrifestivaali.org\/es\/"},{"@type":"ListItem","position":2,"name":"Arianna Squilloni"}]},{"@type":"WebSite","@id":"https:\/\/www.kolibrifestivaali.org\/es\/#website","url":"https:\/\/www.kolibrifestivaali.org\/es\/","name":"Kolibri Festivaali","description":"Kolibri\u0301 is a unique multicultural, free and open art festival for children and their families.","inLanguage":"es"}]}},"_links":{"self":[{"href":"https:\/\/www.kolibrifestivaali.org\/es\/wp-json\/wp\/v2\/artist\/327594","targetHints":{"allow":["GET"]}}],"collection":[{"href":"https:\/\/www.kolibrifestivaali.org\/es\/wp-json\/wp\/v2\/artist"}],"about":[{"href":"https:\/\/www.kolibrifestivaali.org\/es\/wp-json\/wp\/v2\/types\/artist"}],"wp:featuredmedia":[{"embeddable":true,"href":"https:\/\/www.kolibrifestivaali.org\/es\/wp-json\/wp\/v2\/media\/327548"}],"wp:attachment":[{"href":"https:\/\/www.kolibrifestivaali.org\/es\/wp-json\/wp\/v2\/media?parent=327594"}],"curies":[{"name":"wp","href":"https:\/\/api.w.org\/{rel}","templated":true}]}}

<p>Arianna Squilloni (IT) estudió teoría del pensamiento y filología latina y griega. Es escritora, profesora y editora. Vive en Barcelona desde 2002, donde ha trabajado en Thule Ediciones (2003-2007). En 2008 abrió su propia editorial A buen paso.  </p>
<p>Colabora con revistas especializadas y participa en jornadas y debates en España y otros países. En su faceta como escritora ha publicado libros ilustrados (&quot;El libro de los saludos&quot;, &quot;El constructor de muros&quot;, A buen paso; &quot;Bajo las piedras&quot;, Akiara), novelas (&quot;El verano de John Silver&quot;, Milrazones) y ensayos (&quot;En la oficina del editor&quot;, Pantalia). </p>
<p>Su editorial A buen paso es la primera editorial invitada a Kolibrí Festivaali, en su edición 2025 – 10º aniversario.</p>

<!-- This site is optimized with the Yoast SEO plugin v27.4 - https://yoast.com/product/yoast-seo-wordpress/ -->
<title>Arianna Squilloni - Kolibri Festivaali</title>
<meta name="robots" content="index, follow, max-snippet:-1, max-image-preview:large, max-video-preview:-1" />
<link rel="canonical" href="https://www.kolibrifestivaali.org/es/artist/arianna-squilloni/" />
<meta property="og:locale" content="es_ES" />
<meta property="og:type" content="article" />
<meta property="og:title" content="Arianna Squilloni - Kolibri Festivaali" />
<meta property="og:description" content="Arianna Squilloni (IT) estudió teoría del pensamiento y filología latina y griega. Es escritora, profesora y editora. Vive en Barcelona […] Lue lisää &raquo;" />
<meta property="og:url" content="https://www.kolibrifestivaali.org/es/artist/arianna-squilloni/" />
<meta property="og:site_name" content="Kolibri Festivaali" />
<meta property="article:modified_time" content="2025-08-12T14:10:13+00:00" />
<meta property="og:image" content="https://www.kolibrifestivaali.org/wp-content/uploads/2025/08/ariannasquillonipicture.jpeg" />
	<meta property="og:image:width" content="1600" />
	<meta property="og:image:height" content="1066" />
	<meta property="og:image:type" content="image/jpeg" />
<meta name="twitter:card" content="summary_large_image" />
<meta name="twitter:label1" content="Tiempo de lectura" />
	<meta name="twitter:data1" content="1 minuto" />
<script type="application/ld+json" class="yoast-schema-graph">{"@context":"https:\/\/schema.org","@graph":[{"@type":"WebPage","@id":"https:\/\/www.kolibrifestivaali.org\/es\/artist\/arianna-squilloni\/","url":"https:\/\/www.kolibrifestivaali.org\/es\/artist\/arianna-squilloni\/","name":"Arianna Squilloni - Kolibri Festivaali","isPartOf":{"@id":"https:\/\/www.kolibrifestivaali.org\/es\/#website"},"primaryImageOfPage":{"@id":"https:\/\/www.kolibrifestivaali.org\/es\/artist\/arianna-squilloni\/#primaryimage"},"image":{"@id":"https:\/\/www.kolibrifestivaali.org\/es\/artist\/arianna-squilloni\/#primaryimage"},"thumbnailUrl":"https:\/\/www.kolibrifestivaali.org\/wp-content\/uploads\/2025\/08\/ariannasquillonipicture.jpeg","datePublished":"2021-08-19T21:00:00+00:00","dateModified":"2025-08-12T14:10:13+00:00","breadcrumb":{"@id":"https:\/\/www.kolibrifestivaali.org\/es\/artist\/arianna-squilloni\/#breadcrumb"},"inLanguage":"es","potentialAction":[{"@type":"ReadAction","target":["https:\/\/www.kolibrifestivaali.org\/es\/artist\/arianna-squilloni\/"]}]},{"@type":"ImageObject","inLanguage":"es","@id":"https:\/\/www.kolibrifestivaali.org\/es\/artist\/arianna-squilloni\/#primaryimage","url":"https:\/\/www.kolibrifestivaali.org\/wp-content\/uploads\/2025\/08\/ariannasquillonipicture.jpeg","contentUrl":"https:\/\/www.kolibrifestivaali.org\/wp-content\/uploads\/2025\/08\/ariannasquillonipicture.jpeg","width":1600,"height":1066},{"@type":"BreadcrumbList","@id":"https:\/\/www.kolibrifestivaali.org\/es\/artist\/arianna-squilloni\/#breadcrumb","itemListElement":[{"@type":"ListItem","position":1,"name":"Home","item":"https:\/\/www.kolibrifestivaali.org\/es\/"},{"@type":"ListItem","position":2,"name":"Arianna Squilloni"}]},{"@type":"WebSite","@id":"https:\/\/www.kolibrifestivaali.org\/es\/#website","url":"https:\/\/www.kolibrifestivaali.org\/es\/","name":"Kolibri Festivaali","description":"Kolibrí is a unique multicultural, free and open art festival for children and their families.","inLanguage":"es"}]}</script>
<!-- / Yoast SEO plugin. -->

Arianna Squilloni (IT) estudió teoría del pensamiento y filología latina y griega. Es escritora, profesora y editora. Vive en Barcelona […] Lue lisää &raquo;
