{"id":327593,"date":"2021-08-20T00:00:00","date_gmt":"2021-08-19T21:00:00","guid":{"rendered":"https:\/\/www.kolibrifestivaali.org\/artist\/anar-ensemble\/"},"modified":"2025-08-12T17:10:12","modified_gmt":"2025-08-12T14:10:12","slug":"anar-ensemble","status":"publish","type":"artist","link":"https:\/\/www.kolibrifestivaali.org\/es\/artist\/anar-ensemble\/","title":{"rendered":"Anar Ensemble"},"content":{"rendered":"<p><a href=\"https:\/\/www.instagram.com\/anar_ensemble\/\" target=\"_blank\"  rel=\"noopener\">Anar Ensemble<\/a> es un colectivo creativo de educadoras iran\u00edes (Banafshe, Mahsa y Sara) que re\u00fanen su experiencia en educaci\u00f3n, artes visuales y m\u00fasica para crear experiencias comunitarias para infancias y familias. <\/p>\n<p>Formado despu\u00e9s de su inspiradora primera actuaci\u00f3n en Kulttuurikeskus Ninho en 2023, Anar Ensemble naci\u00f3 de una visi\u00f3n compartida: fomentar la creatividad y la conexi\u00f3n cultural en el alumnado m\u00e1s joven a trav\u00e9s de una exploraci\u00f3n alegre y pr\u00e1ctica. <\/p>\n<p>A trav\u00e9s de vibrantes im\u00e1genes, m\u00fasica r\u00edtmica, narraci\u00f3n de cuentos y juego interactivo, Anar Ensemble dise\u00f1a talleres y actuaciones que celebran la identidad, la integraci\u00f3n y el sentido de pertenencia. Su trabajo invita a las infancias y a sus padres y madres a explorar un viaje compartido, donde el aprendizaje se convierte en un espacio tanto para el descubrimiento como para estar en comunidad, y donde cada voz, cultura e historia es bienvenida y celebrada.<\/p>\n","protected":false},"featured_media":327542,"menu_order":0,"template":"","class_list":["post-327593","artist","type-artist","status-publish","has-post-thumbnail","hentry"],"acf":[],"yoast_head":"<!-- This site is optimized with the Yoast SEO plugin v27.4 - https:\/\/yoast.com\/product\/yoast-seo-wordpress\/ -->\n<title>Anar Ensemble - Kolibri Festivaali<\/title>\n<meta name=\"robots\" content=\"index, follow, max-snippet:-1, max-image-preview:large, max-video-preview:-1\" \/>\n<link rel=\"canonical\" href=\"https:\/\/www.kolibrifestivaali.org\/es\/artist\/anar-ensemble\/\" \/>\n<meta property=\"og:locale\" content=\"es_ES\" \/>\n<meta property=\"og:type\" content=\"article\" \/>\n<meta property=\"og:title\" content=\"Anar Ensemble - Kolibri Festivaali\" \/>\n<meta property=\"og:description\" content=\"Anar Ensemble es un colectivo creativo de educadoras iran\u00edes (Banafshe, Mahsa y Sara) que re\u00fanen su experiencia en educaci\u00f3n, artes [\u2026] Lue lis\u00e4\u00e4 &raquo;\" \/>\n<meta property=\"og:url\" content=\"https:\/\/www.kolibrifestivaali.org\/es\/artist\/anar-ensemble\/\" \/>\n<meta property=\"og:site_name\" content=\"Kolibri Festivaali\" \/>\n<meta property=\"article:modified_time\" content=\"2025-08-12T14:10:12+00:00\" \/>\n<meta property=\"og:image\" content=\"https:\/\/www.kolibrifestivaali.org\/wp-content\/uploads\/2025\/08\/anarensemble26min.jpg\" \/>\n\t<meta property=\"og:image:width\" content=\"1062\" \/>\n\t<meta property=\"og:image:height\" content=\"708\" \/>\n\t<meta property=\"og:image:type\" content=\"image\/jpeg\" \/>\n<meta name=\"twitter:card\" content=\"summary_large_image\" \/>\n<meta name=\"twitter:label1\" content=\"Tiempo de lectura\" \/>\n\t<meta name=\"twitter:data1\" content=\"1 minuto\" \/>\n<script type=\"application\/ld+json\" class=\"yoast-schema-graph\">{\"@context\":\"https:\\\/\\\/schema.org\",\"@graph\":[{\"@type\":\"WebPage\",\"@id\":\"https:\\\/\\\/www.kolibrifestivaali.org\\\/es\\\/artist\\\/anar-ensemble\\\/\",\"url\":\"https:\\\/\\\/www.kolibrifestivaali.org\\\/es\\\/artist\\\/anar-ensemble\\\/\",\"name\":\"Anar Ensemble - Kolibri Festivaali\",\"isPartOf\":{\"@id\":\"https:\\\/\\\/www.kolibrifestivaali.org\\\/es\\\/#website\"},\"primaryImageOfPage\":{\"@id\":\"https:\\\/\\\/www.kolibrifestivaali.org\\\/es\\\/artist\\\/anar-ensemble\\\/#primaryimage\"},\"image\":{\"@id\":\"https:\\\/\\\/www.kolibrifestivaali.org\\\/es\\\/artist\\\/anar-ensemble\\\/#primaryimage\"},\"thumbnailUrl\":\"https:\\\/\\\/www.kolibrifestivaali.org\\\/wp-content\\\/uploads\\\/2025\\\/08\\\/anarensemble26min.jpg\",\"datePublished\":\"2021-08-19T21:00:00+00:00\",\"dateModified\":\"2025-08-12T14:10:12+00:00\",\"breadcrumb\":{\"@id\":\"https:\\\/\\\/www.kolibrifestivaali.org\\\/es\\\/artist\\\/anar-ensemble\\\/#breadcrumb\"},\"inLanguage\":\"es\",\"potentialAction\":[{\"@type\":\"ReadAction\",\"target\":[\"https:\\\/\\\/www.kolibrifestivaali.org\\\/es\\\/artist\\\/anar-ensemble\\\/\"]}]},{\"@type\":\"ImageObject\",\"inLanguage\":\"es\",\"@id\":\"https:\\\/\\\/www.kolibrifestivaali.org\\\/es\\\/artist\\\/anar-ensemble\\\/#primaryimage\",\"url\":\"https:\\\/\\\/www.kolibrifestivaali.org\\\/wp-content\\\/uploads\\\/2025\\\/08\\\/anarensemble26min.jpg\",\"contentUrl\":\"https:\\\/\\\/www.kolibrifestivaali.org\\\/wp-content\\\/uploads\\\/2025\\\/08\\\/anarensemble26min.jpg\",\"width\":1062,\"height\":708},{\"@type\":\"BreadcrumbList\",\"@id\":\"https:\\\/\\\/www.kolibrifestivaali.org\\\/es\\\/artist\\\/anar-ensemble\\\/#breadcrumb\",\"itemListElement\":[{\"@type\":\"ListItem\",\"position\":1,\"name\":\"Home\",\"item\":\"https:\\\/\\\/www.kolibrifestivaali.org\\\/es\\\/\"},{\"@type\":\"ListItem\",\"position\":2,\"name\":\"Anar Ensemble\"}]},{\"@type\":\"WebSite\",\"@id\":\"https:\\\/\\\/www.kolibrifestivaali.org\\\/es\\\/#website\",\"url\":\"https:\\\/\\\/www.kolibrifestivaali.org\\\/es\\\/\",\"name\":\"Kolibri Festivaali\",\"description\":\"Kolibri\u0301 is a unique multicultural, free and open art festival for children and their families.\",\"inLanguage\":\"es\"}]}<\/script>\n<!-- \/ Yoast SEO plugin. -->","yoast_head_json":{"title":"Anar Ensemble - Kolibri Festivaali","robots":{"index":"index","follow":"follow","max-snippet":"max-snippet:-1","max-image-preview":"max-image-preview:large","max-video-preview":"max-video-preview:-1"},"canonical":"https:\/\/www.kolibrifestivaali.org\/es\/artist\/anar-ensemble\/","og_locale":"es_ES","og_type":"article","og_title":"Anar Ensemble - Kolibri Festivaali","og_description":"Anar Ensemble es un colectivo creativo de educadoras iran\u00edes (Banafshe, Mahsa y Sara) que re\u00fanen su experiencia en educaci\u00f3n, artes [\u2026] Lue lis\u00e4\u00e4 &raquo;","og_url":"https:\/\/www.kolibrifestivaali.org\/es\/artist\/anar-ensemble\/","og_site_name":"Kolibri Festivaali","article_modified_time":"2025-08-12T14:10:12+00:00","og_image":[{"width":1062,"height":708,"url":"https:\/\/www.kolibrifestivaali.org\/wp-content\/uploads\/2025\/08\/anarensemble26min.jpg","type":"image\/jpeg"}],"twitter_card":"summary_large_image","twitter_misc":{"Tiempo de lectura":"1 minuto"},"schema":{"@context":"https:\/\/schema.org","@graph":[{"@type":"WebPage","@id":"https:\/\/www.kolibrifestivaali.org\/es\/artist\/anar-ensemble\/","url":"https:\/\/www.kolibrifestivaali.org\/es\/artist\/anar-ensemble\/","name":"Anar Ensemble - Kolibri Festivaali","isPartOf":{"@id":"https:\/\/www.kolibrifestivaali.org\/es\/#website"},"primaryImageOfPage":{"@id":"https:\/\/www.kolibrifestivaali.org\/es\/artist\/anar-ensemble\/#primaryimage"},"image":{"@id":"https:\/\/www.kolibrifestivaali.org\/es\/artist\/anar-ensemble\/#primaryimage"},"thumbnailUrl":"https:\/\/www.kolibrifestivaali.org\/wp-content\/uploads\/2025\/08\/anarensemble26min.jpg","datePublished":"2021-08-19T21:00:00+00:00","dateModified":"2025-08-12T14:10:12+00:00","breadcrumb":{"@id":"https:\/\/www.kolibrifestivaali.org\/es\/artist\/anar-ensemble\/#breadcrumb"},"inLanguage":"es","potentialAction":[{"@type":"ReadAction","target":["https:\/\/www.kolibrifestivaali.org\/es\/artist\/anar-ensemble\/"]}]},{"@type":"ImageObject","inLanguage":"es","@id":"https:\/\/www.kolibrifestivaali.org\/es\/artist\/anar-ensemble\/#primaryimage","url":"https:\/\/www.kolibrifestivaali.org\/wp-content\/uploads\/2025\/08\/anarensemble26min.jpg","contentUrl":"https:\/\/www.kolibrifestivaali.org\/wp-content\/uploads\/2025\/08\/anarensemble26min.jpg","width":1062,"height":708},{"@type":"BreadcrumbList","@id":"https:\/\/www.kolibrifestivaali.org\/es\/artist\/anar-ensemble\/#breadcrumb","itemListElement":[{"@type":"ListItem","position":1,"name":"Home","item":"https:\/\/www.kolibrifestivaali.org\/es\/"},{"@type":"ListItem","position":2,"name":"Anar Ensemble"}]},{"@type":"WebSite","@id":"https:\/\/www.kolibrifestivaali.org\/es\/#website","url":"https:\/\/www.kolibrifestivaali.org\/es\/","name":"Kolibri Festivaali","description":"Kolibri\u0301 is a unique multicultural, free and open art festival for children and their families.","inLanguage":"es"}]}},"_links":{"self":[{"href":"https:\/\/www.kolibrifestivaali.org\/es\/wp-json\/wp\/v2\/artist\/327593","targetHints":{"allow":["GET"]}}],"collection":[{"href":"https:\/\/www.kolibrifestivaali.org\/es\/wp-json\/wp\/v2\/artist"}],"about":[{"href":"https:\/\/www.kolibrifestivaali.org\/es\/wp-json\/wp\/v2\/types\/artist"}],"wp:featuredmedia":[{"embeddable":true,"href":"https:\/\/www.kolibrifestivaali.org\/es\/wp-json\/wp\/v2\/media\/327542"}],"wp:attachment":[{"href":"https:\/\/www.kolibrifestivaali.org\/es\/wp-json\/wp\/v2\/media?parent=327593"}],"curies":[{"name":"wp","href":"https:\/\/api.w.org\/{rel}","templated":true}]}}

<p><a href="https://www.instagram.com/anar_ensemble/" target="_blank"  rel="noopener">Anar Ensemble</a> es un colectivo creativo de educadoras iraníes (Banafshe, Mahsa y Sara) que reúnen su experiencia en educación, artes visuales y música para crear experiencias comunitarias para infancias y familias. </p>
<p>Formado después de su inspiradora primera actuación en Kulttuurikeskus Ninho en 2023, Anar Ensemble nació de una visión compartida: fomentar la creatividad y la conexión cultural en el alumnado más joven a través de una exploración alegre y práctica. </p>
<p>A través de vibrantes imágenes, música rítmica, narración de cuentos y juego interactivo, Anar Ensemble diseña talleres y actuaciones que celebran la identidad, la integración y el sentido de pertenencia. Su trabajo invita a las infancias y a sus padres y madres a explorar un viaje compartido, donde el aprendizaje se convierte en un espacio tanto para el descubrimiento como para estar en comunidad, y donde cada voz, cultura e historia es bienvenida y celebrada.</p>

<!-- This site is optimized with the Yoast SEO plugin v27.4 - https://yoast.com/product/yoast-seo-wordpress/ -->
<title>Anar Ensemble - Kolibri Festivaali</title>
<meta name="robots" content="index, follow, max-snippet:-1, max-image-preview:large, max-video-preview:-1" />
<link rel="canonical" href="https://www.kolibrifestivaali.org/es/artist/anar-ensemble/" />
<meta property="og:locale" content="es_ES" />
<meta property="og:type" content="article" />
<meta property="og:title" content="Anar Ensemble - Kolibri Festivaali" />
<meta property="og:description" content="Anar Ensemble es un colectivo creativo de educadoras iraníes (Banafshe, Mahsa y Sara) que reúnen su experiencia en educación, artes […] Lue lisää &raquo;" />
<meta property="og:url" content="https://www.kolibrifestivaali.org/es/artist/anar-ensemble/" />
<meta property="og:site_name" content="Kolibri Festivaali" />
<meta property="article:modified_time" content="2025-08-12T14:10:12+00:00" />
<meta property="og:image" content="https://www.kolibrifestivaali.org/wp-content/uploads/2025/08/anarensemble26min.jpg" />
	<meta property="og:image:width" content="1062" />
	<meta property="og:image:height" content="708" />
	<meta property="og:image:type" content="image/jpeg" />
<meta name="twitter:card" content="summary_large_image" />
<meta name="twitter:label1" content="Tiempo de lectura" />
	<meta name="twitter:data1" content="1 minuto" />
<script type="application/ld+json" class="yoast-schema-graph">{"@context":"https:\/\/schema.org","@graph":[{"@type":"WebPage","@id":"https:\/\/www.kolibrifestivaali.org\/es\/artist\/anar-ensemble\/","url":"https:\/\/www.kolibrifestivaali.org\/es\/artist\/anar-ensemble\/","name":"Anar Ensemble - Kolibri Festivaali","isPartOf":{"@id":"https:\/\/www.kolibrifestivaali.org\/es\/#website"},"primaryImageOfPage":{"@id":"https:\/\/www.kolibrifestivaali.org\/es\/artist\/anar-ensemble\/#primaryimage"},"image":{"@id":"https:\/\/www.kolibrifestivaali.org\/es\/artist\/anar-ensemble\/#primaryimage"},"thumbnailUrl":"https:\/\/www.kolibrifestivaali.org\/wp-content\/uploads\/2025\/08\/anarensemble26min.jpg","datePublished":"2021-08-19T21:00:00+00:00","dateModified":"2025-08-12T14:10:12+00:00","breadcrumb":{"@id":"https:\/\/www.kolibrifestivaali.org\/es\/artist\/anar-ensemble\/#breadcrumb"},"inLanguage":"es","potentialAction":[{"@type":"ReadAction","target":["https:\/\/www.kolibrifestivaali.org\/es\/artist\/anar-ensemble\/"]}]},{"@type":"ImageObject","inLanguage":"es","@id":"https:\/\/www.kolibrifestivaali.org\/es\/artist\/anar-ensemble\/#primaryimage","url":"https:\/\/www.kolibrifestivaali.org\/wp-content\/uploads\/2025\/08\/anarensemble26min.jpg","contentUrl":"https:\/\/www.kolibrifestivaali.org\/wp-content\/uploads\/2025\/08\/anarensemble26min.jpg","width":1062,"height":708},{"@type":"BreadcrumbList","@id":"https:\/\/www.kolibrifestivaali.org\/es\/artist\/anar-ensemble\/#breadcrumb","itemListElement":[{"@type":"ListItem","position":1,"name":"Home","item":"https:\/\/www.kolibrifestivaali.org\/es\/"},{"@type":"ListItem","position":2,"name":"Anar Ensemble"}]},{"@type":"WebSite","@id":"https:\/\/www.kolibrifestivaali.org\/es\/#website","url":"https:\/\/www.kolibrifestivaali.org\/es\/","name":"Kolibri Festivaali","description":"Kolibrí is a unique multicultural, free and open art festival for children and their families.","inLanguage":"es"}]}</script>
<!-- / Yoast SEO plugin. -->

Anar Ensemble es un colectivo creativo de educadoras iraníes (Banafshe, Mahsa y Sara) que reúnen su experiencia en educación, artes […] Lue lisää &raquo;
